000
CXUS52 KILM 241000
CF6CRE
PRELIMINARY LOCAL CLIMATOLOGICAL DATA (WS FORM: F-6)

                                          STATION:   N.MYRTLE BEACH SOUTH CAROLINA
                                          MONTH:     FEBRUARY
                                          YEAR:      2017
                                          LATITUDE:   33 49 N
                                          LONGITUDE:  78 43 W

  TEMPERATURE IN F:       :PCPN:    SNOW:  WIND      :SUNSHINE: SKY     :PK WND
================================================================================
1   2   3   4   5  6A  6B    7    8   9   10  11  12  13   14  15   16   17  18
                                     12Z  AVG MX 2MIN
DY MAX MIN AVG DEP HDD CDD  WTR  SNW DPTH SPD SPD DIR MIN PSBL S-S WX    SPD DR
================================================================================

 1  65  48  57  11   8   0 0.00    M    M 11.0 20 210   M    M   0        23 210
 2  73  50  62  16   3   0 0.00    M    M  9.0 17 220   M    M   2 8      22 220
 3  57  43  50   4  15   0 0.06    M    M  6.9 15  20   M    M  10 1      22  30
 4  47  31  39  -7  26   0 0.00    M    M  8.5 22  30   M    M   2        26  50
 5  60  39  50   4  15   0    T    M    M  5.1 15 250   M    M   5        19 250
 6  60  35  48   1  17   0 0.00    M    M  2.5  9 190   M    M   0 12     12 180
 7  67  43  55   8  10   0 0.00    M    M  7.1 20 200   M    M   3 12     26 210
 8  71  57  64  17   1   0 0.59    M    M  7.0 16 280   M    M   5 123    21 280
 9  66  40  53   6  12   0 0.17    M    M 11.2 23 330   M    M   3 13     37 330
10  51  32  42  -5  23   0 0.00    M    M  9.0 18 210   M    M   0        23 210
11  72  48  60  13   5   0 0.00    M    M 13.3 22 210   M    M   1        28 270
12  70  57  64  17   1   0 0.00    M    M  9.7 23 210   M    M   5        28 210
13  69  37  53   5  12   0 0.00    M    M  6.8 21 350   M    M   0        32 320
14  61  33  47  -1  18   0 0.00    M    M  4.4 14 220   M    M   0        17 220
15  60  43  52   4  13   0 0.49    M    M  9.3 30 220   M    M   4 1      40 290
16  60  36  48   0  17   0 0.00    M    M  5.3 16 270   M    M   0        23 290
17  59  36  48   0  17   0 0.00    M    M  5.8 21 210   M    M   0        25 210
18  66  41  54   6  11   0    T    M    M  6.3 18 210   M    M   1        24 210
19  73  47  60  11   5   0 0.00    M    M  3.8 13 330   M    M   0 1      20 340
20  69  46  58   9   7   0 0.00    M    M  6.3 15  40   M    M   0 1      18 100
21  69  48  59  10   6   0 0.00    M    M  7.5 15  90   M    M   1        20 100
22  71  58  65  16   0   0 0.00    M    M  7.2 13 130   M    M   1        17 120
23  74  55  65  16   0   0 0.00    M    M  7.7 20 100   M    M   3        28  90
================================================================================
SM 1490 1003       242   0  1.31    M    170.7          M       46
================================================================================
AV 64.8 43.6                               7.4 FASTST   M    M   2    MAX(MPH)
                                 MISC ---->  # 30 220               # 40  290
================================================================================
NOTES:
# LAST OF SEVERAL OCCURRENCES

COLUMN 17 PEAK WIND IN M.P.H.

PRELIMINARY LOCAL CLIMATOLOGICAL DATA (WS FORM: F-6) , PAGE 2

                                          STATION:  N.MYRTLE BEACH SOUTH CAROLINA
                                          MONTH:    FEBRUARY
                                          YEAR:     2017
                                          LATITUDE:   33 49 N
                                          LONGITUDE:  78 43 W

[TEMPERATURE DATA]      [PRECIPITATION DATA]       SYMBOLS USED IN COLUMN 16

AVERAGE MONTHLY: 54.2   TOTAL FOR MONTH:   1.31    1 = FOG OR MIST
DPTR FM NORMAL:   6.7   DPTR FM NORMAL:   -1.50    2 = FOG REDUCING VISIBILITY
HIGHEST:    74 ON 23    GRTST 24HR  0.59 ON  8- 8      TO 1/4 MILE OR LESS
LOWEST:     31 ON  4                               3 = THUNDER
                        SNOW, ICE PELLETS, HAIL    4 = ICE PELLETS
                        TOTAL MONTH:    M          5 = HAIL
                        GRTST 24HR    M  ON   M    6 = FREEZING RAIN OR DRIZZLE
                        GRTST DEPTH:  M  ON   M    7 = DUSTSTORM OR SANDSTORM:
                                                       VSBY 1/2 MILE OR LESS
                                                   8 = SMOKE OR HAZE
[NO. OF DAYS WITH]      [WEATHER - DAYS WITH]      9 = BLOWING SNOW
                                                   X = TORNADO
MAX 32 OR BELOW:   0    0.01 INCH OR MORE:   4
MAX 90 OR ABOVE:   0    0.10 INCH OR MORE:   3
MIN 32 OR BELOW:   2    0.50 INCH OR MORE:   1
MIN  0 OR BELOW:   0    1.00 INCH OR MORE:   0

[HDD (BASE 65) ]
TOTAL THIS MO.   242    CLEAR  (SCALE 0-3)  17
DPTR FM NORMAL  -161    PTCLDY (SCALE 4-7)   5
TOTAL FM JUL 1  1371    CLOUDY (SCALE 8-10)  1
DPTR FM NORMAL  -500

[CDD (BASE 65) ]
TOTAL THIS MO.     0
DPTR FM NORMAL     0    [PRESSURE DATA]
TOTAL FM JAN 1     0    HIGHEST SLP  0.00 ON 22
DPTR FM NORMAL     0    LOWEST  SLP 29.47 ON 15

[REMARKS]
