000
CXUS52 KILM 011000
CF6CRE
PRELIMINARY LOCAL CLIMATOLOGICAL DATA (WS FORM: F-6)

                                          STATION:   NORTH MYRTLE BEACH SC
                                          MONTH:     JUNE
                                          YEAR:      2015
                                          LATITUDE:   33 49 N
                                          LONGITUDE:  78 43 W

  TEMPERATURE IN F:       :PCPN:    SNOW:  WIND      :SUNSHINE: SKY     :PK WND
================================================================================
1   2   3   4   5  6A  6B    7    8   9   10  11  12  13   14  15   16   17  18
                                     12Z  AVG MX 2MIN
DY MAX MIN AVG DEP HDD CDD  WTR  SNW DPTH SPD SPD DIR MIN PSBL S-S WX    SPD DR
================================================================================

 1  84  68  76   2   0  11 0.00    M    M  9.1 16 200   M    M   2 1      21 190
 2  81  70  76   2   0  11 0.10    M    M  5.4 13 270   M    M   3 138    21 290
 3  77  67  72  -2   0   7 1.20    M    M  5.1 21 210   M    M   6 138    30 210
 4  81  67  74   0   0   9    T    M    M  5.4 12  40   M    M   7 1      14  50
 5  81  66  74  -1   0   9 0.00    M    M  4.8 12  20   M    M   7 1      16 330
 6  83  68  76   1   0  11 0.01    M    M  5.9 20 100   M    M   2 13     26  90
 7  82  67  75   0   0  10 0.00    M    M  8.4 16 100   M    M   1        20 100
 8  83  66  75   0   0  10 0.00    M    M 10.9 20 210   M    M   1        25 210
 9  85  70  78   2   0  13 0.37    M    M 12.7 24 220   M    M   4 13     29 220
10  83  70  77   1   0  12    T    M    M  9.2 18 190   M    M   3 3      24 190
11  85  71  78   2   0  13 0.00    M    M  9.0 18 200   M    M   2 1      22 200
12  92  74  83   7   0  18    T    M    M 10.8 25 210   M    M   2        32 210
13  94  75  85   9   0  20 0.00    M    M  6.9 15 250   M    M   1 3      22 230
14  97  77  87  10   0  22 0.00    M    M  7.2 16 220   M    M   1        20 210
15  96  77  87  10   0  22 0.00    M    M  7.4 16 210   M    M   0        21 220
16  96  78  87  10   0  22 0.00    M    M  9.4 17 220   0    0   0         M  M
17  93  79  86   9   0  21 0.00    M    M  6.4 12 160   M    M   1 3      17 240
18  92  74  83   5   0  18 0.04    M    M 10.0 25 210   M    M   2 3      33 280
19  89  76  83   5   0  18 0.00    M    M  9.1 21 210   M    M   3 3      24 190
20  90  77  84   6   0  19    T    M    M 13.7 23 210   M    M   2 3      29 210
21  94  82  88  10   0  23 0.00    M    M 11.9 22 220   M    M   1        29 220
22  92  78  85   7   0  20 0.00    M    M  8.0 17 210   M    M   0 3      22 220
23  89  77  83   4   0  18 0.00    M    M 14.3 25 210   M    M   1        31 200
24  90  74  82   3   0  17 1.17    M    M 12.6 25  40   M    M   1 138    32  40
25  86  73  80   1   0  15 0.06    M    M  8.5 18 210   M    M   1 13     22 200
26  88  78  83   4   0  18 0.06    M    M 13.8 23 220   M    M   2 13     29 210
27  86  78  82   3   0  17 0.10    M    M 15.2 32 210   M    M   1 138    38 210
28  89  76  83   4   0  18 0.05    M    M  9.2 23 220   M    M   4 3      28 230
29  86  75  81   1   0  16 0.00    M    M  8.4 18 220   M    M   4        22 220
30  89  74  82   2   0  17    T    M    M 10.6 29 210   M    M   0        35 210
================================================================================
SM 2633 2202         0 475  3.16    M    279.3            0     65
================================================================================
AV 87.8 73.4                               9.3 FASTST    0   0   2    MAX(MPH)
                                 MISC ---->  # 32 210               # 38  210
================================================================================
NOTES:
# LAST OF SEVERAL OCCURRENCES

COLUMN 17 PEAK WIND IN M.P.H.

PRELIMINARY LOCAL CLIMATOLOGICAL DATA (WS FORM: F-6) , PAGE 2

                                          STATION:  NORTH MYRTLE BEACH SC
                                          MONTH:    JUNE
                                          YEAR:     2015
                                          LATITUDE:   33 49 N
                                          LONGITUDE:  78 43 W

[TEMPERATURE DATA]      [PRECIPITATION DATA]       SYMBOLS USED IN COLUMN 16

AVERAGE MONTHLY: 80.6   TOTAL FOR MONTH:   3.16    1 = FOG OR MIST
DPTR FM NORMAL:   3.7   DPTR FM NORMAL:   -1.48    2 = FOG REDUCING VISIBILITY
HIGHEST:    97 ON 14    GRTST 24HR  1.28 ON  2- 3      TO 1/4 MILE OR LESS
LOWEST:     66 ON  8, 5                            3 = THUNDER
                        SNOW, ICE PELLETS, HAIL    4 = ICE PELLETS
                        TOTAL MONTH:    M          5 = HAIL
                        GRTST 24HR    M  ON   M    6 = FREEZING RAIN OR DRIZZLE
                        GRTST DEPTH:  M  ON   M    7 = DUSTSTORM OR SANDSTORM:
                                                       VSBY 1/2 MILE OR LESS
                                                   8 = SMOKE OR HAZE
[NO. OF DAYS WITH]      [WEATHER - DAYS WITH]      9 = BLOWING SNOW
                                                   X = TORNADO
MAX 32 OR BELOW:   0    0.01 INCH OR MORE:  10
MAX 90 OR ABOVE:  11    0.10 INCH OR MORE:   5
MIN 32 OR BELOW:   0    0.50 INCH OR MORE:   2
MIN  0 OR BELOW:   0    1.00 INCH OR MORE:   2

[HDD (BASE 65) ]
TOTAL THIS MO.     0    CLEAR  (SCALE 0-3)  23
DPTR FM NORMAL     0    PTCLDY (SCALE 4-7)   7
TOTAL FM JUL 1  2418    CLOUDY (SCALE 8-10)  0
DPTR FM NORMAL   -29

[CDD (BASE 65) ]
TOTAL THIS MO.   475
DPTR FM NORMAL   118    [PRESSURE DATA]
TOTAL FM JAN 1   734    HIGHEST SLP 30.16 ON 24
DPTR FM NORMAL   165    LOWEST  SLP 29.79 ON 27

[REMARKS]
#FINAL-06-15#
