000
CXUS52 KILM 211000
CF6CRE
PRELIMINARY LOCAL CLIMATOLOGICAL DATA (WS FORM: F-6)

                                          STATION:   N.MYRTLE BEACH SOUTH CAROLINA
                                          MONTH:     JULY
                                          YEAR:      2017
                                          LATITUDE:   33 49 N
                                          LONGITUDE:  78 43 W

  TEMPERATURE IN F:       :PCPN:    SNOW:  WIND      :SUNSHINE: SKY     :PK WND
================================================================================
1   2   3   4   5  6A  6B    7    8   9   10  11  12  13   14  15   16   17  18
                                     12Z  AVG MX 2MIN
DY MAX MIN AVG DEP HDD CDD  WTR  SNW DPTH SPD SPD DIR MIN PSBL S-S WX    SPD DR
================================================================================

 1  88  73  81   1   0  16 0.01    M    M 12.4 22 200   M    M   5 3      29 200
 2  91  74  83   3   0  18 0.00    M    M 10.2 20 220   M    M   1        25 220
 3  88  76  82   2   0  17    T    M    M  9.1 18 210   M    M   3        22 220
 4  91  75  83   3   0  18 0.20    M    M  6.6 23 220   M    M   2 13     27 220
 5  96  75  86   6   0  21 0.10    M    M  6.3 20 240   M    M   2 13     24 240
 6  93  74  84   4   0  19 0.00    M    M 10.6 22 210   M    M   1 1      27 210
 7  97  79  88   8   0  23    T    M    M 11.4 25 210   M    M   1        31 210
 8  91  73  82   2   0  17 0.13    M    M 12.8 26 210   M    M   1 13     33 220
 9  86  72  79  -1   0  14 0.07    M    M  5.5 14 190   M    M   3 13     18 270
10  84  73  79  -2   0  14 0.16    M    M  6.2 21 210   M    M   2 13     27 220
11  88  76  82   1   0  17    T    M    M 10.6 21 200   M    M   0 3      25 210
12  87  77  82   1   0  17 0.00    M    M  8.8 17 190   M    M   1        23 180
13  88  74  81   0   0  16 0.00    M    M  9.1 16 200   M    M   0 1      20 190
14  90  77  84   3   0  19 0.00    M    M 11.7 22 210   M    M   0        29 220
15  92  74  83   2   0  18 0.51    M    M 10.9 25 220   M    M   2 13     32 220
16  84  73  79  -2   0  14 0.12    M    M  4.2 29 220   M    M   2 13     40 230
17  79  72  76  -5   0  11 0.57    M    M  4.1 12 180   M    M   7 1      14 220
18  83  75  79  -2   0  14 0.03    M    M  6.2 15 180   M    M   3        17 180
19  87  71  79  -2   0  14    T    M    M  6.3 16 190   M    M   2        19 190
20  87  71  79  -1   0  14    T    M    M  8.1 17 210   M    M   1        22 200
================================================================================
SM 1770 1484         0 331  1.90    M    171.1          M       39
================================================================================
AV 88.5 74.2                               8.6 FASTST   M    M   2    MAX(MPH)
                                 MISC ---->  # 29 220               # 40  230
================================================================================
NOTES:
# LAST OF SEVERAL OCCURRENCES

COLUMN 17 PEAK WIND IN M.P.H.

PRELIMINARY LOCAL CLIMATOLOGICAL DATA (WS FORM: F-6) , PAGE 2

                                          STATION:  N.MYRTLE BEACH SOUTH CAROLINA
                                          MONTH:    JULY
                                          YEAR:     2017
                                          LATITUDE:   33 49 N
                                          LONGITUDE:  78 43 W

[TEMPERATURE DATA]      [PRECIPITATION DATA]       SYMBOLS USED IN COLUMN 16

AVERAGE MONTHLY: 81.4   TOTAL FOR MONTH:   1.90    1 = FOG OR MIST
DPTR FM NORMAL:   0.8   DPTR FM NORMAL:   -1.89    2 = FOG REDUCING VISIBILITY
HIGHEST:    97 ON  7    GRTST 24HR  0.57 ON 17-17      TO 1/4 MILE OR LESS
LOWEST:     71 ON 20,19                            3 = THUNDER
                        SNOW, ICE PELLETS, HAIL    4 = ICE PELLETS
                        TOTAL MONTH:    M          5 = HAIL
                        GRTST 24HR    M  ON   M    6 = FREEZING RAIN OR DRIZZLE
                        GRTST DEPTH:  M  ON   M    7 = DUSTSTORM OR SANDSTORM:
                                                       VSBY 1/2 MILE OR LESS
                                                   8 = SMOKE OR HAZE
[NO. OF DAYS WITH]      [WEATHER - DAYS WITH]      9 = BLOWING SNOW
                                                   X = TORNADO
MAX 32 OR BELOW:   0    0.01 INCH OR MORE:  10
MAX 90 OR ABOVE:   8    0.10 INCH OR MORE:   7
MIN 32 OR BELOW:   0    0.50 INCH OR MORE:   2
MIN  0 OR BELOW:   0    1.00 INCH OR MORE:   0

[HDD (BASE 65) ]
TOTAL THIS MO.     0    CLEAR  (SCALE 0-3)  17
DPTR FM NORMAL     0    PTCLDY (SCALE 4-7)   3
TOTAL FM JUL 1     0    CLOUDY (SCALE 8-10)  0
DPTR FM NORMAL     0

[CDD (BASE 65) ]
TOTAL THIS MO.   331
DPTR FM NORMAL    19    [PRESSURE DATA]
TOTAL FM JAN 1  1050    HIGHEST SLP M ON M
DPTR FM NORMAL   169    LOWEST  SLP 29.89 ON  7

[REMARKS]
