000
CXUS52 KJAX 230800
CF6CRG
PRELIMINARY LOCAL CLIMATOLOGICAL DATA (WS FORM: F-6)

                                          STATION:   CRAIG MUNI ARPT FL
                                          MONTH:     SEPTEMBER
                                          YEAR:      2017
                                          LATITUDE:   30 19 N
                                          LONGITUDE:  81 31 W

  TEMPERATURE IN F:       :PCPN:    SNOW:  WIND      :SUNSHINE: SKY     :PK WND
================================================================================
1   2   3   4   5  6A  6B    7    8   9   10  11  12  13   14  15   16   17  18
                                     12Z  AVG MX 2MIN
DY MAX MIN AVG DEP HDD CDD  WTR  SNW DPTH SPD SPD DIR MIN PSBL S-S WX    SPD DR
================================================================================

 1  93  73  83   3   0  18 0.25  0.0    0  6.6 28 270   M    M   1 138    40 240
 2  85  72  79  -1   0  14 0.03  0.0    0  3.5 12 150   M    M   2        14 150
 3  87  72  80   0   0  15 0.00  0.0    0  3.4 10 110   M    M   1        13  90
 4  88  72  80   0   0  15 0.00  0.0    0  3.7 15 150   M    M   1        18 100
 5  89  74  82   2   0  17 0.01  0.0    0  4.2 17 150   M    M   3 3      23 110
 6  84  74  79  -1   0  14 0.04  0.0    0  4.6 12 250   M    M   0 1      15 220
 7  83  69  76  -4   0  11 0.00  0.0    0  8.3 15  20   M    M   4        20  30
 8  84  74  79  -1   0  14    T  0.0    0 11.5 22  40   M    M   7        31  40
 9  83  75  79  -1   0  14 0.15  0.0    0 17.3 26  50   M    M   9 1      37  50
10  77  72  75  -5   0  10 4.31  0.0    0 23.0 43  70   M    M   9 1      60  70
11  80  73  77  -2   0  12 4.03  0.0    0 26.3 38 140   M    M   9 1      70 140
12  86  69  78  -1   0  13 0.00  0.0    0  7.9 18 240   M    M   1        23 250
13  88  75  82   3   0  17 0.00  0.0    0  2.9 14  90   M    M   0        20  60
14  87  78  83   4   0  18 0.00  0.0    0  3.6 12  90   M    M   2        16  90
15  86  77  82   3   0  17    T  0.0    0  5.2 14 100   M    M   3        18  90
16  85  74  80   1   0  15    T  0.0    0  4.6 13  60   M    M   0        17  60
17  86  72  79   1   0  14 0.00  0.0    0  6.3 20  60   M    M   1 1      25  60
18  86  70  78   0   0  13 0.00  0.0    0  6.5 20  30   M    M   1 1      26  40
19  86  73  80   2   0  15 0.00  0.0    0  3.3 10 140   M    M   0        14 110
20  90  70  80   2   0  15 0.00  0.0    0  3.7 13 150   M    M   1        16 150
21  86  73  80   2   0  15 0.00  0.0    0  2.6 13  80   M    M   2 1      16  70
22  85  70  78   0   0  13 0.00  0.0    0  7.0 18  60   M    M   3        23  80
================================================================================
SM 1884 1601         0 319  8.82     0.0 166.0          M       60
================================================================================
AV 85.6 72.8                               7.5 FASTST   M    M   3    MAX(MPH)
                                 MISC ---->  # 43  70               # 70  140
================================================================================
NOTES:
# LAST OF SEVERAL OCCURRENCES

COLUMN 17 PEAK WIND IN M.P.H.

PRELIMINARY LOCAL CLIMATOLOGICAL DATA (WS FORM: F-6) , PAGE 2

                                          STATION:  CRAIG MUNI ARPT FL
                                          MONTH:    SEPTEMBER
                                          YEAR:     2017
                                          LATITUDE:   30 19 N
                                          LONGITUDE:  81 31 W

[TEMPERATURE DATA]      [PRECIPITATION DATA]       SYMBOLS USED IN COLUMN 16

AVERAGE MONTHLY: 79.2   TOTAL FOR MONTH:   8.82    1 = FOG OR MIST
DPTR FM NORMAL:   0.0   DPTR FM NORMAL:    3.55    2 = FOG REDUCING VISIBILITY
HIGHEST:    93 ON  1    GRTST 24HR  4.31 ON 10-10      TO 1/4 MILE OR LESS
LOWEST:     69 ON 12, 7                            3 = THUNDER
                        SNOW, ICE PELLETS, HAIL    4 = ICE PELLETS
                        TOTAL MONTH:   0.0 INCH    5 = HAIL
                        GRTST 24HR     0.0         6 = FREEZING RAIN OR DRIZZLE
                        GRTST DEPTH:   0           7 = DUSTSTORM OR SANDSTORM:
                                                       VSBY 1/2 MILE OR LESS
                                                   8 = SMOKE OR HAZE
[NO. OF DAYS WITH]      [WEATHER - DAYS WITH]      9 = BLOWING SNOW
                                                   X = TORNADO
MAX 32 OR BELOW:   0    0.01 INCH OR MORE:   7
MAX 90 OR ABOVE:   2    0.10 INCH OR MORE:   4
MIN 32 OR BELOW:   0    0.50 INCH OR MORE:   2
MIN  0 OR BELOW:   0    1.00 INCH OR MORE:   2

[HDD (BASE 65) ]
TOTAL THIS MO.     0    CLEAR  (SCALE 0-3)  17
DPTR FM NORMAL     0    PTCLDY (SCALE 4-7)   2
TOTAL FM JUL 1     0    CLOUDY (SCALE 8-10)  3
DPTR FM NORMAL     0

[CDD (BASE 65) ]
TOTAL THIS MO.   319
DPTR FM NORMAL     9    [PRESSURE DATA]
TOTAL FM JAN 1  2454    HIGHEST SLP M ON M
DPTR FM NORMAL   223    LOWEST  SLP 29.13 ON 11

[REMARKS]
