000
CXUS54 KCRP 311300
CF6CRP
PRELIMINARY LOCAL CLIMATOLOGICAL DATA (WS FORM: F-6)

                                          STATION:   CORPUS CHRISTI
                                          MONTH:     AUGUST
                                          YEAR:      2014
                                          LATITUDE:   27 46 N
                                          LONGITUDE:  97 30 W

  TEMPERATURE IN F:       :PCPN:    SNOW:  WIND      :SUNSHINE: SKY     :PK WND
================================================================================
1   2   3   4   5  6A  6B    7    8   9   10  11  12  13   14  15   16   17  18
                                     12Z  AVG MX 2MIN
DY MAX MIN AVG DEP HDD CDD  WTR  SNW DPTH SPD SPD DIR MIN PSBL S-S WX    SPD DR
================================================================================

 1  96  77  87   2   0  22 0.00  0.0    0  8.9 20 140   M    M   8        23 140
 2  88  75  82  -3   0  17 0.74  0.0    0  9.0 24  50   M    M   8 13     29  50
 3  96  72  84  -1   0  19 0.00  0.0    0  6.1 16 100   M    M   5        20  90
 4  98  73  86   1   0  21 0.00  0.0    0  5.2 18 110   M    M   5        22 110
 5  97  75  86   1   0  21 0.00  0.0    0  6.2 17 130   M    M   3 1      21 130
 6  98  78  88   3   0  23 0.00  0.0    0 13.2 24 150   M    M   4        31 150
 7  98  79  89   4   0  24 0.00  0.0    0 15.9 26 140   M    M   3        36 130
 8  97  77  87   2   0  22 0.00  0.0    0 13.7 25 150   M    M   5        33 160
 9  96  77  87   2   0  22 0.00  0.0    0 11.3 21 180   M    M   6 3      27 150
10  95  77  86   1   0  21 0.13  0.0    0 10.3 22 130   M    M   7 13     26 140
11  96  76  86   1   0  21    T  0.0    0  7.1 17 120   M    M   7 13     21 170
12 101  76  89   4   0  24    T  0.0    0  5.7 17  60   M    M   7 3      20 100
13 100  74  87   2   0  22 0.00  0.0    0  5.6 26  30   M    M   4 3      32  30
14  97  74  86   1   0  21 0.00  0.0    0  8.1 22 150   M    M   4        26 140
15 100  77  89   4   0  24 0.00  0.0    0 13.4 22 150   M    M   3        27 130
16  99  79  89   4   0  24 0.00  0.0    0 17.7 30 140   M    M   4        37 150
17  97  81  89   4   0  24 0.00  0.0    0 18.7 30 150   M    M   4        38 150
18  96  79  88   3   0  23 0.17  0.0    0 15.7 36 190   M    M   4 3      45 190
19  95  79  87   2   0  22 0.00  0.0    0 17.6 30 160   M    M   4        36 140
20  96  78  87   2   0  22 0.00  0.0    0 17.4 31 140   M    M   5 8      37 160
21  96  78  87   2   0  22 0.00  0.0    0 19.3 31 150   M    M   3        36 140
22  98  79  89   4   0  24 0.00  0.0    0 15.0 25 140   M    M   3        31 120
23  97  74  86   1   0  21 0.00  0.0    0 11.1 23 130   M    M   3        31 140
24  97  77  87   2   0  22 0.00  0.0    0 10.2 21 120   M    M   3        26 110
25  97  76  87   3   0  22 0.00  0.0    0  8.0 18 100   M    M   4        27 120
26  98  74  86   2   0  21 0.00  0.0    0  7.9 21 110   M    M   3 18     29 100
27  98  78  88   4   0  23    T  0.0    0 13.0 26  70   M    M   4        32  80
28  94  80  87   3   0  22 0.04  0.0    0 12.9 22  80   M    M   6 3      27 100
29  90  77  84   0   0  19 0.18  0.0    0  9.0 16  90   M    M   7 13     20 100
30  86  75  81  -3   0  16 3.27  0.0    0  7.3 20 130   M    M   8 13     23 120
================================================================================
SM 2887 2301         0 651  4.53     0.0 340.5          M      144
================================================================================
AV 96.2 76.7                              11.3 FASTST   M    M   5    MAX(MPH)
                                 MISC ---->  # 36 190               # 45  190
================================================================================
NOTES:
# LAST OF SEVERAL OCCURRENCES

COLUMN 17 PEAK WIND IN M.P.H.

PRELIMINARY LOCAL CLIMATOLOGICAL DATA (WS FORM: F-6) , PAGE 2

                                          STATION:  CORPUS CHRISTI
                                          MONTH:    AUGUST
                                          YEAR:     2014
                                          LATITUDE:   27 46 N
                                          LONGITUDE:  97 30 W

[TEMPERATURE DATA]      [PRECIPITATION DATA]       SYMBOLS USED IN COLUMN 16

AVERAGE MONTHLY: 86.5   TOTAL FOR MONTH:   4.53    1 = FOG OR MIST
DPTR FM NORMAL:   1.7   DPTR FM NORMAL:    1.77    2 = FOG REDUCING VISIBILITY
HIGHEST:   101 ON 12    GRTST 24HR  3.28 ON 29-30      TO 1/4 MILE OR LESS
LOWEST:     72 ON  3                               3 = THUNDER
                        SNOW, ICE PELLETS, HAIL    4 = ICE PELLETS
                        TOTAL MONTH:   0.0 INCH    5 = HAIL
                        GRTST 24HR     0.0         6 = FREEZING RAIN OR DRIZZLE
                        GRTST DEPTH:   0           7 = DUSTSTORM OR SANDSTORM:
                                                       VSBY 1/2 MILE OR LESS
                                                   8 = SMOKE OR HAZE
[NO. OF DAYS WITH]      [WEATHER - DAYS WITH]      9 = BLOWING SNOW
                                                   X = TORNADO
MAX 32 OR BELOW:   0    0.01 INCH OR MORE:   6
MAX 90 OR ABOVE:  28    0.10 INCH OR MORE:   5
MIN 32 OR BELOW:   0    0.50 INCH OR MORE:   2
MIN  0 OR BELOW:   0    1.00 INCH OR MORE:   1

[HDD (BASE 65) ]
TOTAL THIS MO.     0    CLEAR  (SCALE 0-3)   4
DPTR FM NORMAL     0    PTCLDY (SCALE 4-7)  24
TOTAL FM JUL 1     0    CLOUDY (SCALE 8-10)  2
DPTR FM NORMAL     0

[CDD (BASE 65) ]
TOTAL THIS MO.   651
DPTR FM NORMAL    57    [PRESSURE DATA]
TOTAL FM JAN 1  2684    HIGHEST SLP M ON M
DPTR FM NORMAL   140    LOWEST  SLP 29.77 ON 29

[REMARKS]
