000
CXUS54 KCRP 291300
CF6CRP
PRELIMINARY LOCAL CLIMATOLOGICAL DATA (WS FORM: F-6)

                                          STATION:   CORPUS CHRISTI
                                          MONTH:     JULY
                                          YEAR:      2014
                                          LATITUDE:   27 46 N
                                          LONGITUDE:  97 30 W

  TEMPERATURE IN F:       :PCPN:    SNOW:  WIND      :SUNSHINE: SKY     :PK WND
================================================================================
1   2   3   4   5  6A  6B    7    8   9   10  11  12  13   14  15   16   17  18
                                     12Z  AVG MX 2MIN
DY MAX MIN AVG DEP HDD CDD  WTR  SNW DPTH SPD SPD DIR MIN PSBL S-S WX    SPD DR
================================================================================

 1  95  77  86   3   0  21 0.00  0.0    0 16.2 29 140   M    M   3        35 130
 2  96  74  85   2   0  20    T  0.0    0  9.4 20 110   M    M   4        26 130
 3  94  72  83  -1   0  18 0.00  0.0    0  8.1 18 130   M    M   4 1      22  80
 4  94  72  83  -1   0  18 0.00  0.0    0  9.3 21 120   M    M   5        26  90
 5  92  73  83  -1   0  18 0.29  0.0    0  8.1 26 130   M    M   4 13     35 140
 6  94  73  84   0   0  19 0.00  0.0    0 11.8 24 150   M    M   2        28 140
 7  96  73  85   1   0  20 0.00  0.0    0 13.5 24 140   M    M   7        28 150
 8  96  76  86   2   0  21 0.00  0.0    0 14.6 29 140   M    M   7        35 140
 9  96  76  86   2   0  21 0.00  0.0    0 12.2 23 140   M    M   8        29 140
10  87  73  80  -4   0  15 0.17  0.0    0  8.4 37 130   M    M   8 38     41 130
11  93  75  84   0   0  19 0.00  0.0    0 12.2 23 140   M    M   7        30 150
12  94  70  82  -2   0  17 0.00  0.0    0  8.3 20 100   M    M   4 12     25  80
13  95  71  83  -1   0  18 0.00  0.0    0  8.4 21 110   M    M   3 1      27 110
14  97  73  85   1   0  20 0.00  0.0    0  9.4 22 140   M    M   3 1      27 140
15  97  73  85   1   0  20 0.00  0.0    0  9.6 21 100   M    M   5        28  90
16  96  76  86   2   0  21 0.00  0.0    0 12.3 25 130   M    M   6        30 130
17  95  80  88   4   0  23 0.00  0.0    0 18.8 30 150   M    M   7        36 150
18  84  75  80  -4   0  15 0.15  0.0    0  6.4 17 160   M    M   9 138    21 170
19  92  75  84   0   0  19 0.06  0.0    0  8.4 18 180   M    M   7 13     22 180
20  96  78  87   3   0  22 0.00  0.0    0 10.6 22 150   M    M   7 18     30 120
21  96  78  87   3   0  22 0.00  0.0    0 12.9 24 140   M    M   5 1      32 140
22  97  77  87   3   0  22 0.00  0.0    0 10.7 21 130   M    M   5 1      25 140
23  96  75  86   2   0  21 0.00  0.0    0  8.3 18 140   M    M   6 1      23 140
24  96  75  86   2   0  21    T  0.0    0  7.3 26 160   M    M   7 3      35 160
25  97  73  85   1   0  20 0.07  0.0    0 11.7 28 270   M    M   4 13     37 280
26  97  75  86   2   0  21 0.00  0.0    0   M   M   M   M    M   2         M  M
27  97  77  87   3   0  22 0.00  0.0    0 16.1 29 150   M    M   2 8      37 150
28  97  74  86   2   0  21 0.00  0.0    0 12.0 23 130   M    M   5        34 120
================================================================================
SM 2652 2089         0 555  0.74     0.0 295.0          M      146
================================================================================
AV 94.7 74.6                              10.9 FASTST   M    M   5    MAX(MPH)
                                 MISC ---->  # 37 130               # 41  130
================================================================================
NOTES:
# LAST OF SEVERAL OCCURRENCES

COLUMN 17 PEAK WIND IN M.P.H.

PRELIMINARY LOCAL CLIMATOLOGICAL DATA (WS FORM: F-6) , PAGE 2

                                          STATION:  CORPUS CHRISTI
                                          MONTH:    JULY
                                          YEAR:     2014
                                          LATITUDE:   27 46 N
                                          LONGITUDE:  97 30 W

[TEMPERATURE DATA]      [PRECIPITATION DATA]       SYMBOLS USED IN COLUMN 16

AVERAGE MONTHLY: 84.7   TOTAL FOR MONTH:   0.74    1 = FOG OR MIST
DPTR FM NORMAL:   0.7   DPTR FM NORMAL:   -1.87    2 = FOG REDUCING VISIBILITY
HIGHEST:    97 ON 28,27 GRTST 24HR  0.29 ON  4- 5      TO 1/4 MILE OR LESS
LOWEST:     70 ON 12                               3 = THUNDER
                        SNOW, ICE PELLETS, HAIL    4 = ICE PELLETS
                        TOTAL MONTH:   0.0 INCH    5 = HAIL
                        GRTST 24HR     0.0         6 = FREEZING RAIN OR DRIZZLE
                        GRTST DEPTH:   0           7 = DUSTSTORM OR SANDSTORM:
                                                       VSBY 1/2 MILE OR LESS
                                                   8 = SMOKE OR HAZE
[NO. OF DAYS WITH]      [WEATHER - DAYS WITH]      9 = BLOWING SNOW
                                                   X = TORNADO
MAX 32 OR BELOW:   0    0.01 INCH OR MORE:   5
MAX 90 OR ABOVE:  26    0.10 INCH OR MORE:   3
MIN 32 OR BELOW:   0    0.50 INCH OR MORE:   0
MIN  0 OR BELOW:   0    1.00 INCH OR MORE:   0

[HDD (BASE 65) ]
TOTAL THIS MO.     0    CLEAR  (SCALE 0-3)   5
DPTR FM NORMAL     0    PTCLDY (SCALE 4-7)  20
TOTAL FM JUL 1     0    CLOUDY (SCALE 8-10)  3
DPTR FM NORMAL     0

[CDD (BASE 65) ]
TOTAL THIS MO.   555
DPTR FM NORMAL    27    [PRESSURE DATA]
TOTAL FM JAN 1  1968    HIGHEST SLP M ON M
DPTR FM NORMAL    77    LOWEST  SLP 29.78 ON 17

[REMARKS]
