000
CXUS54 KFWD 190730
CF6CRS
PRELIMINARY LOCAL CLIMATOLOGICAL DATA (WS FORM: F-6)

                                          STATION:   CORSICANA
                                          MONTH:     JANUARY
                                          YEAR:      2017
                                          LATITUDE:   32  1 N
                                          LONGITUDE:  96 24 W

  TEMPERATURE IN F:       :PCPN:    SNOW:  WIND      :SUNSHINE: SKY     :PK WND
================================================================================
1   2   3   4   5  6A  6B    7    8   9   10  11  12  13   14  15   16   17  18
                                     12Z  AVG MX 2MIN
DY MAX MIN AVG DEP HDD CDD  WTR  SNW DPTH SPD SPD DIR MIN PSBL S-S WX    SPD DR
================================================================================

 1  73  45  59  12   6   0    T  0.0    0  6.6 16 160   M    M   4 1      19 160
 2  73  54  64  17   1   0 0.64  0.0    0 10.4 41 300   M    M   4 13     54 290
 3  64  40  52   5  13   0 0.00  0.0    0 13.1 23 310   M    M   3 8      28 320
 4  41  34  38  -9  27   0 0.00  0.0    0  7.2 17 360   M    M   2        23  10
 5  47  29  38  -9  27   0 0.00  0.0    0 11.1 22 360   M    M   5 18     27 360
 6  29  18  24 -23  41   0 0.00  0.0    0 15.5 24 350   M    M   8        31 360
 7  39  16  28 -19  37   0 0.00  0.0    0  6.8 14  10   M    M   0        18  10
 8  49  20  35 -12  30   0 0.00  0.0    0  9.1 22 170   M    M   0        28 190
 9  67  36  52   5  13   0 0.00  0.0    0 15.2 28 200   M    M   5        36 200
10  78  61  70  23   0   5 0.00  0.0    0 18.3 35 210   M    M   2        47 200
11  79  63  71  24   0   6 0.00  0.0    0 19.5 33 190   M    M   5        44 190
12  81  54  68  21   0   3 0.00  0.0    0 12.1 25 190   M    M   9 18     33 200
13  59  46  53   6  12   0    T  0.0    0  8.7 15 340   M    M  10 18     18 340
14  54  44  49   2  16   0 0.00  0.0    0  7.7 12  10   M    M  10 12     15 340
15  71  49  60  12   5   0 0.74  0.0    0 10.3 24 290   M    M  10 123    33 150
16  70  57  64  16   1   0 0.20  0.0    0  5.5 15 330   M    M   7 12     17 320
17  57  48  53   5  12   0 0.79    M    0  7.7 16  10   M    M   6 13     20  40
18  52  47  50   2  15   0 0.99    M    0  7.0 15 320   M    M  10 1      19 310
================================================================================
SM 1083  761       256  14  3.36     0.0 191.8          M      100
================================================================================
AV 60.2 42.3                              10.7 FASTST   M    M   6    MAX(MPH)
                                 MISC ---->  # 41 300               # 54  290
================================================================================
NOTES:
# LAST OF SEVERAL OCCURRENCES

COLUMN 17 PEAK WIND IN M.P.H.

PRELIMINARY LOCAL CLIMATOLOGICAL DATA (WS FORM: F-6) , PAGE 2

                                          STATION:  CORSICANA
                                          MONTH:    JANUARY
                                          YEAR:     2017
                                          LATITUDE:   32  1 N
                                          LONGITUDE:  96 24 W

[TEMPERATURE DATA]      [PRECIPITATION DATA]       SYMBOLS USED IN COLUMN 16

AVERAGE MONTHLY: 51.2   TOTAL FOR MONTH:   3.36    1 = FOG OR MIST
DPTR FM NORMAL:   4.0   DPTR FM NORMAL:    1.87    2 = FOG REDUCING VISIBILITY
HIGHEST:    81 ON 12    GRTST 24HR  1.77 ON 17-18      TO 1/4 MILE OR LESS
LOWEST:     16 ON  7                               3 = THUNDER
                        SNOW, ICE PELLETS, HAIL    4 = ICE PELLETS
                        TOTAL MONTH:   0.0 INCH    5 = HAIL
                        GRTST 24HR     0.0         6 = FREEZING RAIN OR DRIZZLE
                        GRTST DEPTH:   0           7 = DUSTSTORM OR SANDSTORM:
                                                       VSBY 1/2 MILE OR LESS
                                                   8 = SMOKE OR HAZE
[NO. OF DAYS WITH]      [WEATHER - DAYS WITH]      9 = BLOWING SNOW
                                                   X = TORNADO
MAX 32 OR BELOW:   1    0.01 INCH OR MORE:   5
MAX 90 OR ABOVE:   0    0.10 INCH OR MORE:   5
MIN 32 OR BELOW:   4    0.50 INCH OR MORE:   4
MIN  0 OR BELOW:   0    1.00 INCH OR MORE:   0

[HDD (BASE 65) ]
TOTAL THIS MO.   256    CLEAR  (SCALE 0-3)   4
DPTR FM NORMAL   -66    PTCLDY (SCALE 4-7)   8
TOTAL FM JUL 1   778    CLOUDY (SCALE 8-10)  6
DPTR FM NORMAL  -383

[CDD (BASE 65) ]
TOTAL THIS MO.    14
DPTR FM NORMAL    14    [PRESSURE DATA]
TOTAL FM JAN 1    14    HIGHEST SLP M ON M
DPTR FM NORMAL    14    LOWEST  SLP 29.68 ON  2

[REMARKS]
