000
CXUS52 KFFC 301110
CF6CSG
PRELIMINARY LOCAL CLIMATOLOGICAL DATA (WS FORM: F-6)

                                          STATION:   COLUMBUS
                                          MONTH:     APRIL
                                          YEAR:      2016
                                          LATITUDE:   32 31 N
                                          LONGITUDE:  84 56 W

  TEMPERATURE IN F:       :PCPN:    SNOW:  WIND      :SUNSHINE: SKY     :PK WND
================================================================================
1   2   3   4   5  6A  6B    7    8   9   10  11  12  13   14  15   16   17  18
                                     12Z  AVG MX 2MIN
DY MAX MIN AVG DEP HDD CDD  WTR  SNW DPTH SPD SPD DIR MIN PSBL S-S WX    SPD DR
================================================================================

 1  73  64  69   8   0   4 3.61  0.0    0  5.2 21 240   M    M  10 13     29 220
 2  69  52  61   0   4   0 0.04  0.0    0 10.2 25 310   M    M   3 1      30 310
 3  74  44  59  -3   6   0 0.00  0.0    0  5.2 15 360   M    M   0        21 360
 4  78  44  61  -1   4   0 0.00  0.0    0  4.4 15 310   M    M   0        19 300
 5  75  51  63   1   2   0 0.00  0.0    0  7.5 18  30   M    M   0        27  30
 6  72  48  60  -2   5   0 0.08    M    0 10.1 16 190   M    M   1 13     23 190
 7  75  53  64   2   1   0 0.27  0.0    0  7.9 21 290   M    M   2 13     28 260
 8  70  52  61  -2   4   0 0.00  0.0    0 11.2 24 310   M    M   1        31 320
 9  71  41  56  -7   9   0 0.00  0.0    0  9.1 26 320   M    M   0        32 330
10  70  42  56  -7   9   0 0.00  0.0    0  6.4 17 170   M    M   1        22 180
11  77  47  62  -1   3   0 0.42  0.0    0  6.9 18 190   M    M   4 13     27 180
12  76  59  68   4   0   3 0.15  0.0    0  5.9 15 190   M    M   7 1      20 190
13  66  52  59  -5   6   0 0.01  0.0    0  6.3 17  90   M    M   6 18     23  90
14  65  54  60  -4   5   0 0.92  0.0    0 10.2 18 100   M    M   9 1      24 120
15  64  52  58  -6   7   0 0.11  0.0    0 12.8 20 100   M    M  10 1      26  90
16  73  54  64  -1   1   0 0.04  0.0    0 11.4 20 100   M    M   6 1      30  90
17  76  52  64  -1   1   0 0.00  0.0    0  8.0 16 130   M    M   0        23 110
18  80  45  63  -2   2   0 0.00  0.0    0  2.5 13 150   M    M   0        15 130
19  83  49  66   1   0   1 0.00  0.0    0  1.6 12 250   M    M   0        18 290
20  83  58  71   5   0   6 0.00  0.0    0  3.1 14 150   M    M   0        19 170
21  78  53  66   0   0   1 0.15  0.0    0  6.3 26 220   M    M   4 1      36 210
22  74  62  68   2   0   3 0.58  0.0    0  2.3 10 140   M    M   6 13     12 340
23  80  59  70   4   0   5 0.00  0.0    0  6.4 18 330   M    M   1 1      24 330
24  82  53  68   1   0   3 0.00  0.0    0  4.6 14 150   M    M   0        23 160
25  83  62  73   6   0   8 0.00  0.0    0  6.6 18 200   M    M   3 8      22 180
26  83  61  72   5   0   7 0.00  0.0    0  4.0 13 230   M    M   2 128    16 210
27  83  61  72   4   0   7 0.56  0.0    0  5.2 24 300   M    M   4 138    38 300
28  83  66  75   7   0  10 0.00  0.0    0  6.1 17 210   M    M   6 1      22 220
29  88  64  76   8   0  11 0.00  0.0    0  2.4 16 350   M    M   1 12     22 310
================================================================================
SM 2204 1554        69  69  6.94     0.0 189.8          M       87
================================================================================
AV 76.0 53.6                               6.5 FASTST   M    M   3    MAX(MPH)
                                 MISC ---->  # 26 320               # 38  300
================================================================================
NOTES:
# LAST OF SEVERAL OCCURRENCES

COLUMN 17 PEAK WIND IN M.P.H.

PRELIMINARY LOCAL CLIMATOLOGICAL DATA (WS FORM: F-6) , PAGE 2

                                          STATION:  COLUMBUS
                                          MONTH:    APRIL
                                          YEAR:     2016
                                          LATITUDE:   32 31 N
                                          LONGITUDE:  84 56 W

[TEMPERATURE DATA]      [PRECIPITATION DATA]       SYMBOLS USED IN COLUMN 16

AVERAGE MONTHLY: 64.8   TOTAL FOR MONTH:   6.94    1 = FOG OR MIST
DPTR FM NORMAL:   0.3   DPTR FM NORMAL:    3.49    2 = FOG REDUCING VISIBILITY
HIGHEST:    88 ON 29    GRTST 24HR  3.62 ON 31- 1      TO 1/4 MILE OR LESS
LOWEST:     41 ON  9                               3 = THUNDER
                        SNOW, ICE PELLETS, HAIL    4 = ICE PELLETS
                        TOTAL MONTH:   0.0 INCH    5 = HAIL
                        GRTST 24HR     0.0         6 = FREEZING RAIN OR DRIZZLE
                        GRTST DEPTH:   0           7 = DUSTSTORM OR SANDSTORM:
                                                       VSBY 1/2 MILE OR LESS
                                                   8 = SMOKE OR HAZE
[NO. OF DAYS WITH]      [WEATHER - DAYS WITH]      9 = BLOWING SNOW
                                                   X = TORNADO
MAX 32 OR BELOW:   0    0.01 INCH OR MORE:  13
MAX 90 OR ABOVE:   0    0.10 INCH OR MORE:   9
MIN 32 OR BELOW:   0    0.50 INCH OR MORE:   4
MIN  0 OR BELOW:   0    1.00 INCH OR MORE:   1

[HDD (BASE 65) ]
TOTAL THIS MO.    69    CLEAR  (SCALE 0-3)  18
DPTR FM NORMAL   -20    PTCLDY (SCALE 4-7)   8
TOTAL FM JUL 1  1604    CLOUDY (SCALE 8-10)  3
DPTR FM NORMAL  -508

[CDD (BASE 65) ]
TOTAL THIS MO.    69
DPTR FM NORMAL    -5    [PRESSURE DATA]
TOTAL FM JAN 1   128    HIGHEST SLP M ON M
DPTR FM NORMAL    27    LOWEST  SLP 29.72 ON  2

[REMARKS]
