000
CXUS56 KTFX 251205
CF6CTB
PRELIMINARY LOCAL CLIMATOLOGICAL DATA (WS FORM: F-6)

                                          STATION:   CUT BANK MT
                                          MONTH:     MAY
                                          YEAR:      2015
                                          LATITUDE:   48 37 N
                                          LONGITUDE: 112 23 W

  TEMPERATURE IN F:       :PCPN:    SNOW:  WIND      :SUNSHINE: SKY     :PK WND
================================================================================
1   2   3   4   5  6A  6B    7    8   9   10  11  12  13   14  15   16   17  18
                                     12Z  AVG MX 2MIN
DY MAX MIN AVG DEP HDD CDD  WTR  SNW DPTH SPD SPD DIR MIN PSBL S-S WX    SPD DR
================================================================================

 1  69  48  59  13   6   0 0.00    M    0 19.6 36 250   M    M   1        43 250
 2  56  31  44  -2  21   0 0.00    M    0 13.1 26  30   M    M   4        31  30
 3  63  30  47   1  18   0 0.00    M    0  6.9 17  80   M    M   2        23 140
 4  72  26  49   3  16   0 0.00    M    0  6.0 24 250   M    M   0        28 250
 5  70  41  56   9   9   0    T    M    0 20.7 32 270   M    M   4        40 270
 6  57  30  44  -3  21   0 0.00    M    0 14.1 23  30   M    M   3        27  20
 7  53  33  43  -4  22   0 0.00    M    0  6.3 17  90   M    M   5        20  90
 8  51  30  41  -7  24   0    T    M    0  8.1 20 340   M    M   8        29  10
 9  60  21  41  -7  24   0 0.00    M    0  5.3 14 190   M    M   2        18 280
10  63  27  45  -3  20   0 0.00    M    0  7.0 18 360   M    M   4        27  40
11  54  38  46  -2  19   0 0.00    M    0 12.0 25  20   M    M   9        28  30
12  52  30  41  -8  24   0 0.00    M    0  4.8 14 100   M    M   8        19 100
13  45  39  42  -7  23   0 0.02    M    0  8.0 20  80   M    M  10 1      24  70
14  48  41  45  -4  20   0 0.08    M    0  6.4 12 100   M    M   9 1      13  90
15  48  42  45  -5  20   0 0.18    M    0  6.7 14  80   M    M   9 1      15  80
16  51  42  47  -3  18   0 0.73    M    0 15.3 30 360   M    M   9 123    35 360
17  48  30  39 -11  26   0 0.08    M    0 14.7 29  20   M    M   7 1      34  10
18  54  26  40 -11  25   0 0.00    M    0  8.9 18 120   M    M   2 12     26 160
19  61  36  49  -2  16   0 0.00    M    0  9.9 20 130   M    M   6        26 110
20  65  29  47  -4  18   0 0.00    M    0 11.7 23 140   M    M   0        30 110
21  69  34  52   0  13   0 0.00    M    0  6.9 16 100   M    M   0        20 110
22  72  39  56   4   9   0 0.00    M    0  7.5 17  60   M    M   2        23  60
23  66  39  53   1  12   0 0.08    M    0  6.3 26  50   M    M   3 3      34  50
24  67  38  53   1  12   0 0.00    M    0  5.7 16  90   M    M   4        20 130
================================================================================
SM 1414  820       436   0  1.17    M    231.9          M      111
================================================================================
AV 58.9 34.2                               9.7 FASTST   M    M   5    MAX(MPH)
                                 MISC ---->  # 36 250               # 43  250
================================================================================
NOTES:
# LAST OF SEVERAL OCCURRENCES

COLUMN 17 PEAK WIND IN M.P.H.

PRELIMINARY LOCAL CLIMATOLOGICAL DATA (WS FORM: F-6) , PAGE 2

                                          STATION:  CUT BANK MT
                                          MONTH:    MAY
                                          YEAR:     2015
                                          LATITUDE:   48 37 N
                                          LONGITUDE: 112 23 W

[TEMPERATURE DATA]      [PRECIPITATION DATA]       SYMBOLS USED IN COLUMN 16

AVERAGE MONTHLY: 46.5   TOTAL FOR MONTH:   1.17    1 = FOG OR MIST
DPTR FM NORMAL:  -2.4   DPTR FM NORMAL:   -0.17    2 = FOG REDUCING VISIBILITY
HIGHEST:    72 ON 22, 4 GRTST 24HR  0.74 ON 16-17      TO 1/4 MILE OR LESS
LOWEST:     21 ON  9                               3 = THUNDER
                        SNOW, ICE PELLETS, HAIL    4 = ICE PELLETS
                        TOTAL MONTH:    M          5 = HAIL
                        GRTST 24HR    M  ON   M    6 = FREEZING RAIN OR DRIZZLE
                        GRTST DEPTH:   0           7 = DUSTSTORM OR SANDSTORM:
                                                       VSBY 1/2 MILE OR LESS
                                                   8 = SMOKE OR HAZE
[NO. OF DAYS WITH]      [WEATHER - DAYS WITH]      9 = BLOWING SNOW
                                                   X = TORNADO
MAX 32 OR BELOW:   0    0.01 INCH OR MORE:   6
MAX 90 OR ABOVE:   0    0.10 INCH OR MORE:   2
MIN 32 OR BELOW:  11    0.50 INCH OR MORE:   1
MIN  0 OR BELOW:   0    1.00 INCH OR MORE:   0

[HDD (BASE 65) ]
TOTAL THIS MO.   436    CLEAR  (SCALE 0-3)   9
DPTR FM NORMAL    49    PTCLDY (SCALE 4-7)   8
TOTAL FM JUL 1  7574    CLOUDY (SCALE 8-10)  7
DPTR FM NORMAL  -633

[CDD (BASE 65) ]
TOTAL THIS MO.     0
DPTR FM NORMAL     0    [PRESSURE DATA]
TOTAL FM JAN 1     0    HIGHEST SLP M ON M
DPTR FM NORMAL     0    LOWEST  SLP 29.56 ON 16

[REMARKS]
