000
CXUS55 KCAE 271400
CF6CUB
PRELIMINARY LOCAL CLIMATOLOGICAL DATA (WS FORM: F-6)

                                          STATION:   HAMILTON - OWENS AIRPORT SC
                                          MONTH:     MAY
                                          YEAR:      2015
                                          LATITUDE:   33 58 N
                                          LONGITUDE:  80 59 W

  TEMPERATURE IN F:       :PCPN:    SNOW:  WIND      :SUNSHINE: SKY     :PK WND
================================================================================
1   2   3   4   5  6A  6B    7    8   9   10  11  12  13   14  15   16   17  18
                                     12Z  AVG MX 2MIN
DY MAX MIN AVG DEP HDD CDD  WTR  SNW DPTH SPD SPD DIR MIN PSBL S-S WX    SPD DR
================================================================================

 1  69  51  60  -8   5   0    T    M    M  5.0 14 310   M    M   4        21 350
 2  79  48  64  -4   1   0 0.00    M    M  2.6 12 270   M    M   0        18 280
 3  82  51  67  -2   0   2 0.00    M    M  1.5  9 220   M    M   1 18     14 230
 4  84  55  70   1   0   5 0.00    M    M  2.4 10 120   M    M   1 1      17 130
 5  83  56  70   1   0   5 0.00    M    M  2.5  9 140   M    M   0        16  80
 6  84  58  71   2   0   6 0.00    M    M  2.4 12  70   M    M   0        17  30
 7  75  57  66  -4   0   1 0.00    M    M  3.1 13  60   M    M   0        18  60
 8  87  64  76   6   0  11 0.00    M    M  4.9 13  40   M    M   2        22  30
 9  86  67  77   7   0  12 0.09    M    M  4.5 13  60   M    M   2        22  70
10  85  67  76   6   0  11 0.00    M    M  4.6 14 310   M    M   4        21 310
11  92  67  80   9   0  15 0.78  0.0    0  2.9 16 210   M    M   4 13     23 210
12  91  67  79   8   0  14 0.00  0.0    0  6.1 16 270   M    M   1 13     22 260
13  88  67  78   7   0  13 0.00  0.0    0  2.0 10  70   M    M   0        14  60
14  80  60  70  -2   0   5 0.00    M    M  2.7  9  70   M    M   3        13 150
15  84  64  74   2   0   9 0.00    M    M  2.5  9 180   M    M   1 1      12 180
16  86  62  74   2   0   9 0.00    M    M  2.8 10 150   M    M   1 1      17 170
17  88  62  75   3   0  10 0.00    M    M  2.1  9 170   M    M   0        14 170
18  90  67  79   6   0  14 0.00    M    M  4.5 21 280   M    M   1        30 290
19  89  68  79   6   0  14 0.00    M    M  3.0 13 280   M    M   3        17 280
20  93  70  82   9   0  17 0.00    M    M  1.7 12 180   M    M   2        16 180
21  93  69  81   7   0  16 0.00    M    M  8.3 20 270   M    M   1        29 260
22  81  61  71  -3   0   6 0.00    M    M  3.9 13  60   M    M   4        19  60
23  85  55  70  -4   0   5 0.00    M    M  2.3 10 140   M    M   0        18 140
24  84  60  72  -2   0   7 0.00    M    M  3.1 13 170   M    M   1        20 180
25  85  60  73  -2   0   8 0.00    M    M  3.3 10 190   M    M   3        16 170
26  92  67  80   5   0  15    T    M    M  2.8 16 280   M    M   4 138    24 310
================================================================================
SM 2215 1600         6 230  0.87     0.0  87.5          M       43
================================================================================
AV 85.2 61.5                               3.4 FASTST   M    M   2    MAX(MPH)
                                 MISC ---->  # 21 280               # 30  290
================================================================================
NOTES:
# LAST OF SEVERAL OCCURRENCES

COLUMN 17 PEAK WIND IN M.P.H.

PRELIMINARY LOCAL CLIMATOLOGICAL DATA (WS FORM: F-6) , PAGE 2

                                          STATION:  HAMILTON - OWENS AIRPORT SC
                                          MONTH:    MAY
                                          YEAR:     2015
                                          LATITUDE:   33 58 N
                                          LONGITUDE:  80 59 W

[TEMPERATURE DATA]      [PRECIPITATION DATA]       SYMBOLS USED IN COLUMN 16

AVERAGE MONTHLY: 73.4   TOTAL FOR MONTH:   0.87    1 = FOG OR MIST
DPTR FM NORMAL:   1.9   DPTR FM NORMAL:   -1.54    2 = FOG REDUCING VISIBILITY
HIGHEST:    93 ON 21,20 GRTST 24HR  0.78 ON 11-11      TO 1/4 MILE OR LESS
LOWEST:     48 ON  2                               3 = THUNDER
                        SNOW, ICE PELLETS, HAIL    4 = ICE PELLETS
                        TOTAL MONTH:   0.0 INCH    5 = HAIL
                        GRTST 24HR     0.0         6 = FREEZING RAIN OR DRIZZLE
                        GRTST DEPTH:   0           7 = DUSTSTORM OR SANDSTORM:
                                                       VSBY 1/2 MILE OR LESS
                                                   8 = SMOKE OR HAZE
[NO. OF DAYS WITH]      [WEATHER - DAYS WITH]      9 = BLOWING SNOW
                                                   X = TORNADO
MAX 32 OR BELOW:   0    0.01 INCH OR MORE:   2
MAX 90 OR ABOVE:   6    0.10 INCH OR MORE:   1
MIN 32 OR BELOW:   0    0.50 INCH OR MORE:   1
MIN  0 OR BELOW:   0    1.00 INCH OR MORE:   0

[HDD (BASE 65) ]
TOTAL THIS MO.     6    CLEAR  (SCALE 0-3)  20
DPTR FM NORMAL    -5    PTCLDY (SCALE 4-7)   6
TOTAL FM JUL 1  2381    CLOUDY (SCALE 8-10)  0
DPTR FM NORMAL    69

[CDD (BASE 65) ]
TOTAL THIS MO.   230
DPTR FM NORMAL    45    [PRESSURE DATA]
TOTAL FM JAN 1   364    HIGHEST SLP M ON M
DPTR FM NORMAL    80    LOWEST  SLP 29.78 ON M

[REMARKS]
