000
CXUS53 KUNR 230945
CF6CUT
PRELIMINARY LOCAL CLIMATOLOGICAL DATA (WS FORM: F-6)

                                          STATION:   CUSTER COUNTY AIRPORT SD
                                          MONTH:     OCTOBER
                                          YEAR:      2017
                                          LATITUDE:   43 43 N
                                          LONGITUDE: 103 37 W

  TEMPERATURE IN F:       :PCPN:    SNOW:  WIND      :SUNSHINE: SKY     :PK WND
================================================================================
1   2   3   4   5  6A  6B    7    8   9   10  11  12  13   14  15   16   17  18
                                     12Z  AVG MX 2MIN
DY MAX MIN AVG DEP HDD CDD  WTR  SNW DPTH SPD SPD DIR MIN PSBL S-S WX    SPD DR
================================================================================

 1  56  37  47  -1  18   0    T    M    M  7.1 21 280   M    M   3 1      30 270
 2  42  31  37 -10  28   0 0.12    M    M  3.0 14 260   M    M   8 12     19 270
 3  45  27  36 -11  29   0 0.17    M    M  5.5 22 280   M    M   4 12     30 280
 4  51  26  39  -7  26   0    T    M    M  5.1 13 180   M    M   7 12     19 200
 5  57  35  46   0  19   0 0.00    M    M  4.7 14  80   M    M   4 12     18  90
 6  54  38  46   0  19   0    T    M    M  4.0 13 290   M    M   6        15 280
 7  68  39  54   9  11   0 0.00    M    M  8.5 21 250   M    M   0        29 280
 8  43  31  37  -8  28   0 0.19    M    M  5.3 14  10   M    M   7 12     21  10
 9  44  25  35 -10  30   0    T    M    M  4.1 13 270   M    M   0 1      17 270
10  54  23  39  -5  26   0 0.00    M    M  5.8 13 270   M    M   0        19 280
11  63  35  49   5  16   0 0.00    M    M 10.5 26 270   M    M   0        39 270
12  60  28  44   0  21   0 0.00    M    M  6.2 18 280   M    M   0        24 270
13  56  25  41  -2  24   0 0.00    M    M  6.1 21 250   M    M   0        29 230
14  43  28  36  -7  29   0 0.24    M    M  7.9 17 360   M    M   6 3      25 360
15  52  27  40  -3  25   0 0.00    M    M  8.1 23 270   M    M   0        31 280
16  68  35  52   9  13   0 0.00    M    M  4.8 15 280   M    M   0 8      21 290
17  68  34  51   9  14   0 0.00    M    M  6.3 20 270   M    M   0        24 280
18  62  45  54  12  11   0 0.00    M    M  5.5 14 240   M    M   0        20 210
19  72  46  59  17   6   0 0.00    M    M  8.0 16 240   M    M   0        23 270
20  72  48  60  18   5   0    T    M    M  9.2 22 260   M    M   1        35 270
21  48  28  38  -3  27   0    T    M    M 10.9 26 290   M    M   2        41 280
22  59  30  45   4  20   0 0.01    M    M  9.6 25 330   M    M   1        39 300
================================================================================
SM 1237  721       445   0  0.73    M    146.2          M       49
================================================================================
AV 56.2 32.8                               6.6 FASTST   M    M   2    MAX(MPH)
                                 MISC ---->  # 26 270               # 41  280
================================================================================
NOTES:
# LAST OF SEVERAL OCCURRENCES

COLUMN 17 PEAK WIND IN M.P.H.

PRELIMINARY LOCAL CLIMATOLOGICAL DATA (WS FORM: F-6) , PAGE 2

                                          STATION:  CUSTER COUNTY AIRPORT SD
                                          MONTH:    OCTOBER
                                          YEAR:     2017
                                          LATITUDE:   43 43 N
                                          LONGITUDE: 103 37 W

[TEMPERATURE DATA]      [PRECIPITATION DATA]       SYMBOLS USED IN COLUMN 16

AVERAGE MONTHLY: 44.5   TOTAL FOR MONTH:   0.73    1 = FOG OR MIST
DPTR FM NORMAL:   0.5   DPTR FM NORMAL:   -0.49    2 = FOG REDUCING VISIBILITY
HIGHEST:    72 ON 20,19 GRTST 24HR  0.24 ON 14-14      TO 1/4 MILE OR LESS
LOWEST:     23 ON 10                               3 = THUNDER
                        SNOW, ICE PELLETS, HAIL    4 = ICE PELLETS
                        TOTAL MONTH:    M          5 = HAIL
                        GRTST 24HR    M  ON   M    6 = FREEZING RAIN OR DRIZZLE
                        GRTST DEPTH:  M  ON   M    7 = DUSTSTORM OR SANDSTORM:
                                                       VSBY 1/2 MILE OR LESS
                                                   8 = SMOKE OR HAZE
[NO. OF DAYS WITH]      [WEATHER - DAYS WITH]      9 = BLOWING SNOW
                                                   X = TORNADO
MAX 32 OR BELOW:   0    0.01 INCH OR MORE:   5
MAX 90 OR ABOVE:   0    0.10 INCH OR MORE:   4
MIN 32 OR BELOW:  12    0.50 INCH OR MORE:   0
MIN  0 OR BELOW:   0    1.00 INCH OR MORE:   0

[HDD (BASE 65) ]
TOTAL THIS MO.   445    CLEAR  (SCALE 0-3)  15
DPTR FM NORMAL   -18    PTCLDY (SCALE 4-7)   7
TOTAL FM JUL 1   830    CLOUDY (SCALE 8-10)  0
DPTR FM NORMAL  -119

[CDD (BASE 65) ]
TOTAL THIS MO.     0
DPTR FM NORMAL     0    [PRESSURE DATA]
TOTAL FM JAN 1   235    HIGHEST SLP M ON M
DPTR FM NORMAL    58    LOWEST  SLP 29.03 ON 20

[REMARKS]
