000
CXUS55 KCYS 221000
CF6CYS
PRELIMINARY LOCAL CLIMATOLOGICAL DATA (WS FORM: F-6)

                                          STATION:   CHEYENNE WYOMING AIRPORT
                                          MONTH:     JUNE
                                          YEAR:      2017
                                          LATITUDE:   41  9 N
                                          LONGITUDE: 104 49 W

  TEMPERATURE IN F:       :PCPN:    SNOW:  WIND      :SUNSHINE: SKY     :PK WND
================================================================================
1   2   3   4   5  6A  6B    7    8   9   10  11  12  13   14  15   16   17  18
                                     12Z  AVG MX 2MIN
DY MAX MIN AVG DEP HDD CDD  WTR  SNW DPTH SPD SPD DIR MIN PSBL S-S WX    SPD DR
================================================================================

 1  78  48  63   6   2   0 0.06  0.0    0  7.4 22 190   M    M   1 3      31 200
 2  70  50  60   2   5   0 0.02  0.0    0 10.0 22 300   M    M   3 3      29 300
 3  73  47  60   2   5   0 0.00  0.0    0  8.2 15  20   M    M   1        19  10
 4  77  45  61   3   4   0 0.00  0.0    0  8.1 17 190   M    M   0        21 190
 5  79  49  64   6   1   0    T  0.0    0  8.5 30 280   M    M   2 3      39 280
 6  73  52  63   4   2   0 0.31  0.0    0  7.5 21  30   M    M   5 3      27  20
 7  77  53  65   6   0   0    T  0.0    0  9.7 24 120   M    M   4 1      31 140
 8  80  50  65   5   0   0 0.00  0.0    0 10.3 21 200   M    M   1 3      26 180
 9  85  52  69   9   0   4 0.00  0.0    0 13.3 25 280   M    M   0        35 280
10  81  55  68   8   0   3 0.00  0.0    0 10.7 26 250   M    M   0        34 200
11  74  55  65   5   0   0 0.00  0.0    0 13.2 26 350   M    M   1        35 330
12  77  50  64   3   1   0 0.25  0.0    0 13.2 28 270   M    M   6 13X    35 270
13  70  46  58  -3   7   0 0.00  0.0    0 14.4 33 280   M    M   0        41 290
14  78  50  64   2   1   0 0.00  0.0    0 15.8 33 280   M    M   1        42 280
15  82  46  64   2   1   0 0.00  0.0    0  8.2 20 280   M    M   1        29 240
16  84  54  69   7   0   4 0.00  0.0    0 16.1 36 280   M    M   0        44 290
17  75  53  64   1   1   0 0.00  0.0    0 12.5 28  20   M    M   5        35  20
18  82  47  65   2   0   0 0.00  0.0    0  8.0 22 320   M    M   3        32 330
19  80  47  64   1   1   0 0.00  0.0    0  6.7 16 210   M    M   2        22 220
20  92  50  71   7   0   6    T  0.0    0  9.6 20 270   M    M   1 3      25 310
21  92  59  76  12   0  11    T  0.0    0 15.5 29 260   M    M   0        38 280
================================================================================
SM 1659 1058        31  28  0.64     0.0 226.9          M       37
================================================================================
AV 79.0 50.4                              10.8 FASTST   M    M   2    MAX(MPH)
                                 MISC ---->  # 36 280               # 44  290
================================================================================
NOTES:
# LAST OF SEVERAL OCCURRENCES

COLUMN 17 PEAK WIND IN M.P.H.

PRELIMINARY LOCAL CLIMATOLOGICAL DATA (WS FORM: F-6) , PAGE 2

                                          STATION:  CHEYENNE WYOMING AIRPORT
                                          MONTH:    JUNE
                                          YEAR:     2017
                                          LATITUDE:   41  9 N
                                          LONGITUDE: 104 49 W

[TEMPERATURE DATA]      [PRECIPITATION DATA]       SYMBOLS USED IN COLUMN 16

AVERAGE MONTHLY: 64.7   TOTAL FOR MONTH:   0.64    1 = FOG OR MIST
DPTR FM NORMAL:   4.1   DPTR FM NORMAL:   -1.12    2 = FOG REDUCING VISIBILITY
HIGHEST:    92 ON 21,20 GRTST 24HR  0.31 ON  6- 6      TO 1/4 MILE OR LESS
LOWEST:     45 ON  4                               3 = THUNDER
                        SNOW, ICE PELLETS, HAIL    4 = ICE PELLETS
                        TOTAL MONTH:   0.0 INCH    5 = HAIL
                        GRTST 24HR     0.0         6 = FREEZING RAIN OR DRIZZLE
                        GRTST DEPTH:   0           7 = DUSTSTORM OR SANDSTORM:
                                                       VSBY 1/2 MILE OR LESS
                                                   8 = SMOKE OR HAZE
[NO. OF DAYS WITH]      [WEATHER - DAYS WITH]      9 = BLOWING SNOW
                                                   X = TORNADO
MAX 32 OR BELOW:   0    0.01 INCH OR MORE:   4
MAX 90 OR ABOVE:   2    0.10 INCH OR MORE:   2
MIN 32 OR BELOW:   0    0.50 INCH OR MORE:   0
MIN  0 OR BELOW:   0    1.00 INCH OR MORE:   0

[HDD (BASE 65) ]
TOTAL THIS MO.    31    CLEAR  (SCALE 0-3)  16
DPTR FM NORMAL   -85    PTCLDY (SCALE 4-7)   5
TOTAL FM JUL 1  6220    CLOUDY (SCALE 8-10)  0
DPTR FM NORMAL  -873

[CDD (BASE 65) ]
TOTAL THIS MO.    28
DPTR FM NORMAL     4    [PRESSURE DATA]
TOTAL FM JAN 1    28    HIGHEST SLP M ON M
DPTR FM NORMAL     1    LOWEST  SLP 29.41 ON 10

[REMARKS]
