000
CXUS53 KUNR 310945
CF6D07
PRELIMINARY LOCAL CLIMATOLOGICAL DATA (WS FORM: F-6)

                                          STATION:   FAITH SD
                                          MONTH:     JULY
                                          YEAR:      2014
                                          LATITUDE:   45  1 N
                                          LONGITUDE: 102  1 W

  TEMPERATURE IN F:       :PCPN:    SNOW:  WIND      :SUNSHINE: SKY     :PK WND
================================================================================
1   2   3   4   5  6A  6B    7    8   9   10  11  12  13   14  15   16   17  18
                                     12Z  AVG MX 2MIN
DY MAX MIN AVG DEP HDD CDD  WTR  SNW DPTH SPD SPD DIR MIN PSBL S-S WX    SPD DR
================================================================================

 1  71  53  62  -8   3   0 0.02    M    M 19.5 35 330   M    M   M        44 330
 2  76  50  63  -7   2   0 0.00    M    M  5.6 12 150   M    M   M        14 360
 3  76  51  64  -7   1   0 0.00    M    M 14.1 23 120   M    M   M        28 120
 4  83  63  73   2   0   8 0.00    M    M 13.1 23 170   M    M   M        29 170
 5  89  65  77   6   0  12 0.00    M    M  8.0 17 160   M    M   M        20 170
 6  85  63  74   3   0   9 0.00    M    M 11.2 20 330   M    M   M        24 330
 7  77  57  67  -5   0   2 0.00    M    M 14.8 30 320   M    M   M        40 340
 8  79  54  67  -5   0   2 0.00    M    M 10.1 18 310   M    M   M        25 310
 9  83  55  69  -3   0   4 0.00    M    M  9.1 16 120   M    M   M        20 130
10  82  56  69  -3   0   4 0.00    M    M  9.3 16 140   M    M   M        20 150
11  85  65  75   3   0  10 0.02    M    M 11.0 23  40   M    M   M        28  50
12  83  61  72   0   0   7 0.22    M    M  9.0 18  80   M    M   M        23  80
13  82  53  68  -5   0   3 0.00    M    M 11.6 26 350   M    M   M        32 340
14  71  48  60 -13   5   0 0.00    M    M 11.8 23  10   M    M   M        28  10
15  72  46  59 -14   6   0 0.00    M    M  7.6 14 100   M    M   M        23  60
16  78  55  67  -6   0   2 0.00    M    M 12.0 20 140   M    M   M        26 140
17  83  54  69  -4   0   4 0.00    M    M 11.9 16 160   M    M   M        24 170
18  89  59  74   1   0   9 0.00    M    M 12.9 22 340   M    M   M        28 330
19  87  59  73   0   0   8 0.00    M    M 11.2 21 160   M    M   M        26 160
20  94  64  79   6   0  14 0.00    M    M  8.9 16 170   M    M   M        19  30
21  96  65  81   8   0  16 0.01    M    M 12.4 29 310   M    M   M        34 310
22  84  58  71  -2   0   6 0.16    M    M  9.0 41  10   M    M   M        54  10
23  86  62  74   1   0   9 0.00    M    M 17.7 25 130   M    M   M        33 130
24  93  66  80   7   0  15 0.00    M    M 16.2 38 140   M    M   M        48 140
25  84  61  73  -1   0   8 0.00    M    M 11.7 22 340   M    M   M        27 330
26  83  57  70  -4   0   5 0.00    M    M 15.5 31 300   M    M   M        40 300
27  79  54  67  -7   0   2 0.00    M    M 12.3 22 350   M    M   M        35 360
28  79  50  65  -9   0   0 0.00    M    M  6.7 14 130   M    M   M        17 120
29  83  54  69  -5   0   4 0.00    M    M  7.1 12 160   M    M   M        16 180
30  85  55  70  -4   0   5 0.00    M    M  7.8 14  50   M    M   M        21 350
================================================================================
SM 2477 1713        17 168  0.43    M    339.1          M        M
================================================================================
AV 82.6 57.1                              11.3 FASTST   M    M   1    MAX(MPH)
                                 MISC ---->  # 41  10               # 54   10
================================================================================
NOTES:
# LAST OF SEVERAL OCCURRENCES

COLUMN 17 PEAK WIND IN M.P.H.

PRELIMINARY LOCAL CLIMATOLOGICAL DATA (WS FORM: F-6) , PAGE 2

                                          STATION:  FAITH SD
                                          MONTH:    JULY
                                          YEAR:     2014
                                          LATITUDE:   45  1 N
                                          LONGITUDE: 102  1 W

[TEMPERATURE DATA]      [PRECIPITATION DATA]       SYMBOLS USED IN COLUMN 16

AVERAGE MONTHLY: 69.8   TOTAL FOR MONTH:   0.43    1 = FOG OR MIST
DPTR FM NORMAL:  -2.7   DPTR FM NORMAL:   -2.31    2 = FOG REDUCING VISIBILITY
HIGHEST:    96 ON 21    GRTST 24HR  0.24 ON 11-12      TO 1/4 MILE OR LESS
LOWEST:     46 ON 15                               3 = THUNDER
                        SNOW, ICE PELLETS, HAIL    4 = ICE PELLETS
                        TOTAL MONTH:    M          5 = HAIL
                        GRTST 24HR    M  ON   M    6 = FREEZING RAIN OR DRIZZLE
                        GRTST DEPTH:  M  ON   M    7 = DUSTSTORM OR SANDSTORM:
                                                       VSBY 1/2 MILE OR LESS
                                                   8 = SMOKE OR HAZE
[NO. OF DAYS WITH]      [WEATHER - DAYS WITH]      9 = BLOWING SNOW
                                                   X = TORNADO
MAX 32 OR BELOW:   0    0.01 INCH OR MORE:   5
MAX 90 OR ABOVE:   3    0.10 INCH OR MORE:   2
MIN 32 OR BELOW:   0    0.50 INCH OR MORE:   0
MIN  0 OR BELOW:   0    1.00 INCH OR MORE:   0

[HDD (BASE 65) ]
TOTAL THIS MO.    17    CLEAR  (SCALE 0-3)   0
DPTR FM NORMAL    12    PTCLDY (SCALE 4-7)   0
TOTAL FM JUL 1    17    CLOUDY (SCALE 8-10)  0
DPTR FM NORMAL    12

[CDD (BASE 65) ]
TOTAL THIS MO.   168
DPTR FM NORMAL   -71    [PRESSURE DATA]
TOTAL FM JAN 1   220    HIGHEST SLP M ON M
DPTR FM NORMAL  -119    LOWEST  SLP 29.54 ON 24

[REMARKS]
