000
CXUS52 KMLB 220628
CF6DAB
PRELIMINARY LOCAL CLIMATOLOGICAL DATA (WS FORM: F-6)

                                          STATION:   DAYTONA BEACH
                                          MONTH:     OCTOBER
                                          YEAR:      2017
                                          LATITUDE:   29 10 N
                                          LONGITUDE:  81  3 W

  TEMPERATURE IN F:       :PCPN:    SNOW:  WIND      :SUNSHINE: SKY     :PK WND
================================================================================
1   2   3   4   5  6A  6B    7    8   9   10  11  12  13   14  15   16   17  18
                                     12Z  AVG MX 2MIN
DY MAX MIN AVG DEP HDD CDD  WTR  SNW DPTH SPD SPD DIR MIN PSBL S-S WX    SPD DR
================================================================================

 1  82  75  79   1   0  14 1.46  0.0    0 10.5 22  80   M    M   9 18     28  80
 2  84  74  79   2   0  14 0.04  0.0    0 17.1 29  70   M    M   7 1      35  80
 3  84  77  81   4   0  16    T  0.0    0 20.7 28  70   M    M   7        36  70
 4  84  77  81   4   0  16    T  0.0    0 19.7 29  50   M    M   6        35  40
 5  80  74  77   0   0  12 1.89  0.0    0 15.9 30  70   M    M   9 1      35  50
 6  87  74  81   4   0  16 0.00  0.0    0  5.3 14  60   M    M   7 1      18  80
 7  87  78  83   7   0  18 0.00  0.0    0  8.3 61  80   M    M   6 1      61  80
 8  89  76  83   7   0  18 0.09  0.0    0  5.6 15 220   M    M   8 13     20 140
 9  88  77  83   7   0  18    T  0.0    0  4.7 12  90   M    M   8 1      16  90
10  87  76  82   6   0  17    T  0.0    0  4.0 16  90   M    M   4        22  80
11  86  73  80   5   0  15 0.00  0.0    0  5.6 16  60   M    M   4        19  50
12  85  72  79   4   0  14 0.00  0.0    0 11.3 18  40   M    M   4        24  40
13  86  77  82   7   0  17 0.07  0.0    0 14.9 24  60   M    M   5 1      29  60
14  86  78  82   7   0  17    T  0.0    0 11.0 21  60   M    M   4        26  70
15  86  75  81   7   0  16 0.03  0.0    0  6.8 17  60   M    M   5 1      22  80
16  87  71  79   5   0  14 0.01  0.0    0  4.1 26 350   M    M   4 18     34 350
17  80  71  76   2   0  11 1.74  0.0    0 14.4 26  10   M    M   9        34  20
18  82  71  77   3   0  12 0.80  0.0    0 12.6 26  40   M    M   6 3      33  60
19  85  73  79   6   0  14 0.09  0.0    0 12.0 28  40   M    M   6 1      35  30
20  84  73  79   6   0  14 0.02  0.0    0 12.2 21  70   M    M   4 1      26  60
21  84  74  79   6   0  14 0.07  0.0    0  9.8 20  70   M    M   6 1      23  70
================================================================================
SM 1783 1566         0 317  6.31     0.0 226.5          M      128
================================================================================
AV 84.9 74.6                              10.8 FASTST   M    M   6    MAX(MPH)
                                 MISC ---->  # 61  80               # 61   80
================================================================================
NOTES:
# LAST OF SEVERAL OCCURRENCES

COLUMN 17 PEAK WIND IN M.P.H.

PRELIMINARY LOCAL CLIMATOLOGICAL DATA (WS FORM: F-6) , PAGE 2

                                          STATION:  DAYTONA BEACH
                                          MONTH:    OCTOBER
                                          YEAR:     2017
                                          LATITUDE:   29 10 N
                                          LONGITUDE:  81  3 W

[TEMPERATURE DATA]      [PRECIPITATION DATA]       SYMBOLS USED IN COLUMN 16

AVERAGE MONTHLY: 79.7   TOTAL FOR MONTH:   6.31    1 = FOG OR MIST
DPTR FM NORMAL:   4.4   DPTR FM NORMAL:    3.11    2 = FOG REDUCING VISIBILITY
HIGHEST:    89 ON  8    GRTST 24HR  1.89 ON  5- 5      TO 1/4 MILE OR LESS
LOWEST:     71 ON 18,17                            3 = THUNDER
                        SNOW, ICE PELLETS, HAIL    4 = ICE PELLETS
                        TOTAL MONTH:   0.0 INCH    5 = HAIL
                        GRTST 24HR     0.0         6 = FREEZING RAIN OR DRIZZLE
                        GRTST DEPTH:   0           7 = DUSTSTORM OR SANDSTORM:
                                                       VSBY 1/2 MILE OR LESS
                                                   8 = SMOKE OR HAZE
[NO. OF DAYS WITH]      [WEATHER - DAYS WITH]      9 = BLOWING SNOW
                                                   X = TORNADO
MAX 32 OR BELOW:   0    0.01 INCH OR MORE:  12
MAX 90 OR ABOVE:   0    0.10 INCH OR MORE:   4
MIN 32 OR BELOW:   0    0.50 INCH OR MORE:   4
MIN  0 OR BELOW:   0    1.00 INCH OR MORE:   3

[HDD (BASE 65) ]
TOTAL THIS MO.     0    CLEAR  (SCALE 0-3)   0
DPTR FM NORMAL     0    PTCLDY (SCALE 4-7)  18
TOTAL FM JUL 1     0    CLOUDY (SCALE 8-10)  3
DPTR FM NORMAL     0

[CDD (BASE 65) ]
TOTAL THIS MO.   317
DPTR FM NORMAL   100    [PRESSURE DATA]
TOTAL FM JAN 1  3226    HIGHEST SLP M ON M
DPTR FM NORMAL   499    LOWEST  SLP 29.88 ON  8

[REMARKS]
