000
CXUS52 KMLB 280632
CF6DAB
PRELIMINARY LOCAL CLIMATOLOGICAL DATA (WS FORM: F-6)

                                          STATION:   DAYTONA BEACH
                                          MONTH:     JUNE
                                          YEAR:      2017
                                          LATITUDE:   29 10 N
                                          LONGITUDE:  81  3 W

  TEMPERATURE IN F:       :PCPN:    SNOW:  WIND      :SUNSHINE: SKY     :PK WND
================================================================================
1   2   3   4   5  6A  6B    7    8   9   10  11  12  13   14  15   16   17  18
                                     12Z  AVG MX 2MIN
DY MAX MIN AVG DEP HDD CDD  WTR  SNW DPTH SPD SPD DIR MIN PSBL S-S WX    SPD DR
================================================================================

 1  92  70  81   3   0  16 0.26  0.0    0  4.6 22  60   M    M   7 13     28  80
 2  84  71  78  -1   0  13 0.16  0.0    0  4.2 13 200   M    M  10 1      19 100
 3  83  69  76  -3   0  11 0.00  0.0    0  4.6 15  70   M    M   7 1      20  70
 4  83  70  77  -2   0  12    T  0.0    0  4.0 12  80   M    M   8 1      16  80
 5  88  73  81   2   0  16 0.10  0.0    0  5.9 23 210   M    M   9 13     27 210
 6  84  72  78  -1   0  13 0.61  0.0    0  6.8 14 230   M    M  10 13     19 230
 7  80  72  76  -3   0  11 0.76  0.0    0  8.1 21 250   M    M   9 13     31 250
 8  80  71  76  -3   0  11 1.24  0.0    0 10.2 22  30   M    M   8 13     26  30
 9  85  72  79   0   0  14 0.00  0.0    0  9.6 18  50   M    M   5        24  50
10  87  75  81   1   0  16 0.07  0.0    0  6.5 17  70   M    M   6 1      23  60
11  88  72  80   0   0  15    T  0.0    0  4.7 16  70   M    M   7 1      21  70
12  87  73  80   0   0  15 0.21  0.0    0  3.4 13  70   M    M   9 13     16  70
13  87  74  81   1   0  16 0.10  0.0    0  2.4 13  60   M    M   8 13     15  80
14  89  73  81   1   0  16 0.23  0.0    0  3.1 23 160   M    M   7 13     31 160
15  89  72  81   1   0  16 0.25  0.0    0  4.6 13 110   M    M   7 13     20 110
16  89  72  81   1   0  16 0.58  0.0    0  5.2 23 340   M    M   7 13     31 310
17  90  71  81   1   0  16 0.09  0.0    0  5.1 16  90   M    M   4 13     21  80
18  89  74  82   2   0  17 0.00  0.0    0  5.9 15 110   M    M   4        24 120
19  89  75  82   2   0  17 0.29  0.0    0  3.6 23 160   M    M   9 138    35 160
20  87  76  82   2   0  17 0.02  0.0    0  7.3 16 110   M    M   9        24 120
21  91  77  84   4   0  19 0.07  0.0    0  5.7 13 160   M    M   7 18     19 150
22  89  75  82   1   0  17 0.01  0.0    0  6.1 16  70   M    M   3 1      22 110
23  90  74  82   1   0  17 0.00  0.0    0  5.8 14  90   M    M   4 1      19  90
24  94  76  85   4   0  20 0.00  0.0    0  6.6 17 310   M    M   5 3      24 240
25  91  77  84   3   0  19    T  0.0    0  4.7 12  10   M    M   8 3      15 140
26  90  74  82   1   0  17 2.51  0.0    0  3.7 22 350   M    M   7 123    36 360
27  90  74  82   1   0  17 1.62  0.0    0  5.0 32  40   M    M   7 138    44  50
================================================================================
SM 2365 1974         0 420  9.18     0.0 147.4          M      191
================================================================================
AV 87.6 73.1                               5.5 FASTST   M    M   7    MAX(MPH)
                                 MISC ---->  # 32  40               # 44   50
================================================================================
NOTES:
# LAST OF SEVERAL OCCURRENCES

COLUMN 17 PEAK WIND IN M.P.H.

PRELIMINARY LOCAL CLIMATOLOGICAL DATA (WS FORM: F-6) , PAGE 2

                                          STATION:  DAYTONA BEACH
                                          MONTH:    JUNE
                                          YEAR:     2017
                                          LATITUDE:   29 10 N
                                          LONGITUDE:  81  3 W

[TEMPERATURE DATA]      [PRECIPITATION DATA]       SYMBOLS USED IN COLUMN 16

AVERAGE MONTHLY: 80.4   TOTAL FOR MONTH:   9.18    1 = FOG OR MIST
DPTR FM NORMAL:   0.5   DPTR FM NORMAL:    3.92    2 = FOG REDUCING VISIBILITY
HIGHEST:    94 ON 24    GRTST 24HR  2.51 ON 26-26      TO 1/4 MILE OR LESS
LOWEST:     69 ON  3                               3 = THUNDER
                        SNOW, ICE PELLETS, HAIL    4 = ICE PELLETS
                        TOTAL MONTH:   0.0 INCH    5 = HAIL
                        GRTST 24HR     0.0         6 = FREEZING RAIN OR DRIZZLE
                        GRTST DEPTH:   0           7 = DUSTSTORM OR SANDSTORM:
                                                       VSBY 1/2 MILE OR LESS
                                                   8 = SMOKE OR HAZE
[NO. OF DAYS WITH]      [WEATHER - DAYS WITH]      9 = BLOWING SNOW
                                                   X = TORNADO
MAX 32 OR BELOW:   0    0.01 INCH OR MORE:  19
MAX 90 OR ABOVE:   8    0.10 INCH OR MORE:  14
MIN 32 OR BELOW:   0    0.50 INCH OR MORE:   6
MIN  0 OR BELOW:   0    1.00 INCH OR MORE:   3

[HDD (BASE 65) ]
TOTAL THIS MO.     0    CLEAR  (SCALE 0-3)   1
DPTR FM NORMAL     0    PTCLDY (SCALE 4-7)  17
TOTAL FM JUL 1   401    CLOUDY (SCALE 8-10)  9
DPTR FM NORMAL  -408

[CDD (BASE 65) ]
TOTAL THIS MO.   420
DPTR FM NORMAL    20    [PRESSURE DATA]
TOTAL FM JAN 1  1237    HIGHEST SLP M ON M
DPTR FM NORMAL   236    LOWEST  SLP 29.69 ON M

[REMARKS]
