000
CXUS51 KRNK 230914
CF6DAN
PRELIMINARY LOCAL CLIMATOLOGICAL DATA (WS FORM: F-6)

                                          STATION:   DANVILLE VA
                                          MONTH:     AUGUST
                                          YEAR:      2016
                                          LATITUDE:   36 34 N
                                          LONGITUDE:  79 20 W

  TEMPERATURE IN F:       :PCPN:    SNOW:  WIND      :SUNSHINE: SKY     :PK WND
================================================================================
1   2   3   4   5  6A  6B    7    8   9   10  11  12  13   14  15   16   17  18
                                     12Z  AVG MX 2MIN
DY MAX MIN AVG DEP HDD CDD  WTR  SNW DPTH SPD SPD DIR MIN PSBL S-S WX    SPD DR
================================================================================

 1  92  70  81   3   0  16 0.05  0.0    0  3.6 12 240   M    M   2 13     23 200
 2  89  72  81   3   0  16 0.57  0.0    0  3.1 13  60   M    M   4 13     20 220
 3  82  72  77  -1   0  12 0.01  0.0    0  6.0 10  60   M    M   9 1      24 120
 4  84  70  77  -1   0  12 0.00  0.0    0  5.3 10  40   M    M   8        20  10
 5  83  72  78   0   0  13 0.71  0.0    0  1.9 12 240   M    M   7 13     24 220
 6  90  71  81   3   0  16 1.85  0.0    0  7.5 23  40   M    M   5 123    29  40
 7  84  71  78   0   0  13 0.04  0.0    0  4.8 14  50   M    M   5 1      23  80
 8  77  69  73  -5   0   8 0.67  0.0    0  5.4 14  40   M    M  10 13     31  80
 9  87  69  78   0   0  13    T  0.0    0  4.3 10  70   M    M   6 12     14  30
10  88  69  79   1   0  14    T  0.0    0  2.2 10 280   M    M   2 12     19 230
11  89  71  80   2   0  15 0.00  0.0    0  2.3 10 230   M    M   5 1      17 250
12  90  73  82   4   0  17 0.00  0.0    0  4.3 12 230   M    M   1        15 210
13  92  74  83   5   0  18 0.00  0.0    0  6.3 16 230   M    M   1        22 230
14  93  74  84   6   0  19 0.00  0.0    0  4.5 12 240   M    M   0        21 260
15  93  73  83   6   0  18 0.00  0.0    0  1.9  8 220   M    M   1        12 190
16  92  73  83   6   0  18 0.00  0.0    0  4.7 13 220   M    M   2        20 220
17  93  72  83   6   0  18 0.63  0.0    0  3.7 28 330   M    M   2 13     36 330
18  88  71  80   3   0  15 0.00  0.0    0  4.2 12 330   M    M   2 1      15 310
19  86  73  80   3   0  15 0.01  0.0    0  2.4  8 350   M    M   6 1      12 340
20  88  71  80   3   0  15    T  0.0    0  1.5  9 190   M    M   5 1      14 220
21  90  70  80   3   0  15 0.01  0.0    0  5.3 24 330   M    M   4        32 320
22  83  61  72  -5   0   7 0.00  0.0    0  3.3 12 340   M    M   1        14 300
================================================================================
SM 1933 1561         0 323  4.55     0.0  88.5          M       88
================================================================================
AV 87.9 71.0                               4.0 FASTST   M    M   4    MAX(MPH)
                                 MISC ---->  # 28 330               # 36  330
================================================================================
NOTES:
# LAST OF SEVERAL OCCURRENCES

COLUMN 17 PEAK WIND IN M.P.H.

PRELIMINARY LOCAL CLIMATOLOGICAL DATA (WS FORM: F-6) , PAGE 2

                                          STATION:  DANVILLE VA
                                          MONTH:    AUGUST
                                          YEAR:     2016
                                          LATITUDE:   36 34 N
                                          LONGITUDE:  79 20 W

[TEMPERATURE DATA]      [PRECIPITATION DATA]       SYMBOLS USED IN COLUMN 16

AVERAGE MONTHLY: 79.4   TOTAL FOR MONTH:   4.55    1 = FOG OR MIST
DPTR FM NORMAL:   1.8   DPTR FM NORMAL:    1.84    2 = FOG REDUCING VISIBILITY
HIGHEST:    93 ON 17,15 GRTST 24HR  1.89 ON  6- 7      TO 1/4 MILE OR LESS
LOWEST:     61 ON 22                               3 = THUNDER
                        SNOW, ICE PELLETS, HAIL    4 = ICE PELLETS
                        TOTAL MONTH:   0.0 INCH    5 = HAIL
                        GRTST 24HR     0.0         6 = FREEZING RAIN OR DRIZZLE
                        GRTST DEPTH:   0           7 = DUSTSTORM OR SANDSTORM:
                                                       VSBY 1/2 MILE OR LESS
                                                   8 = SMOKE OR HAZE
[NO. OF DAYS WITH]      [WEATHER - DAYS WITH]      9 = BLOWING SNOW
                                                   X = TORNADO
MAX 32 OR BELOW:   0    0.01 INCH OR MORE:  10
MAX 90 OR ABOVE:   9    0.10 INCH OR MORE:   5
MIN 32 OR BELOW:   0    0.50 INCH OR MORE:   5
MIN  0 OR BELOW:   0    1.00 INCH OR MORE:   1

[HDD (BASE 65) ]
TOTAL THIS MO.     0    CLEAR  (SCALE 0-3)  10
DPTR FM NORMAL     0    PTCLDY (SCALE 4-7)  10
TOTAL FM JUL 1     0    CLOUDY (SCALE 8-10)  2
DPTR FM NORMAL     0

[CDD (BASE 65) ]
TOTAL THIS MO.   323
DPTR FM NORMAL    45    [PRESSURE DATA]
TOTAL FM JAN 1  1190    HIGHEST SLP M ON M
DPTR FM NORMAL    59    LOWEST  SLP 29.80 ON  6

[REMARKS]
