000
CXUS51 KRNK 300845
CF6DAN

PRELIMINARY LOCAL CLIMATOLOGICAL DATA (WS FORM: F-6)

                                          STATION:   DANVILLE VA
                                          MONTH:     MARCH
                                          YEAR:      2015
                                          LATITUDE:   36 34 N
                                          LONGITUDE:  79 20 W

  TEMPERATURE IN F:       :PCPN:    SNOW:  WIND      :SUNSHINE: SKY     :PK WND
================================================================================
1   2   3   4   5  6A  6B    7    8   9   10  11  12  13   14  15   16   17  18
                                     12Z  AVG MX 2MIN
DY MAX MIN AVG DEP HDD CDD  WTR  SNW DPTH SPD SPD DIR MIN PSBL S-S WX    SPD DR
================================================================================

 1  35  25  30 -14  35   0 0.19    T    0  3.0 10 230   M    M  10 146    12 230
 2  57  35  46   2  19   0 0.00  0.0    0  8.4 23 320   M    M   4 12     31 330
 3  40  35  38  -7  27   0 0.06  0.0    0  5.0 12  70   M    M   9 1      15  80
 4  70  40  55  10  10   0 0.00  0.0    0  6.4 12  40   M    M   8 1      17 210
 5  56  31  44  -1  21   0 1.00    T    0 11.7 24  50   M    M  10 1      30  50
 6  37  22  30 -16  35   0 0.00  0.0    0  6.2 15 360   M    M   3        19 350
 7  57  19  38  -8  27   0 0.00  0.0    0  5.8 16 250   M    M   0        21 270
 8  69  30  50   4  15   0 0.00  0.0    0  5.5 20 270   M    M   0        27 260
 9  67  42  55   9  10   0 0.00  0.0    0  5.3 23 230   M    M   4        29 220
10  70  49  60  13   5   0 0.01  0.0    0  2.8 13 200   M    M   9        19 200
11  67  55  61  14   4   0 0.19  0.0    0  5.0 10 240   M    M  10 1      13 270
12  65  41  53   6  12   0 0.00  0.0    0  5.9 18  50   M    M   0        21  50
13  50  41  46  -2  19   0 0.09  0.0    0  3.4  7 360   M    M   8 1       8 350
14  60  41  51   3  14   0    M  0.0    0  5.3 18 240   M    M   9 1      22 240
15  72  45  59  11   6   0 0.00  0.0    0  9.3 24 310   M    M   0        31 320
16  83  42  63  14   2   0 0.00  0.0    0  5.2 18 260   M    M   0        24 310
17  79  46  63  14   2   0 0.00  0.0    0 10.1 24 320   M    M   1        32 340
18  58  35  47  -2  18   0 0.00  0.0    0  5.8 14  20   M    M   0        19 360
19  49  41  45  -5  20   0    M  0.0    0  6.1 13  60   M    M   8 1      16  70
20  48  40  44  -6  21   0    M  0.0    0  3.3  8  60   M    M  10 1      10  50
21  68  39  54   4  11   0 0.00  0.0    0  4.3 14 240   M    M   4 12     17 260
22  69  46  58   8   7   0 0.00  0.0    0  3.3  9  60   M    M   1        12  70
23  59  41  50  -1  15   0 0.00  0.0    0  7.1 17  60   M    M   5        21  70
24  67  35  51   0  14   0 0.00  0.0    0  4.8 14  60   M    M   6        18  70
25  60  46  53   1  12   0    T  0.0    0  4.1  9  50   M    M  10        14  80
26  75  50  63  11   2   0 0.11  0.0    0  5.8 21 230   M    M   6 12     28 230
27  63  40  52   0  13   0 0.47  0.0    0  7.4 18 350   M    M   9 1      24 340
28  45  28  37 -15  28   0 0.00  0.0    0 10.5 22 340   M    M   3        27 320
29  52  21  37 -16  28   0 0.00  0.0    0  4.5 14 230   M    M   0        18 220
================================================================================
SM 1747 1101       452   0  2.12    T    171.3          M      147
================================================================================
AV 60.2 38.0                               5.9 FASTST   M    M   5    MAX(MPH)
                                 MISC ---->  # 24  50               # 32  340
================================================================================
NOTES:
# LAST OF SEVERAL OCCURRENCES

COLUMN 17 PEAK WIND IN M.P.H.

PRELIMINARY LOCAL CLIMATOLOGICAL DATA (WS FORM: F-6) , PAGE 2

                                          STATION:  DANVILLE VA
                                          MONTH:    MARCH
                                          YEAR:     2015
                                          LATITUDE:   36 34 N
                                          LONGITUDE:  79 20 W

[TEMPERATURE DATA]      [PRECIPITATION DATA]       SYMBOLS USED IN COLUMN 16

AVERAGE MONTHLY: 49.1   TOTAL FOR MONTH:   2.12    1 = FOG OR MIST
DPTR FM NORMAL:   0.8   DPTR FM NORMAL:   -1.67    2 = FOG REDUCING VISIBILITY
HIGHEST:    83 ON 16    GRTST 24HR  1.00 ON  5- 5      TO 1/4 MILE OR LESS
LOWEST:     19 ON  7                               3 = THUNDER
                        SNOW, ICE PELLETS, HAIL    4 = ICE PELLETS
                        TOTAL MONTH:    T          5 = HAIL
                        GRTST 24HR    T  ON  5- 5  6 = FREEZING RAIN OR DRIZZLE
                        GRTST DEPTH:   0           7 = DUSTSTORM OR SANDSTORM:
                                                       VSBY 1/2 MILE OR LESS
                                                   8 = SMOKE OR HAZE
[NO. OF DAYS WITH]      [WEATHER - DAYS WITH]      9 = BLOWING SNOW
                                                   X = TORNADO
MAX 32 OR BELOW:   0    0.01 INCH OR MORE:   8
MAX 90 OR ABOVE:   0    0.10 INCH OR MORE:   5
MIN 32 OR BELOW:   7    0.50 INCH OR MORE:   1
MIN  0 OR BELOW:   0    1.00 INCH OR MORE:   1

[HDD (BASE 65) ]
TOTAL THIS MO.   452    CLEAR  (SCALE 0-3)  10
DPTR FM NORMAL   -34    PTCLDY (SCALE 4-7)   9
TOTAL FM JUL 1  3546    CLOUDY (SCALE 8-10) 10
DPTR FM NORMAL    59

[CDD (BASE 65) ]
TOTAL THIS MO.     0
DPTR FM NORMAL     0    [PRESSURE DATA]
TOTAL FM JAN 1     0    HIGHEST SLP M ON M
DPTR FM NORMAL     0    LOWEST  SLP 29.65 ON 26


[REMARKS]
DUE TO EQUIPMENT FAILURE RESULTING IN MISSING TEMPERATURE
DATA ON FEBRUARY 15...THE SEASONAL TOTAL AND DEPARTURE FROM NORMAL
FOR HDD WILL BE CALCULATED WITHOUT DATA FROM THIS DATE. ALSO...DUE
TO A TIPPING BUCKET FAILURE RESULTING IN MISSING PRECIPITATION DATA
ON MARCH 14 AND 19-20...ALL TOTALS AND DEPARTURES FROM NORMAL FOR
PRECIPITATION WILL BE CALCULATED WITHOUT DATA FROM THOSE DATES.
