000
CXUS51 KRNK 180750
CF6DAN
PRELIMINARY LOCAL CLIMATOLOGICAL DATA (WS FORM: F-6)

                                          STATION:   DANVILLE VA
                                          MONTH:     JANUARY
                                          YEAR:      2017
                                          LATITUDE:   36 34 N
                                          LONGITUDE:  79 20 W

  TEMPERATURE IN F:       :PCPN:    SNOW:  WIND      :SUNSHINE: SKY     :PK WND
================================================================================
1   2   3   4   5  6A  6B    7    8   9   10  11  12  13   14  15   16   17  18
                                     12Z  AVG MX 2MIN
DY MAX MIN AVG DEP HDD CDD  WTR  SNW DPTH SPD SPD DIR MIN PSBL S-S WX    SPD DR
================================================================================

 1  54  42  48  10  17   0 0.08  0.0    0  3.2 10 230   M    M   9 1      14 220
 2  48  44  46   8  19   0 0.84  0.0    0  7.0 13  20   M    M   9 1      17  40
 3  50  42  46   8  19   0 0.55  0.0    0  6.7 16 240   M    M  10 1      21 230
 4  58  36  47   9  18   0 0.00  0.0    0  9.5 20 290   M    M   3 1      27 300
 5  38  27  33  -5  32   0 0.00  0.0    0  2.9  8  60   M    M   6        11 300
 6  37  28  33  -5  32   0 0.12  1.0    1  6.7 15 340   M    M  10 1      19 340
 7  28   7  18 -19  47   0 0.33  7.8    9  9.8 22  40   M    M   7 1      28  30
 8  24   2  13 -24  52   0 0.00  0.0    8  5.8 16 330   M    M   0        22 320
 9  25  -1  12 -25  53   0 0.00  0.0    5  1.5 12 230   M    M   0        14 230
10  41  11  26 -11  39   0 0.00  0.0    3  3.0 13 220   M    M   2        18 220
11  54  33  44   7  21   0    T  0.0    1  3.7 13 230   M    M   7 12     16 240
12  70  42  56  19   9   0 0.00  0.0    0  8.0 23 240   M    M   3 12     29 240
13  71  48  60  23   5   0 0.00  0.0    0  5.8 14  70   M    M   6        19  60
14  52  39  46   9  19   0 0.04  0.0    0  5.6 17  50   M    M   9 1      21  50
15  54  41  48  11  17   0 0.00  0.0    0  4.9 12  50   M    M   9        15  70
16  52  40  46   8  19   0 0.00  0.0    0  2.9  8  60   M    M   7        10  90
17  58  42  50  12  15   0 0.09  0.0    0  5.1 10 230   M    M   8 1      18 190
================================================================================
SM  814  523       433   0  2.05     8.8  92.1          M      105
================================================================================
AV 47.9 30.8                               5.4 FASTST   M    M   6    MAX(MPH)
                                 MISC ---->  # 23 240               # 29  240
================================================================================
NOTES:
# LAST OF SEVERAL OCCURRENCES

COLUMN 17 PEAK WIND IN M.P.H.

PRELIMINARY LOCAL CLIMATOLOGICAL DATA (WS FORM: F-6) , PAGE 2

                                          STATION:  DANVILLE VA
                                          MONTH:    JANUARY
                                          YEAR:     2017
                                          LATITUDE:   36 34 N
                                          LONGITUDE:  79 20 W

[TEMPERATURE DATA]      [PRECIPITATION DATA]       SYMBOLS USED IN COLUMN 16

AVERAGE MONTHLY: 39.3   TOTAL FOR MONTH:   2.05    1 = FOG OR MIST
DPTR FM NORMAL:   1.9   DPTR FM NORMAL:    0.19    2 = FOG REDUCING VISIBILITY
HIGHEST:    71 ON 13    GRTST 24HR  1.03 ON  2- 3      TO 1/4 MILE OR LESS
LOWEST:     -1 ON  9                               3 = THUNDER
                        SNOW, ICE PELLETS, HAIL    4 = ICE PELLETS
                        TOTAL MONTH:   8.8 INCHES  5 = HAIL
                        GRTST 24HR   7.8 ON   M    6 = FREEZING RAIN OR DRIZZLE
                        GRTST DEPTH:   9 ON  7     7 = DUSTSTORM OR SANDSTORM:
                                                       VSBY 1/2 MILE OR LESS
                                                   8 = SMOKE OR HAZE
[NO. OF DAYS WITH]      [WEATHER - DAYS WITH]      9 = BLOWING SNOW
                                                   X = TORNADO
MAX 32 OR BELOW:   3    0.01 INCH OR MORE:   7
MAX 90 OR ABOVE:   0    0.10 INCH OR MORE:   4
MIN 32 OR BELOW:   6    0.50 INCH OR MORE:   2
MIN  0 OR BELOW:   1    1.00 INCH OR MORE:   0

[HDD (BASE 65) ]
TOTAL THIS MO.   433    CLEAR  (SCALE 0-3)   4
DPTR FM NORMAL   -37    PTCLDY (SCALE 4-7)   6
TOTAL FM JUL 1  1737    CLOUDY (SCALE 8-10)  7
DPTR FM NORMAL  -215

[CDD (BASE 65) ]
TOTAL THIS MO.     0
DPTR FM NORMAL     0    [PRESSURE DATA]
TOTAL FM JAN 1     0    HIGHEST SLP M ON M
DPTR FM NORMAL     0    LOWEST  SLP 29.61 ON  3

[REMARKS]
