000
CXUS56 KTFX 291205
CF6DLN
PRELIMINARY LOCAL CLIMATOLOGICAL DATA (WS FORM: F-6)

                                          STATION:   DILLON AIRPORT MT
                                          MONTH:     MAY
                                          YEAR:      2016
                                          LATITUDE:   45 15 N
                                          LONGITUDE: 112 33 W

  TEMPERATURE IN F:       :PCPN:    SNOW:  WIND      :SUNSHINE: SKY     :PK WND
================================================================================
1   2   3   4   5  6A  6B    7    8   9   10  11  12  13   14  15   16   17  18
                                     12Z  AVG MX 2MIN
DY MAX MIN AVG DEP HDD CDD  WTR  SNW DPTH SPD SPD DIR MIN PSBL S-S WX    SPD DR
================================================================================

 1  61  31  46   0  19   0 0.00    M    0  5.9 14  80   M    M   2        16  30
 2  69  29  49   3  16   0 0.00    M    0  5.0 13 210   M    M   0        15 210
 3  76  37  57  10   8   0 0.00    M    0  7.6 16 190   M    M   0        20 170
 4  75  43  59  12   6   0 0.00    M    0 11.3 24 220   M    M   0        31 220
 5  77  45  61  13   4   0 0.00    M    0  7.2 22 180   M    M   1 8      29 180
 6  63  48  56   8   9   0 0.01    M    0 19.6 31  30   M    M   6        37  30
 7  72  44  58  10   7   0 0.00    M    0 11.7 25  40   M    M   6        31  40
 8  74  40  57   9   8   0    T    M    0  8.1 17 270   M    M   2        20 270
 9  52  32  42  -7  23   0 0.44    M    0 12.3 26  40   M    M   9 13     31 350
10  41  31  36 -13  29   0 0.11    M    0  7.8 21 340   M    M   9 128    25  10
11  57  26  42  -7  23   0 0.00    M    0  5.5 16 220   M    M   3        20 220
12  73  33  53   3  12   0 0.00    M    0 12.6 28 230   M    M   2 8      34 200
13  54  34  44  -6  21   0 0.00    M    0 14.7 29  40   M    M   3        35  40
14  56  30  43  -7  22   0 0.07    M    0 13.3 31  40   M    M   4        35  40
15  49  39  44  -6  21   0 0.06    M    0 13.1 21  50   M    M  10 1      25  40
16  58  38  48  -2  17   0 0.00    M    0 10.0 17  20   M    M   9        22  20
17  67  34  51   0  14   0 0.00    M    0  3.7 10  10   M    M   2        13 270
18  73  39  56   5   9   0 0.00    M    0  7.8 18 240   M    M   3        25 240
19  59  38  49  -2  16   0 0.47    M    0  8.0 37 260   M    M   4 1      46 250
20  55  35  45  -7  20   0 0.10    M    0  6.2 18 130   M    M   6 13     23 300
21  57  37  47  -5  18   0 0.28    M    0 10.2 26 170   M    M   7 13     34 200
22  57  35  46  -6  19   0 0.00    M    0 13.1 38 200   M    M   5        45 220
23  54  37  46  -6  19   0 0.00    M    0 11.7 24 360   M    M   7        36  30
24  57  34  46  -6  19   0    T    M    0  5.0 22  30   M    M   3        28  30
25  65  38  52  -1  13   0 0.00    M    0  4.4 16 340   M    M   5        20 350
26  67  37  52  -1  13   0 0.00    M    0  7.8 21 340   M    M   2        25 330
27  59  42  51  -2  14   0 0.11    M    0  5.4 22 360   M    M   8 13     24 300
28  64  41  53   0  12   0 0.03    M    0  4.3 20 300   M    M   6        26 260
================================================================================
SM 1741 1027       431   0  1.68    M    253.3          M      124
================================================================================
AV 62.2 36.7                               9.0 FASTST   M    M   4    MAX(MPH)
                                 MISC ---->  # 38 200               # 46  250
================================================================================
NOTES:
# LAST OF SEVERAL OCCURRENCES

COLUMN 17 PEAK WIND IN M.P.H.

PRELIMINARY LOCAL CLIMATOLOGICAL DATA (WS FORM: F-6) , PAGE 2

                                          STATION:  DILLON AIRPORT MT
                                          MONTH:    MAY
                                          YEAR:     2016
                                          LATITUDE:   45 15 N
                                          LONGITUDE: 112 33 W

[TEMPERATURE DATA]      [PRECIPITATION DATA]       SYMBOLS USED IN COLUMN 16

AVERAGE MONTHLY: 49.4   TOTAL FOR MONTH:   1.68    1 = FOG OR MIST
DPTR FM NORMAL:  -0.6   DPTR FM NORMAL:   -0.02    2 = FOG REDUCING VISIBILITY
HIGHEST:    77 ON  5    GRTST 24HR  0.47 ON 19-19      TO 1/4 MILE OR LESS
LOWEST:     26 ON 11                               3 = THUNDER
                        SNOW, ICE PELLETS, HAIL    4 = ICE PELLETS
                        TOTAL MONTH:    M          5 = HAIL
                        GRTST 24HR    M  ON   M    6 = FREEZING RAIN OR DRIZZLE
                        GRTST DEPTH:   0           7 = DUSTSTORM OR SANDSTORM:
                                                       VSBY 1/2 MILE OR LESS
                                                   8 = SMOKE OR HAZE
[NO. OF DAYS WITH]      [WEATHER - DAYS WITH]      9 = BLOWING SNOW
                                                   X = TORNADO
MAX 32 OR BELOW:   0    0.01 INCH OR MORE:  10
MAX 90 OR ABOVE:   0    0.10 INCH OR MORE:   6
MIN 32 OR BELOW:   6    0.50 INCH OR MORE:   0
MIN  0 OR BELOW:   0    1.00 INCH OR MORE:   0

[HDD (BASE 65) ]
TOTAL THIS MO.   431    CLEAR  (SCALE 0-3)  12
DPTR FM NORMAL     9    PTCLDY (SCALE 4-7)  11
TOTAL FM JUL 1  7336    CLOUDY (SCALE 8-10)  5
DPTR FM NORMAL  -655

[CDD (BASE 65) ]
TOTAL THIS MO.     0
DPTR FM NORMAL     0    [PRESSURE DATA]
TOTAL FM JAN 1     0    HIGHEST SLP M ON M
DPTR FM NORMAL     0    LOWEST  SLP 29.45 ON  8

[REMARKS]
