000
CXUS55 KVEF 240940
CF6DRA
PRELIMINARY LOCAL CLIMATOLOGICAL DATA (WS FORM: F-6)

                                          STATION:   DESERT ROCK-MERCURY NV
                                          MONTH:     NOVEMBER
                                          YEAR:      2017
                                          LATITUDE:   36 37 N
                                          LONGITUDE: 116  1 W

  TEMPERATURE IN F:       :PCPN:    SNOW:  WIND      :SUNSHINE: SKY     :PK WND
================================================================================
1   2   3   4   5  6A  6B    7    8   9   10  11  12  13   14  15   16   17  18
                                     12Z  AVG MX 2MIN
DY MAX MIN AVG DEP HDD CDD  WTR  SNW DPTH SPD SPD DIR MIN PSBL S-S WX    SPD DR
================================================================================

 1  74  46  60   3   5   0 0.00  0.0    0  7.9 18 240   M    M   0        24 210
 2  70  47  59   3   6   0 0.00  0.0    0 10.8 24 230   M    M   0        34 230
 3  64  49  57   1   8   0 0.00  0.0    0 16.7 25 230   M    M   0        33 220
 4  70  49  60   5   5   0 0.00  0.0    0 14.0 30 210   M    M   0        37 220
 5  69  48  59   4   6   0 0.00  0.0    0 11.3 24 210   M    M   0        31 230
 6  67  43  55   0  10   0 0.00  0.0    0  8.2 22 220   M    M   0        30 230
 7  68  39  54   0  11   0 0.00  0.0    0  4.4 17  30   M    M   0        21  30
 8  68  40  54   0  11   0 0.00  0.0    0  7.8 22 120   M    M   0        27 120
 9  73  42  58   5   7   0 0.00  0.0    0  7.5 25 220   M    M   0        34 210
10  68  37  53   0  12   0 0.00  0.0    0  5.8 17 240   M    M   0        22 240
11  71  39  55   3  10   0 0.00  0.0    0  4.6 17  30   M    M   0        19  20
12  66  41  54   2  11   0 0.00  0.0    0  5.1 15 120   M    M   0        18 130
13  69  36  53   1  12   0 0.00  0.0    0  2.8 10  90   M    M   0        11  90
14  70  37  54   3  11   0 0.00  0.0    0  3.6 13 210   M    M   0        16 210
15  70  39  55   4  10   0 0.00  0.0    0  4.5 13  90   M    M   0        15 210
16  74  45  60  10   5   0 0.00  0.0    0 20.9 36 200   M    M   0        48 210
17  71  43  57   7   8   0 0.00  0.0    0 21.4 35 200   M    M   0        44 190
18  58  38  48  -2  17   0 0.00  0.0    0 12.1 21  40   M    M   0        25  30
19  63  31  47  -2  18   0 0.00  0.0    0  4.0 13 130   M    M   0        16 130
20  65  36  51   2  14   0 0.00  0.0    0  3.4 10 220   M    M   0        14 210
21  77  41  59  11   6   0 0.00  0.0    0  3.9 13 210   M    M   0        15  30
22  81  50  66  18   0   1 0.00  0.0    0  5.9 17  30   M    M   0        23  40
23  79  47  63  15   2   0 0.00  0.0    0  3.2  9 200   M    M   0        13 210
================================================================================
SM 1605  963       205   1  0.00     0.0 189.8          M        0
================================================================================
AV 69.8 41.9                               8.3 FASTST   M    M   0    MAX(MPH)
                                 MISC ---->  # 36 200               # 48  210
================================================================================
NOTES:
# LAST OF SEVERAL OCCURRENCES

COLUMN 17 PEAK WIND IN M.P.H.

PRELIMINARY LOCAL CLIMATOLOGICAL DATA (WS FORM: F-6) , PAGE 2

                                          STATION:  DESERT ROCK-MERCURY NV
                                          MONTH:    NOVEMBER
                                          YEAR:     2017
                                          LATITUDE:   36 37 N
                                          LONGITUDE: 116  1 W

[TEMPERATURE DATA]      [PRECIPITATION DATA]       SYMBOLS USED IN COLUMN 16

AVERAGE MONTHLY: 55.8   TOTAL FOR MONTH:   0.00    1 = FOG OR MIST
DPTR FM NORMAL:   3.7   DPTR FM NORMAL:   -0.26    2 = FOG REDUCING VISIBILITY
HIGHEST:    81 ON 22    GRTST 24HR  0.00 ON 23-23      TO 1/4 MILE OR LESS
LOWEST:     31 ON 19                               3 = THUNDER
                        SNOW, ICE PELLETS, HAIL    4 = ICE PELLETS
                        TOTAL MONTH:   0.0 INCH    5 = HAIL
                        GRTST 24HR     0.0         6 = FREEZING RAIN OR DRIZZLE
                        GRTST DEPTH:   0           7 = DUSTSTORM OR SANDSTORM:
                                                       VSBY 1/2 MILE OR LESS
                                                   8 = SMOKE OR HAZE
[NO. OF DAYS WITH]      [WEATHER - DAYS WITH]      9 = BLOWING SNOW
                                                   X = TORNADO
MAX 32 OR BELOW:   0    0.01 INCH OR MORE:   0
MAX 90 OR ABOVE:   0    0.10 INCH OR MORE:   0
MIN 32 OR BELOW:   1    0.50 INCH OR MORE:   0
MIN  0 OR BELOW:   0    1.00 INCH OR MORE:   0

[HDD (BASE 65) ]
TOTAL THIS MO.   205    CLEAR  (SCALE 0-3)  23
DPTR FM NORMAL   -94    PTCLDY (SCALE 4-7)   0
TOTAL FM JUL 1   262    CLOUDY (SCALE 8-10)  0
DPTR FM NORMAL  -165

[CDD (BASE 65) ]
TOTAL THIS MO.     1
DPTR FM NORMAL     1    [PRESSURE DATA]
TOTAL FM JAN 1  2516    HIGHEST SLP M ON M
DPTR FM NORMAL   322    LOWEST  SLP 29.71 ON  1

[REMARKS]
