000
CXUS54 KFWD 300730
CF6DTO
PRELIMINARY LOCAL CLIMATOLOGICAL DATA (WS FORM: F-6)

                                          STATION:   DENTON
                                          MONTH:     MAY
                                          YEAR:      2015
                                          LATITUDE:   33 12 N
                                          LONGITUDE:  97 12 W

  TEMPERATURE IN F:       :PCPN:    SNOW:  WIND      :SUNSHINE: SKY     :PK WND
================================================================================
1   2   3   4   5  6A  6B    7    8   9   10  11  12  13   14  15   16   17  18
                                     12Z  AVG MX 2MIN
DY MAX MIN AVG DEP HDD CDD  WTR  SNW DPTH SPD SPD DIR MIN PSBL S-S WX    SPD DR
================================================================================

 1  81  50  66  -2   0   1 0.00  0.0    0  4.2 13 120   M    M   1        16 140
 2  82  53  68   0   0   3 0.00  0.0    0  6.9 16 150   M    M   1 8      20 160
 3  80  57  69   1   0   4 0.00  0.0    0 10.4 22 160   M    M   0        26 170
 4  83  64  74   6   0   9 0.00  0.0    0 12.2 21 140   M    M   2        27 140
 5  80  61  71   2   0   6 0.09  0.0    0 14.5 24 160   M    M   5 13     35 130
 6  82  68  75   6   0  10 0.26  0.0    0 15.4 28 150   M    M   5 13     35 150
 7  82  62  72   3   0   7 0.94  0.0    0 12.0 41 240   M    M   9 1358   56 250
 8  84  65  75   5   0  10 0.01  0.0    0 11.8 33 150   M    M   7 138    42 150
 9  81  63  72   2   0   7 1.18  0.0    0 13.5 46 160   M    M   8 13     58 160
10  75  63  69  -1   0   4 1.61  0.0    0 10.8 41 250   M    M   6 13     61 230
11  73  56  65  -6   0   0 0.00  0.0    0 10.1 22  10   M    M   1        27  10
12  72  55  64  -7   1   0 0.01  0.0    0  7.8 18  70   M    M   6        21  70
13  68  62  65  -6   0   0 0.41  0.0    0  9.3 16 130   M    M   9 13     22 130
14  83  64  74   2   0   9 0.00  0.0    0 12.2 22 180   M    M   6 1      28 180
15  79  71  75   3   0  10 0.07  0.0    0 13.4 22 150   M    M   7 13     29 150
16  85  67  76   4   0  11 0.14  0.0    0 15.6 26 270   M    M   8 138    42 270
17  81  66  74   2   0   9 0.17  0.0    0  9.1 18 150   M    M   1 13     23 150
18  89  66  78   5   0  13 0.00  0.0    0  6.3 14 100   M    M   2 18     19 110
19  82  72  77   4   0  12    T  0.0    0 12.5 24 140   M    M   7 13     30 150
20  81  61  71  -2   0   6 1.06  0.0    0 10.3 22 340   M    M   8 13     29 330
21  66  54  60 -14   5   0 0.10  0.0    0  9.9 20  20   M    M  10 13     26  10
22  65  59  62 -12   3   0 0.05  0.0    0  8.1 18 100   M    M  10 1      23 110
23  83  65  74   0   0   9 0.21  0.0    0 14.4 32 160   M    M   7 1      43 160
24  78  66  72  -3   0   7 1.05  0.0    0  9.0 20 180   M    M   6 13     26 160
25  79  59  69  -6   0   4 1.02  0.0    0 10.4 31 300   M    M   5 13     40 280
26  82  59  71  -4   0   6 0.08  0.0    0  8.9 25 160   M    M   7 13     30 170
27  87  59  73  -3   0   8 0.27  0.0    0  6.1 36 240   M    M   2 13     50 230
28  88  64  76   0   0  11 0.92  0.0    0 10.6 23 310   M    M   6 13     31 300
29  78  66  72  -4   0   7 1.02  0.0    0  5.7 15 310   M    M   6 13     20 310
================================================================================
SM 2309 1797         9 183 10.67     0.0 301.4          M      158
================================================================================
AV 79.6 62.0                              10.4 FASTST   M    M   5    MAX(MPH)
                                 MISC ---->  # 46 160               # 61  230
================================================================================
NOTES:
# LAST OF SEVERAL OCCURRENCES

COLUMN 17 PEAK WIND IN M.P.H.

PRELIMINARY LOCAL CLIMATOLOGICAL DATA (WS FORM: F-6) , PAGE 2

                                          STATION:  DENTON
                                          MONTH:    MAY
                                          YEAR:     2015
                                          LATITUDE:   33 12 N
                                          LONGITUDE:  97 12 W

[TEMPERATURE DATA]      [PRECIPITATION DATA]       SYMBOLS USED IN COLUMN 16

AVERAGE MONTHLY: 70.8   TOTAL FOR MONTH:  10.67    1 = FOG OR MIST
DPTR FM NORMAL:  -1.1   DPTR FM NORMAL:    5.96    2 = FOG REDUCING VISIBILITY
HIGHEST:    89 ON 18    GRTST 24HR  1.94 ON 28-29      TO 1/4 MILE OR LESS
LOWEST:     50 ON  1                               3 = THUNDER
                        SNOW, ICE PELLETS, HAIL    4 = ICE PELLETS
                        TOTAL MONTH:   0.0 INCH    5 = HAIL
                        GRTST 24HR     0.0         6 = FREEZING RAIN OR DRIZZLE
                        GRTST DEPTH:   0           7 = DUSTSTORM OR SANDSTORM:
                                                       VSBY 1/2 MILE OR LESS
                                                   8 = SMOKE OR HAZE
[NO. OF DAYS WITH]      [WEATHER - DAYS WITH]      9 = BLOWING SNOW
                                                   X = TORNADO
MAX 32 OR BELOW:   0    0.01 INCH OR MORE:  21
MAX 90 OR ABOVE:   0    0.10 INCH OR MORE:  15
MIN 32 OR BELOW:   0    0.50 INCH OR MORE:   8
MIN  0 OR BELOW:   0    1.00 INCH OR MORE:   6

[HDD (BASE 65) ]
TOTAL THIS MO.     9    CLEAR  (SCALE 0-3)   8
DPTR FM NORMAL    -3    PTCLDY (SCALE 4-7)  16
TOTAL FM JUL 1  2700    CLOUDY (SCALE 8-10)  5
DPTR FM NORMAL    -4

[CDD (BASE 65) ]
TOTAL THIS MO.   183
DPTR FM NORMAL   -31    [PRESSURE DATA]
TOTAL FM JAN 1   286    HIGHEST SLP M ON M
DPTR FM NORMAL   -28    LOWEST  SLP 29.68 ON 16

[REMARKS]
