000
CXUS53 KFGF 010915
CF6DVL
PRELIMINARY LOCAL CLIMATOLOGICAL DATA (WS FORM: F-6)

                                          STATION:   DEVIL`S LAKE
                                          MONTH:     FEBRUARY
                                          YEAR:      2015
                                          LATITUDE:   48  7 N
                                          LONGITUDE:  98 54 W

  TEMPERATURE IN F:       :PCPN:    SNOW:  WIND      :SUNSHINE: SKY     :PK WND
================================================================================
1   2   3   4   5  6A  6B    7    8   9   10  11  12  13   14  15   16   17  18
                                     12Z  AVG MX 2MIN
DY MAX MIN AVG DEP HDD CDD  WTR  SNW DPTH SPD SPD DIR MIN PSBL S-S WX    SPD DR
================================================================================

 1   1 -13  -6   M  71   0 0.00  0.0    0  8.0 13  30   M    M   0        17  30
 2  12  -2   5   M  60   0 0.00  0.0    0  8.5 16 340   M    M   0         M  M
 3  10   1   6   M  59   0 0.00  0.0    0  7.1 13 300   M    M   7         M  M
 4   3  -6  -1   M  66   0 0.00  0.0    0 11.9 16 290   M    M   0        17 310
 5  28   1  15   M  50   0 0.00  0.0    0 10.3 17 240   M    M   2         M  M
 6  18   7  13   M  52   0 0.00  0.0    0 13.0 18  80   M    M   9        23  80
 7  27   9  18   M  47   0 0.00  0.0    0  8.7 14  40   M    M   8        17  90
 8  12   7  10   M  55   0 0.00  0.0    0  8.0 14  10   M    M  10         M  M
 9  16   9  13   M  52   0 0.00  0.0    0  7.6 13 110   M    M  10         M  M
10  25   9  17   M  48   0 0.00  0.0    0 14.2 31 330   M    M   9        37 330
11   9 -11  -1   M  66   0 0.00  0.0    0 16.4 27 340   M    M   5        33 340
12  14 -17  -1   M  66   0 0.00  0.0    0  9.7 18 170   M    M   4        21 170
13  18   0   9   M  56   0 0.00  0.0    0 13.0 22  30   M    M   8        29  30
14   0 -17  -8   M  73   0 0.00  0.0    0 10.7 20  20   M    M   3        29  20
15  12  -8   2   M  63   0 0.00  0.0    0 11.4 22 130   M    M  10         M  M
16  16  -9   4   M  61   0 0.00  0.0    0 11.3 18 340   M    M   8         M  M
17   1 -15  -7   M  72   0 0.00  0.0    0 15.5 24 300   M    M   2        29 300
18  -2 -20 -11   M  76   0 0.00  0.0    0  6.9 12 310   M    M   0         M  M
19  18 -24  -3   M  68   0 0.00  0.0    0  6.9 18 170   M    M   4        22 190
20  25   9  17   M  48   0 0.00  0.0    0 11.5 16 360   M    M  10         M  M
21   9 -17  -4   M  69   0 0.00  0.0    0 11.9 18 330   M    M   2        21  30
22  -6 -26 -16   M  81   0 0.00  0.0    0 10.1 15 350   M    M   0        17 280
23  18 -11   4   M  61   0 0.00  0.0    0  8.6 18 230   M    M   5         M  M
24   M   M   M   M   M   M 0.00  0.0    0   M   M   M   M    M   6         M  M
25   M   M   M   M   M   M 0.00  0.0    0   M   M   M   M    M   4         M  M
26   M   M   M   M   M   M 0.00  0.0    0   M   M   M   M    M   0         M  M
27  14   1   8   M  57   0 0.00  0.0    0 10.7 17 190   M    M   0         M  M
28  19   1  10   M  55   0 0.00  0.0    0 10.6 20 290   M    M   5        23 290
================================================================================
SM  317 -142      1532   0  0.00     0.0 262.5          M      131
================================================================================
AV 12.7 -5.7                              10.5 FASTST   M    M   5    MAX(MPH)
                                 MISC ---->    31   M                 37    M
================================================================================
NOTES:
# LAST OF SEVERAL OCCURRENCES

COLUMN 17 PEAK WIND IN M.P.H.

PRELIMINARY LOCAL CLIMATOLOGICAL DATA (WS FORM: F-6) , PAGE 2

                                          STATION:  DEVIL`S LAKE
                                          MONTH:    FEBRUARY
                                          YEAR:     2015
                                          LATITUDE:   48  7 N
                                          LONGITUDE:  98 54 W

[TEMPERATURE DATA]      [PRECIPITATION DATA]       SYMBOLS USED IN COLUMN 16

AVERAGE MONTHLY:  3.5   TOTAL FOR MONTH:   0.00    1 = FOG OR MIST
DPTR FM NORMAL:     M   DPTR FM NORMAL:       M    2 = FOG REDUCING VISIBILITY
HIGHEST:    28 ON  5    GRTST 24HR  0.00 ON 28-28      TO 1/4 MILE OR LESS
LOWEST:    -26 ON 22                               3 = THUNDER
                        SNOW, ICE PELLETS, HAIL    4 = ICE PELLETS
                        TOTAL MONTH:   0.0 INCH    5 = HAIL
                        GRTST 24HR     0.0         6 = FREEZING RAIN OR DRIZZLE
                        GRTST DEPTH:   0           7 = DUSTSTORM OR SANDSTORM:
                                                       VSBY 1/2 MILE OR LESS
                                                   8 = SMOKE OR HAZE
[NO. OF DAYS WITH]      [WEATHER - DAYS WITH]      9 = BLOWING SNOW
                                                   X = TORNADO
MAX 32 OR BELOW:  25    0.01 INCH OR MORE:   0
MAX 90 OR ABOVE:   0    0.10 INCH OR MORE:   0
MIN 32 OR BELOW:  25    0.50 INCH OR MORE:   0
MIN  0 OR BELOW:  15    1.00 INCH OR MORE:   0

[HDD (BASE 65) ]
TOTAL THIS MO.  1532    CLEAR  (SCALE 0-3)  10
DPTR FM NORMAL     M    PTCLDY (SCALE 4-7)  11
TOTAL FM JUL 1  6820    CLOUDY (SCALE 8-10)  7
DPTR FM NORMAL     M

[CDD (BASE 65) ]
TOTAL THIS MO.     0
DPTR FM NORMAL     M    [PRESSURE DATA]
TOTAL FM JAN 1     0    HIGHEST SLP M ON M
DPTR FM NORMAL     M    LOWEST  SLP M ON M

[REMARKS]
#FINAL-02-15#
