000
CXUS54 KMAF 161100
CF6E38
PRELIMINARY LOCAL CLIMATOLOGICAL DATA (WS FORM: F-6)

                                          STATION:   Alpine-Casparis Municipal
                                          MONTH:     OCTOBER
                                          YEAR:      2017
                                          LATITUDE:   30 23 N
                                          LONGITUDE: 103 41 W

  TEMPERATURE IN F:       :PCPN:    SNOW:  WIND      :SUNSHINE: SKY     :PK WND
================================================================================
1   2   3   4   5  6A  6B    7    8   9   10  11  12  13   14  15   16   17  18
                                     12Z  AVG MX 2MIN
DY MAX MIN AVG DEP HDD CDD  WTR  SNW DPTH SPD SPD DIR MIN PSBL S-S WX    SPD DR
================================================================================

 1  82  63  73   M   0   8 0.00  0.0    0  8.9 14 170   M    M   5        18 250
 2  84  64  74   M   0   9 0.00  0.0    0  8.5 14 160   M    M   1        21 160
 3  84  65  75   M   0  10 0.00  0.0    0  6.9 17 140   M    M   1        28 140
 4  82  61  72   M   0   7 0.00  0.0    0  4.9 13 130   M    M   6        18 140
 5  85  63  74   M   0   9 0.00  0.0    0  7.7 14 200   M    M   4        20 200
 6  90  65  78   M   0  13 0.00  0.0    0  7.7 14 220   M    M   2        20 230
 7  77  51  64   M   1   0 0.00  0.0    0  6.7 14  20   M    M   1        20 350
 8  88  50  69   M   0   4 0.00  0.0    0 10.6 18 280   M    M   0        28 260
 9  85  57  71   M   0   6 0.00  0.0    0  8.8 14 270   M    M   0        28 310
10  59  45  52   M  13   0 0.00  0.0    0  9.5 20  40   M    M   7        23  40
11  80  43  62   M   3   0 0.00  0.0    0  4.9 13 180   M    M   4        18 220
12  86  56  71   M   0   6 0.00  0.0    0  6.8 10 170   M    M   0        17 230
13  90  61  76   M   0  11 0.00  0.0    0  6.2 12 170   M    M   1         M  M
14  90  62  76   M   0  11 0.00  0.0    0  7.2 15 220   M    M   1        20 230
15  67  46  57   M   8   0 0.01    M    0  9.5 24  10   M    M   7        37  10
================================================================================
SM 1229  852        25  94  0.01     0.0 114.8          M       40
================================================================================
AV 81.9 56.8                               7.7 FASTST   M    M   3    MAX(MPH)
                                 MISC ---->  # 24  10               # 37   10
================================================================================
NOTES:
# LAST OF SEVERAL OCCURRENCES

COLUMN 17 PEAK WIND IN M.P.H.

PRELIMINARY LOCAL CLIMATOLOGICAL DATA (WS FORM: F-6) , PAGE 2

                                          STATION:  Alpine-Casparis Municipal
                                          MONTH:    OCTOBER
                                          YEAR:     2017
                                          LATITUDE:   30 23 N
                                          LONGITUDE: 103 41 W

[TEMPERATURE DATA]      [PRECIPITATION DATA]       SYMBOLS USED IN COLUMN 16

AVERAGE MONTHLY: 69.4   TOTAL FOR MONTH:   0.01    1 = FOG OR MIST
DPTR FM NORMAL:     M   DPTR FM NORMAL:       M    2 = FOG REDUCING VISIBILITY
HIGHEST:    90 ON 14,13 GRTST 24HR  0.01 ON 15-15      TO 1/4 MILE OR LESS
LOWEST:     43 ON 11                               3 = THUNDER
                        SNOW, ICE PELLETS, HAIL    4 = ICE PELLETS
                        TOTAL MONTH:   0.0 INCH    5 = HAIL
                        GRTST 24HR     0.0         6 = FREEZING RAIN OR DRIZZLE
                        GRTST DEPTH:   0           7 = DUSTSTORM OR SANDSTORM:
                                                       VSBY 1/2 MILE OR LESS
                                                   8 = SMOKE OR HAZE
[NO. OF DAYS WITH]      [WEATHER - DAYS WITH]      9 = BLOWING SNOW
                                                   X = TORNADO
MAX 32 OR BELOW:   0    0.01 INCH OR MORE:   1
MAX 90 OR ABOVE:   3    0.10 INCH OR MORE:   0
MIN 32 OR BELOW:   0    0.50 INCH OR MORE:   0
MIN  0 OR BELOW:   0    1.00 INCH OR MORE:   0

[HDD (BASE 65) ]
TOTAL THIS MO.    25    CLEAR  (SCALE 0-3)   9
DPTR FM NORMAL     M    PTCLDY (SCALE 4-7)   6
TOTAL FM JUL 1    37    CLOUDY (SCALE 8-10)  0
DPTR FM NORMAL     M

[CDD (BASE 65) ]
TOTAL THIS MO.    94
DPTR FM NORMAL     M    [PRESSURE DATA]
TOTAL FM JAN 1  1845    HIGHEST SLP M ON M
DPTR FM NORMAL     M    LOWEST  SLP M ON M

[REMARKS]
