000
CXUS56 KOTX 170900
CF6EAT
PRELIMINARY LOCAL CLIMATOLOGICAL DATA (WS FORM: F-6)

                                          STATION:   WENATCHEE WA PANGBORN FIELD
                                          MONTH:     JANUARY
                                          YEAR:      2017
                                          LATITUDE:   47 23 N
                                          LONGITUDE: 120 12 W

  TEMPERATURE IN F:       :PCPN:    SNOW:  WIND      :SUNSHINE: SKY     :PK WND
================================================================================
1   2   3   4   5  6A  6B    7    8   9   10  11  12  13   14  15   16   17  18
                                     12Z  AVG MX 2MIN
DY MAX MIN AVG DEP HDD CDD  WTR  SNW DPTH SPD SPD DIR MIN PSBL S-S WX    SPD DR
================================================================================

 1  28  19  24  -3  41   0 0.02    M    M  4.6 13  80   M    M   9 1      21 230
 2  26  13  20  -7  45   0    T    M    M  9.7 20  30   M    M  10 1      26  30
 3  18   6  12 -15  53   0 0.00    M    M  4.0 12 280   M    M   6        12 280
 4  17   2  10 -17  55   0 0.00    M    M  6.4 18 300   M    M   0        19 300
 5  14  -1   7 -21  58   0 0.00    M    M  4.7 13 310   M    M   0        15 110
 6  14   2   8 -20  57   0    T    M    M  4.2 10 290   M    M   5 1      12 290
 7  15   0   8 -20  57   0 0.03    M    M  6.1 12 300   M    M   6 1      13 300
 8  20  12  16 -12  49   0 0.20    M    M  4.6  9 270   M    M  10 12     10 270
 9  25  19  22  -6  43   0    T    M    M  2.1  8 280   M    M  10 1      11 290
10  26  17  22  -6  43   0 0.05    M    M  4.6 10 350   M    M  10 1       M  M
11  19   4  12 -17  53   0 0.00    M    M  5.0 16 280   M    M   8         M  M
12  13  -2   6 -23  59   0 0.00  0.0    0  1.4  7 310   M    M   0 12      8 320
13  12  -1   6 -23  59   0 0.00    M    M  2.3  8 290   M    M   4         8 300
14  19   7  13 -16  52   0 0.00    M    M  3.4 10 310   M    M   8 1      11 300
15  16  12  14 -15  51   0    T    M    M  7.6 13 100   M    M  10 1      16  90
16  14  12  13 -17  52   0    T    M    M  6.7 10 100   M    M  10 18     14 130
================================================================================
SM  296  121       827   0  0.30     0.0  77.4          M      106
================================================================================
AV 18.5  7.6                               4.8 FASTST   M    M   7    MAX(MPH)
                                 MISC ---->  # 20  30               # 26   30
================================================================================
NOTES:
# LAST OF SEVERAL OCCURRENCES

COLUMN 17 PEAK WIND IN M.P.H.

PRELIMINARY LOCAL CLIMATOLOGICAL DATA (WS FORM: F-6) , PAGE 2

                                          STATION:  WENATCHEE WA PANGBORN FIELD
                                          MONTH:    JANUARY
                                          YEAR:     2017
                                          LATITUDE:   47 23 N
                                          LONGITUDE: 120 12 W

[TEMPERATURE DATA]      [PRECIPITATION DATA]       SYMBOLS USED IN COLUMN 16

AVERAGE MONTHLY: 13.0   TOTAL FOR MONTH:   0.30    1 = FOG OR MIST
DPTR FM NORMAL: -15.2   DPTR FM NORMAL:   -0.29    2 = FOG REDUCING VISIBILITY
HIGHEST:    28 ON  1    GRTST 24HR  0.21 ON  7- 8      TO 1/4 MILE OR LESS
LOWEST:     -2 ON 12                               3 = THUNDER
                        SNOW, ICE PELLETS, HAIL    4 = ICE PELLETS
                        TOTAL MONTH:   0.0 INCH    5 = HAIL
                        GRTST 24HR     0.0         6 = FREEZING RAIN OR DRIZZLE
                        GRTST DEPTH:   0           7 = DUSTSTORM OR SANDSTORM:
                                                       VSBY 1/2 MILE OR LESS
                                                   8 = SMOKE OR HAZE
[NO. OF DAYS WITH]      [WEATHER - DAYS WITH]      9 = BLOWING SNOW
                                                   X = TORNADO
MAX 32 OR BELOW:  16    0.01 INCH OR MORE:   4
MAX 90 OR ABOVE:   0    0.10 INCH OR MORE:   1
MIN 32 OR BELOW:  16    0.50 INCH OR MORE:   0
MIN  0 OR BELOW:   4    1.00 INCH OR MORE:   0

[HDD (BASE 65) ]
TOTAL THIS MO.   827    CLEAR  (SCALE 0-3)   3
DPTR FM NORMAL   238    PTCLDY (SCALE 4-7)   6
TOTAL FM JUL 1  3186    CLOUDY (SCALE 8-10)  7
DPTR FM NORMAL    77

[CDD (BASE 65) ]
TOTAL THIS MO.     0
DPTR FM NORMAL     0    [PRESSURE DATA]
TOTAL FM JAN 1     0    HIGHEST SLP M ON M
DPTR FM NORMAL     0    LOWEST  SLP 29.51 ON 11

[REMARKS]
