000
CXUS53 KMPX 291000
CF6EAU
PRELIMINARY LOCAL CLIMATOLOGICAL DATA (WS FORM: F-6)

                                          STATION:   EAU CLAIRE WI
                                          MONTH:     JANUARY
                                          YEAR:      2015
                                          LATITUDE:   44 52 N
                                          LONGITUDE:  91 29 W

  TEMPERATURE IN F:       :PCPN:    SNOW:  WIND      :SUNSHINE: SKY     :PK WND
================================================================================
1   2   3   4   5  6A  6B    7    8   9   10  11  12  13   14  15   16   17  18
                                     12Z  AVG MX 2MIN
DY MAX MIN AVG DEP HDD CDD  WTR  SNW DPTH SPD SPD DIR MIN PSBL S-S WX    SPD DR
================================================================================

 1  26   2  14  -1  51   0 0.01  0.4    3  9.2 16 320   M    M   5        21 320
 2  25  -5  10  -5  55   0 0.00  0.0    4  4.9 10 170   M    M   5        14 170
 3  33  16  25  10  40   0 0.02  1.2    3  6.7 18 150   M    M   8 18     26  10
 4  16 -15   1 -14  64   0 0.01  0.2    4 11.8 22 330   M    M   4 1      31 350
 5  -1 -17  -9 -24  74   0 0.04  0.5    4  6.3 15 240   M    M   3 1      19 230
 6   6 -12  -3 -17  68   0    T    T    4 10.5 25 330   M    M   2 18     34 340
 7   0 -10  -5 -19  70   0 0.00  0.0    4 11.5 20 320   M    M   0        29 320
 8  11  -9   1 -13  64   0 0.13  1.9    4 11.5 25 330   M    M   7 18     32 330
 9   3  -4   0 -14  65   0 0.00  0.0    5 12.7 21 260   M    M   1 8      28 290
10  15 -10   3 -11  62   0 0.00  0.0    4  4.7 10 150   M    M   5        13 160
11  17  -1   8  -6  57   0    T    T    4  3.6 10 360   M    M   7        12 360
12   8 -14  -3 -17  68   0 0.00  0.0    4  3.9 13 350   M    M   0        16 350
13  13 -22  -4 -18  69   0 0.00  0.0    4  3.3 13 210   M    M   1 18     17 210
14  22  12  17   3  48   0 0.01  0.2    4  7.1 12 190   M    M  10 18     14 200
15  33  14  24  10  41   0    T    T    4  8.1 16 270   M    M   6 1      20 260
16  29  21  25  11  40   0 0.00  0.0    4 10.2 17 130   M    M  10        25 140
17  38  23  31  17  34   0 0.00  0.0    4  9.1 23 300   M    M   8 18     31 310
18  38  30  34  20  31   0 0.00  0.0    4  9.2 15 270   M    M   9        19 330
19  31  22  27  13  38   0    T    T    3  6.4 14 150   M    M   8 18     17 150
20  29  26  28  14  37   0 0.02  0.3    3  6.8 12  60   M    M  10 1      14  60
21  29  26  28  14  37   0 0.02  0.2    3  5.3 10  50   M    M  10 1      13  50
22  27  20  24  10  41   0 0.00  0.0    3  8.8 16 200   M    M  10        21 190
23  34  27  31  17  34   0 0.00  0.0    3 10.4 18 240   M    M   8        24 240
24  39  28  34  20  31   0 0.00  0.0    3  5.8 14  40   M    M   9 1      17  40
25  34  16  25  11  40   0 0.00  0.0    2  8.1 20  40   M    M   7        24  50
26  27  17  22   8  43   0 0.11  1.5    2  5.5 14 170   M    M   9 1      18 170
27  31  26  29  14  36   0 0.00  0.0    4  3.9 10 170   M    M   9 1      13 160
28  30  24  27  12  38   0 0.00  0.0    4  9.4 18 150   M    M  10 18     24 150
================================================================================
SM  643  231      1376   0  0.37     6.4 214.7          M      181
================================================================================
AV 23.0  8.2                               7.7 FASTST   M    M   6    MAX(MPH)
                                 MISC ---->  # 25 330               # 34  340
================================================================================
NOTES:
# LAST OF SEVERAL OCCURRENCES

COLUMN 17 PEAK WIND IN M.P.H.

PRELIMINARY LOCAL CLIMATOLOGICAL DATA (WS FORM: F-6) , PAGE 2

                                          STATION:  EAU CLAIRE WI
                                          MONTH:    JANUARY
                                          YEAR:     2015
                                          LATITUDE:   44 52 N
                                          LONGITUDE:  91 29 W

[TEMPERATURE DATA]      [PRECIPITATION DATA]       SYMBOLS USED IN COLUMN 16

AVERAGE MONTHLY: 15.6   TOTAL FOR MONTH:   0.37    1 = FOG OR MIST
DPTR FM NORMAL:   1.4   DPTR FM NORMAL:   -0.43    2 = FOG REDUCING VISIBILITY
HIGHEST:    39 ON 24    GRTST 24HR  0.13 ON  8- 8      TO 1/4 MILE OR LESS
LOWEST:    -22 ON 13                               3 = THUNDER
                        SNOW, ICE PELLETS, HAIL    4 = ICE PELLETS
                        TOTAL MONTH:   6.4 INCHES  5 = HAIL
                        GRTST 24HR   1.9 ON   M    6 = FREEZING RAIN OR DRIZZLE
                        GRTST DEPTH:   5 ON  9     7 = DUSTSTORM OR SANDSTORM:
                                                       VSBY 1/2 MILE OR LESS
                                                   8 = SMOKE OR HAZE
[NO. OF DAYS WITH]      [WEATHER - DAYS WITH]      9 = BLOWING SNOW
                                                   X = TORNADO
MAX 32 OR BELOW:  21    0.01 INCH OR MORE:   9
MAX 90 OR ABOVE:   0    0.10 INCH OR MORE:   2
MIN 32 OR BELOW:  28    0.50 INCH OR MORE:   0
MIN  0 OR BELOW:  11    1.00 INCH OR MORE:   0

[HDD (BASE 65) ]
TOTAL THIS MO.  1376    CLEAR  (SCALE 0-3)   6
DPTR FM NORMAL   -44    PTCLDY (SCALE 4-7)   9
TOTAL FM JUL 1  4628    CLOUDY (SCALE 8-10) 13
DPTR FM NORMAL    32

[CDD (BASE 65) ]
TOTAL THIS MO.     0
DPTR FM NORMAL     0    [PRESSURE DATA]
TOTAL FM JAN 1     0    HIGHEST SLP M ON M
DPTR FM NORMAL     0    LOWEST  SLP 29.55 ON 17

[REMARKS]
