000
CXUS51 KAKQ 271010
CF6ECG
PRELIMINARY LOCAL CLIMATOLOGICAL DATA (WS FORM: F-6)

                                          STATION:   ELIZABETH CITY NC
                                          MONTH:     MAY
                                          YEAR:      2015
                                          LATITUDE:   36 16 N
                                          LONGITUDE:  76 11 W

  TEMPERATURE IN F:       :PCPN:    SNOW:  WIND      :SUNSHINE: SKY     :PK WND
================================================================================
1   2   3   4   5  6A  6B    7    8   9   10  11  12  13   14  15   16   17  18
                                     12Z  AVG MX 2MIN
DY MAX MIN AVG DEP HDD CDD  WTR  SNW DPTH SPD SPD DIR MIN PSBL S-S WX    SPD DR
================================================================================

 1  58  50  54  -8  11   0 0.01  0.0    0 16.4 32  20   M    M   9        44  30
 2  69  46  58  -5   7   0 0.00  0.0    0  8.0 16 360   M    M   1        21  20
 3  78  47  63   0   2   0 0.00  0.0    0  7.3 14 200   M    M   1 1      17 270
 4  80  53  67   4   0   2 0.00  0.0    0  8.8 17 210   M    M   0        22 230
 5  80  57  69   5   0   4 0.00  0.0    0  9.4 18 230   M    M   1        23 190
 6  75  54  65   1   0   0 0.00  0.0    0  5.1 14 120   M    M   0 12     17 130
 7  77  62  70   6   0   5 0.00  0.0    0 11.0 18  60   M    M   0        22  60
 8  73  62  68   4   0   3    T  0.0    0 10.6 17  50   M    M   7 1      20  50
 9  80  64  72   7   0   7 0.00  0.0    0  9.7 18 110   M    M   6 12     22 100
10  81  70  76  11   0  11 0.32  0.0    0 10.9 22 130   M    M   4 138    30 130
11  76  69  73   8   0   8 0.84  0.0    0 12.7 22 220   M    M   6 1      27 210
12  87  70  79  14   0  14 0.01  0.0    0 12.8 28 200   M    M   3 3      35 200
13  74  61  68   2   0   3 0.00  0.0    0 10.0 18  40   M    M   1        23  30
14  69  54  62  -4   3   0 0.00  0.0    0 10.6 20 340   M    M   2        22 340
15  73  50  62  -4   3   0 0.00  0.0    0  5.3 13 120   M    M   0        29 110
16  80  58  69   2   0   4 0.00  0.0    0  9.5 17 200   M    M   0        23 210
17  84  63  74   7   0   9 0.00  0.0    0  9.9 16 210   M    M   0        20 240
18  88  68  78  11   0  13 1.80  0.0    0  8.0 21 110   M    M   2 13     25 110
19  88  69  79  11   0  14 0.14  0.0    0  5.8 21  60   M    M   2 13     27  60
20  76  63  70   2   0   5 0.00  0.0    0  9.2 20  40   M    M   1 1      24  40
21  78  59  69   1   0   4 0.30  0.0    0 12.8 24 340   M    M   8 13     32 320
22  74  54  64  -4   1   0 0.00  0.0    0  7.7 23 330   M    M   2        29 340
23  71  55  63  -6   2   0 0.00  0.0    0  7.9 20  40   M    M   0        23  40
24  78  54  66  -3   0   1 0.00  0.0    0  6.9 16 130   M    M   0        19 120
25  81  59  70   0   0   5 0.00  0.0    0  7.9 16 150   M    M   0        21 150
26  84  61  73   3   0   8 0.00  0.0    0  9.0 17 170   M    M   1 8      23 160
================================================================================
SM 2012 1532        29 120  3.42     0.0 243.2          M       57
================================================================================
AV 77.4 58.9                               9.4 FASTST   M    M   2    MAX(MPH)
                                 MISC ---->  # 32  20               # 44   30
================================================================================
NOTES:
# LAST OF SEVERAL OCCURRENCES

COLUMN 17 PEAK WIND IN M.P.H.

PRELIMINARY LOCAL CLIMATOLOGICAL DATA (WS FORM: F-6) , PAGE 2

                                          STATION:  ELIZABETH CITY NC
                                          MONTH:    MAY
                                          YEAR:     2015
                                          LATITUDE:   36 16 N
                                          LONGITUDE:  76 11 W

[TEMPERATURE DATA]      [PRECIPITATION DATA]       SYMBOLS USED IN COLUMN 16

AVERAGE MONTHLY: 68.2   TOTAL FOR MONTH:   3.42    1 = FOG OR MIST
DPTR FM NORMAL:   2.2   DPTR FM NORMAL:    0.48    2 = FOG REDUCING VISIBILITY
HIGHEST:    88 ON 19,18 GRTST 24HR  1.80 ON 18-18      TO 1/4 MILE OR LESS
LOWEST:     46 ON  2                               3 = THUNDER
                        SNOW, ICE PELLETS, HAIL    4 = ICE PELLETS
                        TOTAL MONTH:   0.0 INCH    5 = HAIL
                        GRTST 24HR     0.0         6 = FREEZING RAIN OR DRIZZLE
                        GRTST DEPTH:   0           7 = DUSTSTORM OR SANDSTORM:
                                                       VSBY 1/2 MILE OR LESS
                                                   8 = SMOKE OR HAZE
[NO. OF DAYS WITH]      [WEATHER - DAYS WITH]      9 = BLOWING SNOW
                                                   X = TORNADO
MAX 32 OR BELOW:   0    0.01 INCH OR MORE:   7
MAX 90 OR ABOVE:   0    0.10 INCH OR MORE:   5
MIN 32 OR BELOW:   0    0.50 INCH OR MORE:   2
MIN  0 OR BELOW:   0    1.00 INCH OR MORE:   1

[HDD (BASE 65) ]
TOTAL THIS MO.    29    CLEAR  (SCALE 0-3)  20
DPTR FM NORMAL   -35    PTCLDY (SCALE 4-7)   4
TOTAL FM JUL 1  3235    CLOUDY (SCALE 8-10)  2
DPTR FM NORMAL    10

[CDD (BASE 65) ]
TOTAL THIS MO.   120
DPTR FM NORMAL    30    [PRESSURE DATA]
TOTAL FM JAN 1   155    HIGHEST SLP M ON M
DPTR FM NORMAL    23    LOWEST  SLP 29.72 ON  1

[REMARKS]
