000
CXUS55 KVEF 280940
CF6EED
PRELIMINARY LOCAL CLIMATOLOGICAL DATA (WS FORM: F-6)

                                          STATION:   NEEDLES CA
                                          MONTH:     AUGUST
                                          YEAR:      2016
                                          LATITUDE:   34 46 N
                                          LONGITUDE: 114 37 W

  TEMPERATURE IN F:       :PCPN:    SNOW:  WIND      :SUNSHINE: SKY     :PK WND
================================================================================
1   2   3   4   5  6A  6B    7    8   9   10  11  12  13   14  15   16   17  18
                                     12Z  AVG MX 2MIN
DY MAX MIN AVG DEP HDD CDD  WTR  SNW DPTH SPD SPD DIR MIN PSBL S-S WX    SPD DR
================================================================================

 1 106  89  98   2   0  33 0.00  0.0    0  9.8 39 290   M    M   1 3      45 290
 2 107  82  95  -1   0  30    T  0.0    0  8.1 32 120   M    M   3 3      40 130
 3 108  89  99   3   0  34    T  0.0    0  7.9 29 100   M    M   2 3      34 100
 4 103  79  91  -5   0  26    T  0.0    0  8.8 28 360   M    M   2 3      35 360
 5 110  84  97   1   0  32 0.00  0.0    0  6.9 20 200   M    M   3        29 210
 6 111  89 100   4   0  35 0.00  0.0    0  8.2 23 220   M    M   4        28 220
 7 113  89 101   5   0  36 0.00  0.0    0 10.8 24 210   M    M   4        33 190
 8 113  87 100   4   0  35 0.00  0.0    0 10.6 25 220   M    M   4        33 200
 9 107  88  98   2   0  33 0.00  0.0    0 14.5 26 190   M    M   3        34 190
10 105  87  96   0   0  31    T  0.0    0 14.5 26 220   M    M   3 3      34 220
11 106  87  97   1   0  32 0.00  0.0    0  7.2 20 210   M    M   3        26 210
12 110  89 100   5   0  35 0.00  0.0    0  5.9 23  20   M    M   3        26  20
13 116  86 101   6   0  36 0.00  0.0    0  5.0 14 240   M    M   3        15 290
14 116  85 101   6   0  36 0.00  0.0    0  6.9 18 260   M    M   3        23 170
15 117  90 104   9   0  39 0.00  0.0    0  7.7 23 270   M    M   4        30 270
16 116  86 101   6   0  36 0.00  0.0    0  8.4 23 240   M    M   4        30 240
17 114  89 102   7   0  37 0.00  0.0    0  7.2 26 120   M    M   4        35 100
18 109  82  96   1   0  31    T  0.0    0  7.5 35 260   M    M   1 3      46 260
19 107  77  92  -3   0  27 0.00  0.0    0  5.0 20 310   M    M   2        26 300
20 108  87  98   4   0  33    T  0.0    0 10.8 35 250   M    M   2        40 250
21  99  86  93  -1   0  28    T  0.0    0  7.7 23 160   M    M   1 3      30 210
22 104  77  91  -3   0  26    T  0.0    0  6.7 35 310   M    M   2 3      39 310
23 100  76  88  -6   0  23 0.00  0.0    0  5.4 12 330   M    M   1        15 330
24 109  80  95   1   0  30 0.00  0.0    0  5.5 17 240   M    M   3        23 230
25 107  85  96   2   0  31 0.00  0.0    0 10.2 24 200   M    M   3        30 200
26   M   M   M   M   M   M    M    M    0 10.3 16 140   M    M   2 3      24 200
27  93  74  84  -9   0  19    T  0.0    M 17.1 63  20   M    M   0       111 240
================================================================================
SM 2814 2199         0 824    T      0.0 234.6          M       70
================================================================================
AV108.2 84.6                               8.7 FASTST   M    M   3    MAX(MPH)
                                 MISC ---->  # 63  20               #111  240
================================================================================
NOTES:
# LAST OF SEVERAL OCCURRENCES

COLUMN 17 PEAK WIND IN M.P.H.

PRELIMINARY LOCAL CLIMATOLOGICAL DATA (WS FORM: F-6) , PAGE 2

                                          STATION:  NEEDLES CA
                                          MONTH:    AUGUST
                                          YEAR:     2016
                                          LATITUDE:   34 46 N
                                          LONGITUDE: 114 37 W

[TEMPERATURE DATA]      [PRECIPITATION DATA]       SYMBOLS USED IN COLUMN 16

AVERAGE MONTHLY: 96.4   TOTAL FOR MONTH:      T    1 = FOG OR MIST
DPTR FM NORMAL:   1.3   DPTR FM NORMAL:   -0.40    2 = FOG REDUCING VISIBILITY
HIGHEST:   117 ON 15    GRTST 24HR    T  ON 27-27      TO 1/4 MILE OR LESS
LOWEST:     74 ON 27                               3 = THUNDER
                        SNOW, ICE PELLETS, HAIL    4 = ICE PELLETS
                        TOTAL MONTH:   0.0 INCH    5 = HAIL
                        GRTST 24HR     0.0         6 = FREEZING RAIN OR DRIZZLE
                        GRTST DEPTH:   0           7 = DUSTSTORM OR SANDSTORM:
                                                       VSBY 1/2 MILE OR LESS
                                                   8 = SMOKE OR HAZE
[NO. OF DAYS WITH]      [WEATHER - DAYS WITH]      9 = BLOWING SNOW
                                                   X = TORNADO
MAX 32 OR BELOW:   0    0.01 INCH OR MORE:   0
MAX 90 OR ABOVE:  26    0.10 INCH OR MORE:   0
MIN 32 OR BELOW:   0    0.50 INCH OR MORE:   0
MIN  0 OR BELOW:   0    1.00 INCH OR MORE:   0

[HDD (BASE 65) ]
TOTAL THIS MO.     0    CLEAR  (SCALE 0-3)  20
DPTR FM NORMAL     0    PTCLDY (SCALE 4-7)   7
TOTAL FM JUL 1     0    CLOUDY (SCALE 8-10)  0
DPTR FM NORMAL     0

[CDD (BASE 65) ]
TOTAL THIS MO.   824
DPTR FM NORMAL    11    [PRESSURE DATA]
TOTAL FM JAN 1  3875    HIGHEST SLP M ON M
DPTR FM NORMAL   484    LOWEST  SLP 29.48 ON  7

[REMARKS]
