217
CXUS56 KLKN 231026
CF6EKO
PRELIMINARY LOCAL CLIMATOLOGICAL DATA (WS FORM: F-6)

                                          STATION:   ELKO AIRPORT NV
                                          MONTH:     FEBRUARY
                                          YEAR:      2018
                                          LATITUDE:   40 49 N
                                          LONGITUDE: 115 47 W

  TEMPERATURE IN F:       :PCPN:    SNOW:  WIND      :SUNSHINE: SKY     :PK WND
================================================================================
1   2   3   4   5  6A  6B    7    8   9   10  11  12  13   14  15   16   17  18
                                     12Z  AVG MX 2MIN
DY MAX MIN AVG DEP HDD CDD  WTR  SNW DPTH SPD SPD DIR MIN PSBL S-S WX    SPD DR
================================================================================

 1  49  28  39  13  26   0    T  0.0    0  2.3 12 260   M    M   5        14 280
 2  57  24  41  15  24   0 0.00  0.0    0  3.3 15 270   M    M   1        19 280
 3  52  25  39  12  26   0 0.00  0.0    0  6.4 20 250   M    M   3        23 260
 4  58  29  44  17  21   0 0.00  0.0    0  4.4 17 260   M    M   4        23 270
 5  55  28  42  15  23   0 0.00  0.0    0  5.0 17 270   M    M   1        26 240
 6  49  19  34   7  31   0 0.00  0.0    0  5.7 17 280   M    M   1        20 230
 7  55  18  37   9  28   0 0.00  0.0    0  3.8 13 250   M    M   0        16 250
 8  59  22  41  13  24   0 0.00  0.0    0  5.8 21 270   M    M   0        24 270
 9  56  26  41  13  24   0 0.00  0.0    0  7.2 20 260   M    M   3        24 260
10  45  16  31   3  34   0 0.00  0.0    0  5.8 21  20   M    M   4        29 340
11  44  11  28  -1  37   0 0.07  1.0    0  5.0 21 250   M    M   4 1      25 200
12  33  17  25  -4  40   0 0.14  2.3    1  5.6 13 230   M    M   8 1      16 200
13  38   9  24  -5  41   0 0.00  0.0    2  4.3  8  80   M    M   0        11  20
14  46  17  32   2  33   0    T    T    1  9.2 26 270   M    M   6 1      35 250
15  37  16  27  -3  38   0    T    T    T  6.1 18 290   M    M   3        23 280
16  43  10  27  -3  38   0 0.00  0.0    T  5.0 22 250   M    M   2        26 250
17  57  14  36   6  29   0 0.00  0.0    T  7.8 23 250   M    M   0        29 240
18  47  23  35   4  30   0 0.04  0.6    0 10.7 32 260   M    M  10 1      45 240
19  27  15  21 -10  44   0 0.06  0.4    1  7.5 18 320   M    M   7 18     28 270
20  24   6  15 -17  50   0 0.00  0.0    T  6.9 15 210   M    M   4        19 230
21  31   6  19 -13  46   0 0.00  0.0    T  3.5 14 270   M    M   4        18 250
22  30  11  21 -11  44   0 0.09  1.1    T  3.6 16 250   M    M   5 12     19 250
================================================================================
SM  992  390       731   0  0.40     5.4 124.9          M       75
================================================================================
AV 45.1 17.7                               5.7 FASTST   M    M   3    MAX(MPH)
                                 MISC ---->  # 32 260               # 45  240
================================================================================
NOTES:
# LAST OF SEVERAL OCCURRENCES

COLUMN 17 PEAK WIND IN M.P.H.

PRELIMINARY LOCAL CLIMATOLOGICAL DATA (WS FORM: F-6) , PAGE 2

                                          STATION:  ELKO AIRPORT NV
                                          MONTH:    FEBRUARY
                                          YEAR:     2018
                                          LATITUDE:   40 49 N
                                          LONGITUDE: 115 47 W

[TEMPERATURE DATA]      [PRECIPITATION DATA]       SYMBOLS USED IN COLUMN 16

AVERAGE MONTHLY: 31.4   TOTAL FOR MONTH:   0.40    1 = FOG OR MIST
DPTR FM NORMAL:   2.5   DPTR FM NORMAL:   -0.25    2 = FOG REDUCING VISIBILITY
HIGHEST:    59 ON  8    GRTST 24HR  0.14 ON 12-12      TO 1/4 MILE OR LESS
LOWEST:      6 ON 21,20                            3 = THUNDER
                        SNOW, ICE PELLETS, HAIL    4 = ICE PELLETS
                        TOTAL MONTH:   5.4 INCHES  5 = HAIL
                        GRTST 24HR   2.3 ON 12-12  6 = FREEZING RAIN OR DRIZZLE
                        GRTST DEPTH:   2 ON 13     7 = DUSTSTORM OR SANDSTORM:
                                                       VSBY 1/2 MILE OR LESS
                                                   8 = SMOKE OR HAZE
[NO. OF DAYS WITH]      [WEATHER - DAYS WITH]      9 = BLOWING SNOW
                                                   X = TORNADO
MAX 32 OR BELOW:   4    0.01 INCH OR MORE:   5
MAX 90 OR ABOVE:   0    0.10 INCH OR MORE:   1
MIN 32 OR BELOW:  22    0.50 INCH OR MORE:   0
MIN  0 OR BELOW:   0    1.00 INCH OR MORE:   0

[HDD (BASE 65) ]
TOTAL THIS MO.   731    CLEAR  (SCALE 0-3)  10
DPTR FM NORMAL   -63    PTCLDY (SCALE 4-7)  10
TOTAL FM JUL 1  4390    CLOUDY (SCALE 8-10)  2
DPTR FM NORMAL  -589

[CDD (BASE 65) ]
TOTAL THIS MO.     0
DPTR FM NORMAL     0    [PRESSURE DATA]
TOTAL FM JAN 1     0    HIGHEST SLP M ON M
DPTR FM NORMAL     0    LOWEST  SLP 29.52 ON 18

[REMARKS]
