000
CXUS56 KLKN 191000
CF6ELY
PRELIMINARY LOCAL CLIMATOLOGICAL DATA (WS FORM: F-6)

                                          STATION:   ELY AIRPORT NV
                                          MONTH:     OCTOBER
                                          YEAR:      2014
                                          LATITUDE:   39 16 N
                                          LONGITUDE: 114 51 W

  TEMPERATURE IN F:       :PCPN:    SNOW:  WIND      :SUNSHINE: SKY     :PK WND
================================================================================
1   2   3   4   5  6A  6B    7    8   9   10  11  12  13   14  15   16   17  18
                                     12Z  AVG MX 2MIN
DY MAX MIN AVG DEP HDD CDD  WTR  SNW DPTH SPD SPD DIR MIN PSBL S-S WX    SPD DR
================================================================================

 1  57  29  43  -7  22   0 0.00  0.0    0  9.6 18  30   M    M   0 8      23  40
 2  71  24  48  -2  17   0 0.00  0.0    0  7.8 15 180   M    M   0        19 280
 3  74  29  52   2  13   0 0.00  0.0    0  8.8 15 160   M    M   0        18 170
 4  74  31  53   4  12   0 0.00  0.0    0  9.3 15 160   M    M   0        18  10
 5  74  30  52   3  13   0 0.00  0.0    0  9.6 17 360   M    M   0        23 360
 6  77  34  56   7   9   0 0.00  0.0    0  8.8 16 160   M    M   0        20 160
 7  80  36  58  10   7   0 0.00  0.0    0  8.0 15 160   M    M   0        19 280
 8  77  37  57   9   8   0 0.00  0.0    0  7.6 16 150   M    M   1        25 190
 9  77  35  56   8   9   0 0.00  0.0    0  8.9 18 340   M    M   0        26 360
10  73  33  53   6  12   0 0.00  0.0    0  8.4 16 170   M    M   0        18 170
11  72  30  51   4  14   0 0.00  0.0    0  7.5 18 180   M    M   0 8      21 310
12  60  30  45  -1  20   0 0.00  0.0    0 11.3 23  40   M    M   0        36 320
13  70  24  47   1  18   0 0.00  0.0    0  8.6 15 170   M    M   0        17 170
14  74  33  54   8  11   0 0.00  0.0    0 17.7 30 160   M    M   0        39 150
15  72  48  60  14   5   0 0.00  0.0    0 17.1 33 200   M    M   0 8      44 200
16  67  31  49   4  16   0 0.00  0.0    0  6.1 15 180   M    M   0        16 160
17  71  34  53   8  12   0 0.00  0.0    0 10.4 21 150   M    M   0        27 160
18  68  32  50   5  15   0 0.00  0.0    0  7.4 14 170   M    M   0        20 160
================================================================================
SM 1288  580       233   0  0.00     0.0 172.9          M        1
================================================================================
AV 71.6 32.2                               9.6 FASTST   M    M   0    MAX(MPH)
                                 MISC ---->  # 33 200               # 44  200
================================================================================
NOTES:
# LAST OF SEVERAL OCCURRENCES

COLUMN 17 PEAK WIND IN M.P.H.

PRELIMINARY LOCAL CLIMATOLOGICAL DATA (WS FORM: F-6) , PAGE 2

                                          STATION:  ELY AIRPORT NV
                                          MONTH:    OCTOBER
                                          YEAR:     2014
                                          LATITUDE:   39 16 N
                                          LONGITUDE: 114 51 W

[TEMPERATURE DATA]      [PRECIPITATION DATA]       SYMBOLS USED IN COLUMN 16

AVERAGE MONTHLY: 51.9   TOTAL FOR MONTH:   0.00    1 = FOG OR MIST
DPTR FM NORMAL:   4.4   DPTR FM NORMAL:   -0.58    2 = FOG REDUCING VISIBILITY
HIGHEST:    80 ON  7    GRTST 24HR  0.00 ON 18-18      TO 1/4 MILE OR LESS
LOWEST:     24 ON 13, 2                            3 = THUNDER
                        SNOW, ICE PELLETS, HAIL    4 = ICE PELLETS
                        TOTAL MONTH:   0.0 INCH    5 = HAIL
                        GRTST 24HR     0.0         6 = FREEZING RAIN OR DRIZZLE
                        GRTST DEPTH:   0           7 = DUSTSTORM OR SANDSTORM:
                                                       VSBY 1/2 MILE OR LESS
                                                   8 = SMOKE OR HAZE
[NO. OF DAYS WITH]      [WEATHER - DAYS WITH]      9 = BLOWING SNOW
                                                   X = TORNADO
MAX 32 OR BELOW:   0    0.01 INCH OR MORE:   0
MAX 90 OR ABOVE:   0    0.10 INCH OR MORE:   0
MIN 32 OR BELOW:  10    0.50 INCH OR MORE:   0
MIN  0 OR BELOW:   0    1.00 INCH OR MORE:   0

[HDD (BASE 65) ]
TOTAL THIS MO.   233    CLEAR  (SCALE 0-3)  18
DPTR FM NORMAL   -82    PTCLDY (SCALE 4-7)   0
TOTAL FM JUL 1   401    CLOUDY (SCALE 8-10)  0
DPTR FM NORMAL  -230

[CDD (BASE 65) ]
TOTAL THIS MO.     0
DPTR FM NORMAL     0    [PRESSURE DATA]
TOTAL FM JAN 1   286    HIGHEST SLP M ON M
DPTR FM NORMAL    68    LOWEST  SLP 29.64 ON 15

[REMARKS]
