000
CXUS53 KTOP 270800
CF6EMP
PRELIMINARY LOCAL CLIMATOLOGICAL DATA (WS FORM: F-6)

                                          STATION:   Emporia KS
                                          MONTH:     JULY
                                          YEAR:      2017
                                          LATITUDE:   38 19 N
                                          LONGITUDE:  96 12 W

  TEMPERATURE IN F:       :PCPN:    SNOW:  WIND      :SUNSHINE: SKY     :PK WND
================================================================================
1   2   3   4   5  6A  6B    7    8   9   10  11  12  13   14  15   16   17  18
                                     12Z  AVG MX 2MIN
DY MAX MIN AVG DEP HDD CDD  WTR  SNW DPTH SPD SPD DIR MIN PSBL S-S WX    SPD DR
================================================================================

 1  85  57  71  -6   0   6 0.00    M    M  6.1 13 330   M    M   0        16 310
 2  87  61  74  -3   0   9 0.00    M    M  8.8 15 210   M    M   0        20 210
 3  85  64  75  -3   0  10 0.00    M    M  6.9 16 130   M    M   1        20 130
 4  79  67  73  -5   0   8    T    M    M  6.2 16 140   M    M   3 1      21 120
 5  87  63  75  -3   0  10 0.00    M    M  5.0 14  20   M    M   2 12     18  30
 6  91  63  77  -1   0  12 0.00    M    M  5.0 12 190   M    M   0 1      19 200
 7  90  64  77  -1   0  12 0.00    M    M  8.6 17  30   M    M   0        22  30
 8  90  60  75  -3   0  10 0.00    M    M  6.2 15 110   M    M   0        20 110
 9  92  64  78  -1   0  13 0.00    M    M 10.2 22 170   M    M   0        29 170
10  95  72  84   5   0  19 0.00    M    M 12.5 21 190   M    M   0        30 180
11  97   M   M   M   M   M 0.00    M    M 16.4 22 190   0    0   0        31 160
12 100  75  88   9   0  23 0.00    M    M 13.9 22 200   M    M   0        28 200
13 100  70  85   6   0  20 1.27    M    M  9.3 24 330   M    M   4 13     31 330
14  87  70  79   0   0  14 0.03    M    M  5.1 10 150   M    M   5 1      13 170
15  90  70  80   1   0  15 0.00    M    M  5.2 13 100   M    M   1 1      16 110
16  90  67  79   0   0  14 0.00    M    M  4.3 10 140   M    M   1 1      12 140
17  93  64  79   0   0  14 0.00    M    M  7.6 15 150   M    M   1        19 150
18  93  69  81   1   0  16 0.00    M    M 11.2 20 180   M    M   0        26 180
19  96  73  85   5   0  20 0.00    M    M 11.5 18 170   M    M   1        24 190
20 100  74  87   7   0  22 0.00    M    M 12.9 20 190   M    M   0        25 200
21 102  76  89   9   0  24 0.00    M    M 14.6 23 190   M    M   0        29 190
22 103  70  87   7   0  22 0.14    M    M 13.0 24  30   M    M   0 13     30  20
23  93  70  82   2   0  17    T    M    M  6.3 20 190   M    M   1 3      25 200
24  94  71  83   3   0  18 0.00    M    M  5.1 12 170   M    M   1 1      17 150
25  95  70  83   3   0  18 0.00    M    M 10.6 18 160   M    M   0 1      24 170
26  87  74  81   1   0  16 0.26    M    M 10.3 20 230   M    M   6 138    24 210
================================================================================
SM 2401 1698         0 382  1.70    M    232.8            0     27
================================================================================
AV 92.4 67.9                               9.0 FASTST    0   0   1    MAX(MPH)
                                 MISC ---->  # 24 330               # 31  160
================================================================================
NOTES:
# LAST OF SEVERAL OCCURRENCES

COLUMN 17 PEAK WIND IN M.P.H.

PRELIMINARY LOCAL CLIMATOLOGICAL DATA (WS FORM: F-6) , PAGE 2

                                          STATION:  Emporia KS
                                          MONTH:    JULY
                                          YEAR:     2017
                                          LATITUDE:   38 19 N
                                          LONGITUDE:  96 12 W

[TEMPERATURE DATA]      [PRECIPITATION DATA]       SYMBOLS USED IN COLUMN 16

AVERAGE MONTHLY: 80.1   TOTAL FOR MONTH:   1.70    1 = FOG OR MIST
DPTR FM NORMAL:   1.2   DPTR FM NORMAL:   -2.09    2 = FOG REDUCING VISIBILITY
HIGHEST:   103 ON 22    GRTST 24HR  1.40 ON 30- 1      TO 1/4 MILE OR LESS
LOWEST:     57 ON  1                               3 = THUNDER
                        SNOW, ICE PELLETS, HAIL    4 = ICE PELLETS
                        TOTAL MONTH:    M          5 = HAIL
                        GRTST 24HR    M  ON   M    6 = FREEZING RAIN OR DRIZZLE
                        GRTST DEPTH:  M  ON   M    7 = DUSTSTORM OR SANDSTORM:
                                                       VSBY 1/2 MILE OR LESS
                                                   8 = SMOKE OR HAZE
[NO. OF DAYS WITH]      [WEATHER - DAYS WITH]      9 = BLOWING SNOW
                                                   X = TORNADO
MAX 32 OR BELOW:   0    0.01 INCH OR MORE:   4
MAX 90 OR ABOVE:  19    0.10 INCH OR MORE:   3
MIN 32 OR BELOW:   0    0.50 INCH OR MORE:   1
MIN  0 OR BELOW:   0    1.00 INCH OR MORE:   1

[HDD (BASE 65) ]
TOTAL THIS MO.     0    CLEAR  (SCALE 0-3)  22
DPTR FM NORMAL     0    PTCLDY (SCALE 4-7)   4
TOTAL FM JUL 1     0    CLOUDY (SCALE 8-10)  0
DPTR FM NORMAL     0

[CDD (BASE 65) ]
TOTAL THIS MO.   382
DPTR FM NORMAL    20    [PRESSURE DATA]
TOTAL FM JAN 1   792    HIGHEST SLP  0.00 ON 11
DPTR FM NORMAL    48    LOWEST  SLP 29.72 ON 22

[REMARKS]
