000
CXUS53 KMKX 250702
CF6ENW
PRELIMINARY LOCAL CLIMATOLOGICAL DATA (WS FORM: F-6)

                                          STATION:   KENOSHA WI
                                          MONTH:     MARCH
                                          YEAR:      2017
                                          LATITUDE:   42 35 N
                                          LONGITUDE:  87 56 W

  TEMPERATURE IN F:       :PCPN:    SNOW:  WIND      :SUNSHINE: SKY     :PK WND
================================================================================
1   2   3   4   5  6A  6B    7    8   9   10  11  12  13   14  15   16   17  18
                                     12Z  AVG MX 2MIN
DY MAX MIN AVG DEP HDD CDD  WTR  SNW DPTH SPD SPD DIR MIN PSBL S-S WX    SPD DR
================================================================================

 1  47  27  37   7  28   0 0.05    M    0 13.1 23 310   M    M   9 128    29 300
 2  33  24  29  -1  36   0 0.00  0.0    0  9.9 17 300   M    M   6        27 290
 3  30  17  24  -7  41   0 0.00  0.0    0  8.2 20 320   M    M   2        27 330
 4  35  27  31   0  34   0    T    M    0 13.1 24 130   M    M   7 1      30 130
 5  54  32  43  12  22   0 0.00    M    M 11.8 21 130   M    M   6        28 130
 6  65  50  58  26   7   0    T    M    M 19.6 35 200   M    M  10        45 190
 7  65  35  50  18  15   0 0.30    M    0 21.5 38 230   M    M   2 138    58 240
 8  48  35  42  10  23   0 0.00  0.0    0 26.7 45 260   M    M   1        61 250
 9  40  28  34   1  31   0 0.03    M    0  4.6 18 330   M    M   7 1      25 330
10  32  19  26  -7  39   0 0.00  0.0    0 11.9 21 330   M    M   0        28 330
11  28  14  21 -13  44   0 0.00  0.0    0  7.2 17 330   M    M   2        22 340
12  32  16  24 -10  41   0    T    M    0  8.0 15 110   M    M   3 1      19  50
13  30  21  26  -8  39   0 0.25    M    0 10.0 20  30   M    M  10 128    26  20
14  25  11  18 -16  47   0    T    M    M 11.2 21 360   M    M   6 128    27 360
15  30   8  19 -16  46   0 0.00    M    M  9.3 17 290   M    M   0        22 290
16  37  12  25 -10  40   0 0.00    M    M  6.8 10 110   M    M   0        14 240
17  41  33  37   1  28   0 0.16    M    0  8.1 16 160   M    M  10 18     20 160
18  41  34  38   2  27   0 0.02    M    M 10.6 18 310   M    M  10 1      25 310
19  48  28  38   2  27   0 0.00  0.0    0  8.6 22 180   M    M   5        28 190
20  56  36  46  10  19   0 0.00  0.0    0  9.5 24  30   M    M   5 18     31  40
21  49  29  39   2  26   0 0.00  0.0    0 11.1 22  40   M    M   2        27  40
22  34  20  27 -10  38   0 0.00  0.0    0  8.2 17  20   M    M   4        24  20
23  44  21  33  -5  32   0 0.01    M    0 12.0 21 150   M    M   7 3      26 170
24  78  38  58  20   7   0    T    M    0 13.8 26 250   M    M   4 18     34 240
================================================================================
SM 1022  615       737   0  0.82     0.0 274.8          M      118
================================================================================
AV 42.6 25.6                              11.5 FASTST   M    M   5    MAX(MPH)
                                 MISC ---->  # 45 260               # 61  250
================================================================================
NOTES:
# LAST OF SEVERAL OCCURRENCES

COLUMN 17 PEAK WIND IN M.P.H.

PRELIMINARY LOCAL CLIMATOLOGICAL DATA (WS FORM: F-6) , PAGE 2

                                          STATION:  KENOSHA WI
                                          MONTH:    MARCH
                                          YEAR:     2017
                                          LATITUDE:   42 35 N
                                          LONGITUDE:  87 56 W

[TEMPERATURE DATA]      [PRECIPITATION DATA]       SYMBOLS USED IN COLUMN 16

AVERAGE MONTHLY: 34.1   TOTAL FOR MONTH:   0.82    1 = FOG OR MIST
DPTR FM NORMAL:   0.1   DPTR FM NORMAL:   -0.69    2 = FOG REDUCING VISIBILITY
HIGHEST:    78 ON 24    GRTST 24HR  0.30 ON  7- 7      TO 1/4 MILE OR LESS
LOWEST:      8 ON 15                               3 = THUNDER
                        SNOW, ICE PELLETS, HAIL    4 = ICE PELLETS
                        TOTAL MONTH:   0.0 INCH    5 = HAIL
                        GRTST 24HR     0.0         6 = FREEZING RAIN OR DRIZZLE
                        GRTST DEPTH:   0           7 = DUSTSTORM OR SANDSTORM:
                                                       VSBY 1/2 MILE OR LESS
                                                   8 = SMOKE OR HAZE
[NO. OF DAYS WITH]      [WEATHER - DAYS WITH]      9 = BLOWING SNOW
                                                   X = TORNADO
MAX 32 OR BELOW:   7    0.01 INCH OR MORE:   7
MAX 90 OR ABOVE:   0    0.10 INCH OR MORE:   3
MIN 32 OR BELOW:  17    0.50 INCH OR MORE:   0
MIN  0 OR BELOW:   0    1.00 INCH OR MORE:   0

[HDD (BASE 65) ]
TOTAL THIS MO.   737    CLEAR  (SCALE 0-3)   9
DPTR FM NORMAL    -7    PTCLDY (SCALE 4-7)  10
TOTAL FM JUL 1  4961    CLOUDY (SCALE 8-10)  5
DPTR FM NORMAL  -882

[CDD (BASE 65) ]
TOTAL THIS MO.     0
DPTR FM NORMAL     0    [PRESSURE DATA]
TOTAL FM JAN 1     0    HIGHEST SLP M ON M
DPTR FM NORMAL     0    LOWEST  SLP 29.28 ON  6

[REMARKS]
