000
CXUS56 KOTX 271500
CF6EPH
PRELIMINARY LOCAL CLIMATOLOGICAL DATA (WS FORM: F-6)

                                          STATION:   EPHRATA WA AIRPORT
                                          MONTH:     FEBRUARY
                                          YEAR:      2015
                                          LATITUDE:   47 18 N
                                          LONGITUDE: 119 31 W

  TEMPERATURE IN F:       :PCPN:    SNOW:  WIND      :SUNSHINE: SKY     :PK WND
================================================================================
1   2   3   4   5  6A  6B    7    8   9   10  11  12  13   14  15   16   17  18
                                     12Z  AVG MX 2MIN
DY MAX MIN AVG DEP HDD CDD  WTR  SNW DPTH SPD SPD DIR MIN PSBL S-S WX    SPD DR
================================================================================

 1  38  34  36   5  29   0    T    M    M  5.0 10 180   M    M  10        12  30
 2  39  34  37   5  28   0 0.04    M    M  4.7 13  10   M    M  10 12     14  20
 3  43  33  38   6  27   0 0.00    M    M  6.2 13 310   M    M   6 12     15 310
 4  41  35  38   6  27   0 0.06    M    M  8.1 13 310   M    M  10 1      14 310
 5  44  38  41   9  24   0 0.11    M    M  5.9 13 320   M    M  10 1      16 290
 6  53  42  48  16  17   0 0.12    M    M  6.3 21 200   M    M   5 1      27 210
 7  62  41  52  20  13   0 0.24    M    M  7.9 32 220   M    M   6 1      43 210
 8  52  33  43  11  22   0 0.01    M    M  8.6 17 340   M    M   3        20 350
 9  52  37  45  12  20   0 0.01    M    M  8.1 20 350   M    M   6 1      23 350
10  51  38  45  12  20   0    T    M    M  6.5 12  10   M    M   6 1      14  40
11  52  39  46  13  19   0 0.00    M    M  5.3 13  30   M    M   1        15  30
12  58  40  49  16  16   0 0.00    M    M  3.5  9  30   M    M   4        12 190
13  57  37  47  13  18   0 0.00    M    M  5.1 12  20   M    M   0 1      13  20
14  59  35  47  13  18   0 0.00    M    M  6.9 15 300   M    M   5 12     18 300
15  57  36  47  13  18   0 0.00    M    M  6.7 20 340   M    M   0        22 360
16  54  32  43   9  22   0 0.00    M    M  7.6 18  10   M    M   0        21  10
17  55  30  43   9  22   0 0.00    M    M  5.4 13 350   M    M   0        15 360
18  51  29  40   5  25   0 0.00    M    M  4.7 12  20   M    M   0        13  10
19  50  33  42   7  23   0    T    M    M  2.3  9  50   M    M   5        11  50
20  56  28  42   7  23   0 0.00    M    M  4.9 14 340   M    M   3 12     16 350
21  55  33  44   8  21   0    T    M    M 12.8 26  20   M    M   7        33  20
22  46  25  36   0  29   0 0.00    M    M  5.0 12 320   M    M   2        15 310
23  49  21  35  -1  30   0 0.00    M    M  4.1 12 320   M    M   0        14 320
24  48  26  37   1  28   0 0.00    M    M  4.9 17 310   M    M   0        23 320
25  54  24  39   2  26   0 0.00    M    M  4.8 14 140   M    M   3        17 140
26  53  38  46   9  19   0    T    M    M  4.4 10  20   M    M   8        13 300
================================================================================
SM 1329  871       584   0  0.59    M    155.7          M      110
================================================================================
AV 51.1 33.5                               6.0 FASTST   M    M   4    MAX(MPH)
                                 MISC ---->  # 32 220               # 43  210
================================================================================
NOTES:
# LAST OF SEVERAL OCCURRENCES

COLUMN 17 PEAK WIND IN M.P.H.

PRELIMINARY LOCAL CLIMATOLOGICAL DATA (WS FORM: F-6) , PAGE 2

                                          STATION:  EPHRATA WA AIRPORT
                                          MONTH:    FEBRUARY
                                          YEAR:     2015
                                          LATITUDE:   47 18 N
                                          LONGITUDE: 119 31 W

[TEMPERATURE DATA]      [PRECIPITATION DATA]       SYMBOLS USED IN COLUMN 16

AVERAGE MONTHLY: 42.3   TOTAL FOR MONTH:   0.59    1 = FOG OR MIST
DPTR FM NORMAL:   8.5   DPTR FM NORMAL:   -0.09    2 = FOG REDUCING VISIBILITY
HIGHEST:    62 ON  7    GRTST 24HR  0.35 ON  6- 7      TO 1/4 MILE OR LESS
LOWEST:     21 ON 23                               3 = THUNDER
                        SNOW, ICE PELLETS, HAIL    4 = ICE PELLETS
                        TOTAL MONTH:    M          5 = HAIL
                        GRTST 24HR    M  ON   M    6 = FREEZING RAIN OR DRIZZLE
                        GRTST DEPTH:  M  ON   M    7 = DUSTSTORM OR SANDSTORM:
                                                       VSBY 1/2 MILE OR LESS
                                                   8 = SMOKE OR HAZE
[NO. OF DAYS WITH]      [WEATHER - DAYS WITH]      9 = BLOWING SNOW
                                                   X = TORNADO
MAX 32 OR BELOW:   0    0.01 INCH OR MORE:   7
MAX 90 OR ABOVE:   0    0.10 INCH OR MORE:   3
MIN 32 OR BELOW:   8    0.50 INCH OR MORE:   0
MIN  0 OR BELOW:   0    1.00 INCH OR MORE:   0

[HDD (BASE 65) ]
TOTAL THIS MO.   584    CLEAR  (SCALE 0-3)  11
DPTR FM NORMAL  -225    PTCLDY (SCALE 4-7)  11
TOTAL FM JUL 1  3651    CLOUDY (SCALE 8-10)  4
DPTR FM NORMAL  -866

[CDD (BASE 65) ]
TOTAL THIS MO.     0
DPTR FM NORMAL     0    [PRESSURE DATA]
TOTAL FM JAN 1     0    HIGHEST SLP M ON M
DPTR FM NORMAL     0    LOWEST  SLP  0.00 ON M

[REMARKS]
