000
CXUS54 KEWX 250910
CF6ERV
PRELIMINARY LOCAL CLIMATOLOGICAL DATA (WS FORM: F-6)

                                          STATION:   KERRVILLE
                                          MONTH:     JANUARY
                                          YEAR:      2015
                                          LATITUDE:   29 58 N
                                          LONGITUDE:  99  5 W

  TEMPERATURE IN F:       :PCPN:    SNOW:  WIND      :SUNSHINE: SKY     :PK WND
================================================================================
1   2   3   4   5  6A  6B    7    8   9   10  11  12  13   14  15   16   17  18
                                     12Z  AVG MX 2MIN
DY MAX MIN AVG DEP HDD CDD  WTR  SNW DPTH SPD SPD DIR MIN PSBL S-S WX    SPD DR
================================================================================

 1  37  31  34   M  31   0 0.08    M    M  3.0  7 340   M    M  10 1       M  M
 2  38  36  37   M  28   0 0.13    M    M  5.5 10 300   M    M  10 1       M  M
 3  64  33  49   M  16   0 0.00    M    M  7.1 21 270   M    M   4        27 270
 4  51  29  40   M  25   0 0.00    M    M  8.3 17 340   M    M   0        21 350
 5  56  19  38   M  27   0 0.00    M    M  1.8  9 170   M    M   0         M  M
 6  69  31  50   M  15   0 0.00    M    M  2.7  9 170   M    M   0         M  M
 7  51  29  40   M  25   0 0.00    M    M 10.5 21  10   M    M   2        31  10
 8  39  22  31   M  34   0 0.00    M    M  7.0 12 360   M    M   6         M  M
 9  41  31  36   M  29   0 0.00    M    M  7.0 16  20   M    M  10 6      21  30
10  33  30  32   M  33   0 0.30    M    M  2.0  6  10   M    M  10 1       M  M
11  60  33  47   M  18   0 0.06    M    M  3.2 10 160   M    M   7 12      M  M
12  51  33  42   M  23   0 0.00    M    M  7.0 15 360   M    M   7 12     23 360
13  37  31  34   M  31   0 0.00    M    M  8.0 14 350   M    M  10        21 350
14  38  36  37   M  28   0 0.00    M    M  4.2  8  20   M    M  10 1       M  M
15  56  31  44   M  21   0 0.00    M    M  7.0 15 340   M    M   2        21 340
16  64  26  45   M  20   0 0.00    M    M  3.2  6 160   M    M   1         M  M
17  72  31  52   M  13   0 0.00    M    M  5.2 16 330   M    M   0        22 330
18  69  31  50   M  15   0 0.00    M    M  3.6 13 160   M    M   0        17 190
19  78  29  54   M  11   0 0.00    M    M  4.4 14 270   M    M   0        17 270
20  84  33  59   M   6   0 0.00    M    M  4.4 13 280   M    M   0        17 280
21  56  44  50   M  15   0 0.07    M    M  3.1  8 350   M    M   7 1       M  M
22  51  38  45   M  20   0 0.93    M    M 12.8 21 360   M    M  10 3      28 360
23  42  31  37   M  28   0 0.22    M    M  9.0 14 330   M    M   9        17 340
24  60  25  43   M  22   0 0.00  0.0    0  3.0  8 320   M    M   1 1       M  M
================================================================================
SM 1297  743       534   0  1.79     0.0 133.0          M      116
================================================================================
AV 54.0 31.0                               5.5 FASTST   M    M   5    MAX(MPH)
                                 MISC ---->    21   M                 31    M
================================================================================
NOTES:
# LAST OF SEVERAL OCCURRENCES

COLUMN 17 PEAK WIND IN M.P.H.

PRELIMINARY LOCAL CLIMATOLOGICAL DATA (WS FORM: F-6) , PAGE 2

                                          STATION:  KERRVILLE
                                          MONTH:    JANUARY
                                          YEAR:     2015
                                          LATITUDE:   29 58 N
                                          LONGITUDE:  99  5 W

[TEMPERATURE DATA]      [PRECIPITATION DATA]       SYMBOLS USED IN COLUMN 16

AVERAGE MONTHLY: 42.5   TOTAL FOR MONTH:   1.79    1 = FOG OR MIST
DPTR FM NORMAL:     M   DPTR FM NORMAL:       M    2 = FOG REDUCING VISIBILITY
HIGHEST:    84 ON 20    GRTST 24HR  0.93 ON 22-22      TO 1/4 MILE OR LESS
LOWEST:     19 ON  5                               3 = THUNDER
                        SNOW, ICE PELLETS, HAIL    4 = ICE PELLETS
                        TOTAL MONTH:   0.0 INCH    5 = HAIL
                        GRTST 24HR     0.0         6 = FREEZING RAIN OR DRIZZLE
                        GRTST DEPTH:   0           7 = DUSTSTORM OR SANDSTORM:
                                                       VSBY 1/2 MILE OR LESS
                                                   8 = SMOKE OR HAZE
[NO. OF DAYS WITH]      [WEATHER - DAYS WITH]      9 = BLOWING SNOW
                                                   X = TORNADO
MAX 32 OR BELOW:   0    0.01 INCH OR MORE:   7
MAX 90 OR ABOVE:   0    0.10 INCH OR MORE:   4
MIN 32 OR BELOW:  16    0.50 INCH OR MORE:   1
MIN  0 OR BELOW:   0    1.00 INCH OR MORE:   0

[HDD (BASE 65) ]
TOTAL THIS MO.   534    CLEAR  (SCALE 0-3)  11
DPTR FM NORMAL     M    PTCLDY (SCALE 4-7)   5
TOTAL FM JUL 1  1329    CLOUDY (SCALE 8-10)  8
DPTR FM NORMAL     M

[CDD (BASE 65) ]
TOTAL THIS MO.     0
DPTR FM NORMAL     M    [PRESSURE DATA]
TOTAL FM JAN 1     0    HIGHEST SLP M ON M
DPTR FM NORMAL     M    LOWEST  SLP M ON M

[REMARKS]
