000
CXUS52 KMHX 290806
CF6EWN
PRELIMINARY LOCAL CLIMATOLOGICAL DATA (WS FORM: F-6)

                                          STATION:   NEW BERN NC
                                          MONTH:     AUGUST
                                          YEAR:      2014
                                          LATITUDE:   35  4 N
                                          LONGITUDE:  77  3 W

  TEMPERATURE IN F:       :PCPN:    SNOW:  WIND      :SUNSHINE: SKY     :PK WND
================================================================================
1   2   3   4   5  6A  6B    7    8   9   10  11  12  13   14  15   16   17  18
                                     12Z  AVG MX 2MIN
DY MAX MIN AVG DEP HDD CDD  WTR  SNW DPTH SPD SPD DIR MIN PSBL S-S WX    SPD DR
================================================================================

 1  79  74  77  -3   0  12 1.97  0.0    0  4.9 12 120   M    M   6 12     46  90
 2  78  73  76  -4   0  11 0.25  0.0    0  1.9  9 150   M    M   7 1      17 130
 3  75  72  74  -6   0   9 1.15  0.0    0  2.2  8 160   M    M   9 13     28 200
 4  82  72  77  -3   0  12 1.61  0.0    0  2.4  9  50   M    M   9 1      29  80
 5  88  73  81   1   0  16    T  0.0    0  2.5 10  10   M    M   6 1      14  10
 6  91  71  81   1   0  16 0.00  0.0    0  4.2 14 210   M    M   2 12     17 210
 7  88  70  79  -1   0  14 0.04  0.0    0  2.9 16 140   M    M   2 138    20 180
 8  86  72  79  -1   0  14    T  0.0    0  5.7 13  40   M    M   0 18     16  30
 9  76  69  73  -7   0   8 0.37  0.0    0  6.2 13  50   M    M   9 1      16  40
10  85  73  79  -1   0  14    T  0.0    0  6.0 13  60   M    M   8        17 100
11  87  73  80   0   0  15    T  0.0    0  7.5 16 100   M    M   4        24 100
12  93  75  84   4   0  19 0.00  0.0    0  4.5 14 200   M    M   4 1      18 200
13  90  72  81   1   0  16 0.00  0.0    0  5.2 15 290   M    M   1 1      20 290
14  85  65  75  -4   0  10 0.00  0.0    0  4.5  8  40   M    M   0         M  M
15  91  63  77  -2   0  12 0.00  0.0    0  3.3 12 200   M    M   1        17  20
16  92  67  80   1   0  15    T  0.0    0  4.0 15 210   M    M   1        28  20
17  93  73  83   4   0  18    T  0.0    0  3.4 12 260   M    M   1 18     29 270
18  95  73  84   5   0  19 3.56  0.0    0  6.1 26  30   M    M   4 1238   36  30
19  90  71  81   2   0  16 0.06  0.0    0  4.2 10 290   M    M   2 1      15 270
20  91  75  83   4   0  18    T  0.0    0  3.1 10 200   M    M   3 128    14 210
21  94  74  84   5   0  19    T  0.0    0  2.3 12 200   M    M   1 12     14 210
22  95  75  85   6   0  20 0.00  0.0    0  4.1 13 320   M    M   2        17 320
23  86  74  80   1   0  15 0.12  0.0    0  5.0 20  50   M    M   6        25  50
24  84  67  76  -2   0  11 0.00  0.0    0 12.3 23  40   M    M   2        29  40
25  81  64  73  -5   0   8 0.00  0.0    0  8.1 18  30   M    M   4        25  40
26  86  66  76  -2   0  11 0.00  0.0    0  8.7 15  40   M    M   1 8      21  40
27  88  68  78   0   0  13 0.00  0.0    0  7.6 16  10   M    M   4        22  20
28  94  66  80   2   0  15 0.00  0.0    0  3.6  9 260   M    M   1        12 250
================================================================================
SM 2443 1980         0 396  9.13     0.0 136.4          M      100
================================================================================
AV 87.2 70.7                               4.9 FASTST   M    M   4    MAX(MPH)
                                 MISC ---->  # 26  30               # 46   90
================================================================================
NOTES:
# LAST OF SEVERAL OCCURRENCES

COLUMN 17 PEAK WIND IN M.P.H.

PRELIMINARY LOCAL CLIMATOLOGICAL DATA (WS FORM: F-6) , PAGE 2

                                          STATION:  NEW BERN NC
                                          MONTH:    AUGUST
                                          YEAR:     2014
                                          LATITUDE:   35  4 N
                                          LONGITUDE:  77  3 W

[TEMPERATURE DATA]      [PRECIPITATION DATA]       SYMBOLS USED IN COLUMN 16

AVERAGE MONTHLY: 79.0   TOTAL FOR MONTH:   9.13    1 = FOG OR MIST
DPTR FM NORMAL:  -0.3   DPTR FM NORMAL:    3.06    2 = FOG REDUCING VISIBILITY
HIGHEST:    95 ON 22,18 GRTST 24HR  3.62 ON 18-19      TO 1/4 MILE OR LESS
LOWEST:     63 ON 15                               3 = THUNDER
                        SNOW, ICE PELLETS, HAIL    4 = ICE PELLETS
                        TOTAL MONTH:   0.0 INCH    5 = HAIL
                        GRTST 24HR     0.0         6 = FREEZING RAIN OR DRIZZLE
                        GRTST DEPTH:   0           7 = DUSTSTORM OR SANDSTORM:
                                                       VSBY 1/2 MILE OR LESS
                                                   8 = SMOKE OR HAZE
[NO. OF DAYS WITH]      [WEATHER - DAYS WITH]      9 = BLOWING SNOW
                                                   X = TORNADO
MAX 32 OR BELOW:   0    0.01 INCH OR MORE:   9
MAX 90 OR ABOVE:  12    0.10 INCH OR MORE:   7
MIN 32 OR BELOW:   0    0.50 INCH OR MORE:   4
MIN  0 OR BELOW:   0    1.00 INCH OR MORE:   4

[HDD (BASE 65) ]
TOTAL THIS MO.     0    CLEAR  (SCALE 0-3)  14
DPTR FM NORMAL     0    PTCLDY (SCALE 4-7)  11
TOTAL FM JUL 1     0    CLOUDY (SCALE 8-10)  3
DPTR FM NORMAL     0

[CDD (BASE 65) ]
TOTAL THIS MO.   396
DPTR FM NORMAL    -4    [PRESSURE DATA]
TOTAL FM JAN 1  1661    HIGHEST SLP M ON M
DPTR FM NORMAL   171    LOWEST  SLP 29.76 ON 19

[REMARKS]
