000
CXUS52 KMHX 260700
CF6EWN
PRELIMINARY LOCAL CLIMATOLOGICAL DATA (WS FORM: F-6)

                                          STATION:   NEW BERN NC
                                          MONTH:     SEPTEMBER
                                          YEAR:      2016
                                          LATITUDE:   35  4 N
                                          LONGITUDE:  77  3 W

  TEMPERATURE IN F:       :PCPN:    SNOW:  WIND      :SUNSHINE: SKY     :PK WND
================================================================================
1   2   3   4   5  6A  6B    7    8   9   10  11  12  13   14  15   16   17  18
                                     12Z  AVG MX 2MIN
DY MAX MIN AVG DEP HDD CDD  WTR  SNW DPTH SPD SPD DIR MIN PSBL S-S WX    SPD DR
================================================================================

 1  91  71  81   4   0  16 0.08  0.0    0  4.2 17 360   M    M   2 13     22  10
 2  76  72  74  -3   0   9 4.35  0.0    0 10.2 30  70   M    M  10 13     38  40
 3  77  67  72  -5   0   7 0.31  0.0    0 12.4 23 320   M    M  10 1      29 320
 4  82  65  74  -3   0   9 0.00  0.0    0  7.0 14  20   M    M   2        18  20
 5  80  63  72  -5   0   7 0.00  0.0    0  5.8 14 350   M    M   0 1      19  20
 6  89  64  77   1   0  12 0.00  0.0    0  4.9 12 280   M    M   0        16 260
 7  90  69  80   4   0  15 0.16  0.0    0  4.5 21 280   M    M   1 138    29 310
 8  93  73  83   7   0  18 0.00  0.0    0  6.5 13 230   M    M   0        19 220
 9  91  72  82   6   0  17 0.00  0.0    0  6.9 14 170   M    M   0        18 170
10  89  69  79   3   0  14 0.00  0.0    0  5.9 16 210   M    M   1        23 150
11  92  73  83   8   0  18 0.58  0.0    0  7.7 14  50   M    M   2 13     21 250
12  78  71  75   0   0  10 1.90  0.0    0  4.2 18  40   M    M   5 13     21  10
13  86  67  77   2   0  12 0.00  0.0    0  5.3 13 150   M    M   0 1      17 130
14  86  63  75   0   0  10 0.00  0.0    0  2.2 10 120   M    M   0 18     14 150
15  85  69  77   3   0  12    T  0.0    0  8.7 17 140   M    M   3 1      23 130
16  85  72  79   5   0  14 0.01  0.0    0 11.0 17  30   M    M   8        24  40
17  87  71  79   5   0  14 0.00  0.0    0  7.2 14  70   M    M   3 1      17 120
18  88  73  81   7   0  16 0.07  0.0    0  5.5 15 150   M    M   3 1      22 150
19  88  73  81   8   0  16 0.08  0.0    0  6.8 20 330   M    M   5 3      25 320
20  79  73  76   3   0  11 0.15  0.0    0  6.4 14 310   M    M  10 1      19 300
21  87  71  79   7   0  14 0.04  0.0    0  2.0 14 360   M    M   8 12     17  10
22  85  70  78   6   0  13 1.85  0.0    0  5.0 17 130   M    M   5 123    22 140
23  85  72  79   7   0  14 1.25  0.0    0  4.5 14  30   M    M   8 12     16  40
24  88  70  79   7   0  14 0.00  0.0    0  2.8  9  70   M    M   1 12     11  80
25  77  67  72   1   0   7 0.00  0.0    0  8.0 13  60   M    M   9        17  60
================================================================================
SM 2134 1740         0 319 10.83     0.0 155.6          M       96
================================================================================
AV 85.4 69.6                               6.2 FASTST   M    M   4    MAX(MPH)
                                 MISC ---->  # 30  70               # 38   40
================================================================================
NOTES:
# LAST OF SEVERAL OCCURRENCES

COLUMN 17 PEAK WIND IN M.P.H.

PRELIMINARY LOCAL CLIMATOLOGICAL DATA (WS FORM: F-6) , PAGE 2

                                          STATION:  NEW BERN NC
                                          MONTH:    SEPTEMBER
                                          YEAR:     2016
                                          LATITUDE:   35  4 N
                                          LONGITUDE:  77  3 W

[TEMPERATURE DATA]      [PRECIPITATION DATA]       SYMBOLS USED IN COLUMN 16

AVERAGE MONTHLY: 77.5   TOTAL FOR MONTH:  10.83    1 = FOG OR MIST
DPTR FM NORMAL:   2.8   DPTR FM NORMAL:    5.85    2 = FOG REDUCING VISIBILITY
HIGHEST:    93 ON  8    GRTST 24HR  4.55 ON  2- 3      TO 1/4 MILE OR LESS
LOWEST:     63 ON 14, 5                            3 = THUNDER
                        SNOW, ICE PELLETS, HAIL    4 = ICE PELLETS
                        TOTAL MONTH:   0.0 INCH    5 = HAIL
                        GRTST 24HR     0.0         6 = FREEZING RAIN OR DRIZZLE
                        GRTST DEPTH:   0           7 = DUSTSTORM OR SANDSTORM:
                                                       VSBY 1/2 MILE OR LESS
                                                   8 = SMOKE OR HAZE
[NO. OF DAYS WITH]      [WEATHER - DAYS WITH]      9 = BLOWING SNOW
                                                   X = TORNADO
MAX 32 OR BELOW:   0    0.01 INCH OR MORE:  13
MAX 90 OR ABOVE:   5    0.10 INCH OR MORE:   8
MIN 32 OR BELOW:   0    0.50 INCH OR MORE:   5
MIN  0 OR BELOW:   0    1.00 INCH OR MORE:   4

[HDD (BASE 65) ]
TOTAL THIS MO.     0    CLEAR  (SCALE 0-3)  12
DPTR FM NORMAL     0    PTCLDY (SCALE 4-7)   9
TOTAL FM JUL 1     0    CLOUDY (SCALE 8-10)  4
DPTR FM NORMAL     0

[CDD (BASE 65) ]
TOTAL THIS MO.   319
DPTR FM NORMAL    75    [PRESSURE DATA]
TOTAL FM JAN 1  2074    HIGHEST SLP M ON M
DPTR FM NORMAL   301    LOWEST  SLP 29.45 ON  3

[REMARKS]
