000
CXAK56 PAFG 311425
CF6FAI
PRELIMINARY LOCAL CLIMATOLOGICAL DATA (WS FORM: F-6)

                                          STATION:   FAIRBANKS AK
                                          MONTH:     AUGUST
                                          YEAR:      2015
                                          LATITUDE:   64 49 N
                                          LONGITUDE: 147 52 W

  TEMPERATURE IN F:       :PCPN:    SNOW:  WIND      :SUNSHINE: SKY     :PK WND
================================================================================
1   2   3   4   5  6A  6B    7    8   9   10  11  12  13   14  15   16   17  18
                                     12Z  AVG MX 2MIN
DY MAX MIN AVG DEP HDD CDD  WTR  SNW DPTH SPD SPD DIR MIN PSBL S-S WX    SPD DR
================================================================================

 1  65  50  58  -2   7   0 0.07  0.0    0  3.9 17 280   M    M   8 1      21 290
 2  64  52  58  -2   7   0 0.00  0.0    0  3.3  9 260   M    M  10        11 260
 3  75  57  66   6   0   1 0.00  0.0    0  1.2 10 320   M    M   9        13 200
 4  80  51  66   7   0   1 0.00  0.0    0  2.3  7 150   M    M   5         9 360
 5  76  59  68   9   0   3 0.08  0.0    0  2.8 10 190   M    M   8 3      14 180
 6  73  53  63   4   2   0    T  0.0    0  3.8 13 330   M    M   6 13     19 290
 7  73  49  61   2   4   0 0.00  0.0    0  3.6  9 220   M    M   4        13 270
 8  71  50  61   3   4   0 0.03  0.0    0  3.8 10  20   M    M   7 38     14 280
 9  71  55  63   5   2   0 0.02  0.0    0  4.4  9  20   M    M   9        14 100
10  59  44  52  -6  13   0 0.05  0.0    0  8.8 21 250   M    M  10 1      32 250
11  57  43  50  -8  15   0 0.02  0.0    0  3.7 12 200   M    M   8        14 250
12  56  45  51  -6  14   0 0.05  0.0    0  3.8 15 250   M    M   8 1      19 250
13  58  47  53  -4  12   0 0.01  0.0    0  3.3  8 240   M    M   9 1      11 220
14  68  44  56  -1   9   0 0.00  0.0    0  2.0  8 240   M    M   7 1      11 250
15  74  44  59   2   6   0 0.06  0.0    0  4.0 18 250   M    M   7        23 250
16  64  52  58   2   7   0    T  0.0    0  1.9 10 140   M    M   9 1      11 140
17  70  47  59   3   6   0    T  0.0    0  5.1 14  90   M    M   8        17  90
18  58  52  55  -1  10   0 0.36  0.0    0  5.5 14 250   M    M   9        17 260
19  57  49  53  -3  12   0 0.01  0.0    0  7.5 16 240   M    M   8        21 250
20  62  47  55   0  10   0 0.01  0.0    0  2.6  7 360   M    M   8         9 130
21  67  45  56   1   9   0 0.04  0.0    0  3.0 14 310   M    M   8 8      16  90
22  59  49  54  -1  11   0 0.08  0.0    0  5.1 14 330   M    M   8 1      16 320
23  54  47  51  -3  14   0 0.04  0.0    0  5.3 13 250   M    M   9 8      17 240
24  58  43  51  -3  14   0    T  0.0    0  5.1 17 260   M    M   8        20 250
25  56  45  51  -3  14   0 0.59    M    0  3.8 12 230   M    M  10 1      20 210
26  55  51  53   0  12   0 0.75  0.0    M  7.5 20 250   M    M  10 1      30 260
27  51  45  48  -5  17   0 0.17  0.0    0 15.4 25 270   M    M   9 1      33 260
28  47  38  43 -10  22   0    T    M    0  8.4 20 280   M    M   8        25 250
29  47  39  43  -9  22   0 0.13    M    0  3.8  9 290   M    M  10 1      12 140
30  48  35  42 -10  23   0 0.01  0.0    0  6.1  9 290   M    M   8 1      16 270
================================================================================
SM 1873 1427       298   5  2.58     0.0 140.8          M      245
================================================================================
AV 62.4 47.6                               4.7 FASTST   M    M   8    MAX(MPH)
                                 MISC ---->  # 25 270               # 33  260
================================================================================
NOTES:
# LAST OF SEVERAL OCCURRENCES

COLUMN 17 PEAK WIND IN M.P.H.

PRELIMINARY LOCAL CLIMATOLOGICAL DATA (WS FORM: F-6) , PAGE 2

                                          STATION:  FAIRBANKS AK
                                          MONTH:    AUGUST
                                          YEAR:     2015
                                          LATITUDE:   64 49 N
                                          LONGITUDE: 147 52 W

[TEMPERATURE DATA]      [PRECIPITATION DATA]       SYMBOLS USED IN COLUMN 16

AVERAGE MONTHLY: 55.0   TOTAL FOR MONTH:   2.58    1 = FOG OR MIST
DPTR FM NORMAL:  -1.3   DPTR FM NORMAL:    0.75    2 = FOG REDUCING VISIBILITY
HIGHEST:    80 ON  4    GRTST 24HR  1.08 ON 25-26      TO 1/4 MILE OR LESS
LOWEST:     35 ON 30                               3 = THUNDER
                        SNOW, ICE PELLETS, HAIL    4 = ICE PELLETS
                        TOTAL MONTH:   0.0 INCH    5 = HAIL
                        GRTST 24HR     0.0         6 = FREEZING RAIN OR DRIZZLE
                        GRTST DEPTH:   0           7 = DUSTSTORM OR SANDSTORM:
                                                       VSBY 1/2 MILE OR LESS
                                                   8 = SMOKE OR HAZE
[NO. OF DAYS WITH]      [WEATHER - DAYS WITH]      9 = BLOWING SNOW
                                                   X = TORNADO
MAX 32 OR BELOW:   0    0.01 INCH OR MORE:  20
MAX 90 OR ABOVE:   0    0.10 INCH OR MORE:   5
MIN 32 OR BELOW:   0    0.50 INCH OR MORE:   2
MIN  0 OR BELOW:   0    1.00 INCH OR MORE:   0

[HDD (BASE 65) ]
TOTAL THIS MO.   298    CLEAR  (SCALE 0-3)   0
DPTR FM NORMAL    32    PTCLDY (SCALE 4-7)  14
TOTAL FM JUL 1   402    CLOUDY (SCALE 8-10) 16
DPTR FM NORMAL    28

[CDD (BASE 65) ]
TOTAL THIS MO.     5
DPTR FM NORMAL     5    [PRESSURE DATA]
TOTAL FM JAN 1    62    HIGHEST SLP M ON M
DPTR FM NORMAL     7    LOWEST  SLP 28.99 ON 29

[REMARKS]
