000
CXUS53 KMPX 271000
CF6FCM
PRELIMINARY LOCAL CLIMATOLOGICAL DATA (WS FORM: F-6)

                                          STATION:   MINNEAPOLIS FLYING CLOUD MN
                                          MONTH:     MARCH
                                          YEAR:      2015
                                          LATITUDE:   44 49 N
                                          LONGITUDE:  93 27 W

  TEMPERATURE IN F:       :PCPN:    SNOW:  WIND      :SUNSHINE: SKY     :PK WND
================================================================================
1   2   3   4   5  6A  6B    7    8   9   10  11  12  13   14  15   16   17  18
                                     12Z  AVG MX 2MIN
DY MAX MIN AVG DEP HDD CDD  WTR  SNW DPTH SPD SPD DIR MIN PSBL S-S WX    SPD DR
================================================================================

 1  28  12  20  -6  45   0    M    M    M 11.9 21 300   M    M   5 18     30 280
 2  27   6  17  -9  48   0    M    M    M  8.1 16 170   M    M   3        19 180
 3  29   6  18  -8  47   0    M    M    M 12.9 25 300   M    M   7 128    33 310
 4  12  -5   4 -23  61   0    M    M    M 11.0 23 290   M    M   2        30 290
 5  16  -9   4 -23  61   0    M    M    M  7.8 15 180   M    M   0        18 180
 6  38  10  24  -4  41   0    M    M    M  9.6 18 300   M    M   2        22 280
 7  44  25  35   7  30   0    M    M    M 11.5 24 280   M    M   3        34 280
 8  48  29  39  11  26   0    M    M    M  8.1 16 310   M    M   3        23 270
 9  58  30  44  15  21   0    M    M    M  9.2 20 230   M    M   7 1      24 240
10  65  33  49  20  16   0    M    M    M  9.5 21 320   M    M   0        26 320
11  58  29  44  14  21   0    M    M    M  5.5 13 130   M    M   0        16 130
12  63  37  50  20  15   0    M    M    M 12.2 21 160   M    M   0        25 180
13  60  39  50  19  15   0    M    M    M 11.0 22 280   M    M   0        28 300
14  61  33  47  16  18   0    M    M    M  7.0 17 300   M    M   0        23 300
15  70  42  56  24   9   0    M    M    M 11.6 24 210   M    M   0        31 230
16  62  36  49  17  16   0    M    M    M  9.7 23 350   M    M   1        34 360
17  45  26  36   3  29   0    M    M    M  9.0 20 300   M    M   0        26 300
18  46  28  37   4  28   0    M    M    M  3.6 10 230   M    M   6        15 160
19  53  34  44  10  21   0    M    M    M 10.4 20 180   M    M   9        26 190
20  58  30  44  10  21   0    M    M    M  8.8 22  20   M    M   5 1      31 360
21  39  26  33  -1  32   0    M    M    M  8.7 20 340   M    M   3        28 330
22  35  29  32  -3  33   0    M    M    M  9.6 21 130   M    M   9 12     25 110
23  33  29  31  -5  34   0    M    M    M  9.8 17 150   M    M  10 1      22 170
24  36  26  31  -5  34   0    M    M    M 11.6 21 140   M    M   8 18     26 140
25  37  31  34  -2  31   0    M    M    M 14.7 30 300   M    M   9 1      43 300
26  34  24  29  -8  36   0    M    M    M 10.3 18 330   M    M   5        24 330
================================================================================
SM 1155  636       789   0    M     M    253.1          M       97
================================================================================
AV 44.4 24.5                               9.7 FASTST   M    M   4    MAX(MPH)
                                 MISC ---->  # 30 300               # 43  300
================================================================================
NOTES:
# LAST OF SEVERAL OCCURRENCES

COLUMN 17 PEAK WIND IN M.P.H.

PRELIMINARY LOCAL CLIMATOLOGICAL DATA (WS FORM: F-6) , PAGE 2

                                          STATION:  MINNEAPOLIS FLYING CLOUD MN
                                          MONTH:    MARCH
                                          YEAR:     2015
                                          LATITUDE:   44 49 N
                                          LONGITUDE:  93 27 W

[TEMPERATURE DATA]      [PRECIPITATION DATA]       SYMBOLS USED IN COLUMN 16

AVERAGE MONTHLY: 34.4   TOTAL FOR MONTH:      M    1 = FOG OR MIST
DPTR FM NORMAL:   3.4   DPTR FM NORMAL:       M    2 = FOG REDUCING VISIBILITY
HIGHEST:    70 ON 15    GRTST 24HR    M  ON   M        TO 1/4 MILE OR LESS
LOWEST:     -9 ON  5                               3 = THUNDER
                        SNOW, ICE PELLETS, HAIL    4 = ICE PELLETS
                        TOTAL MONTH:    M          5 = HAIL
                        GRTST 24HR    M  ON   M    6 = FREEZING RAIN OR DRIZZLE
                        GRTST DEPTH:  M  ON   M    7 = DUSTSTORM OR SANDSTORM:
                                                       VSBY 1/2 MILE OR LESS
                                                   8 = SMOKE OR HAZE
[NO. OF DAYS WITH]      [WEATHER - DAYS WITH]      9 = BLOWING SNOW
                                                   X = TORNADO
MAX 32 OR BELOW:   5    0.01 INCH OR MORE:   0
MAX 90 OR ABOVE:   0    0.10 INCH OR MORE:   0
MIN 32 OR BELOW:  19    0.50 INCH OR MORE:   0
MIN  0 OR BELOW:   2    1.00 INCH OR MORE:   0

[HDD (BASE 65) ]
TOTAL THIS MO.   789    CLEAR  (SCALE 0-3)  13
DPTR FM NORMAL   -93    PTCLDY (SCALE 4-7)   9
TOTAL FM JUL 1  6759    CLOUDY (SCALE 8-10)  4
DPTR FM NORMAL    69

[CDD (BASE 65) ]
TOTAL THIS MO.     0
DPTR FM NORMAL     0    [PRESSURE DATA]
TOTAL FM JAN 1     0    HIGHEST SLP M ON M
DPTR FM NORMAL     0    LOWEST  SLP 29.69 ON  3

[REMARKS]
