000
CXUS54 KOUN 250700
CF6FDR
PRELIMINARY LOCAL CLIMATOLOGICAL DATA (WS FORM: F-6)

                                          STATION:   FREDERICK MUNICIPAL
                                          MONTH:     FEBRUARY
                                          YEAR:      2018
                                          LATITUDE:   34 21 N
                                          LONGITUDE:  98 59 W

  TEMPERATURE IN F:       :PCPN:    SNOW:  WIND      :SUNSHINE: SKY     :PK WND
================================================================================
1   2   3   4   5  6A  6B    7    8   9   10  11  12  13   14  15   16   17  18
                                     12Z  AVG MX 2MIN
DY MAX MIN AVG DEP HDD CDD  WTR  SNW DPTH SPD SPD DIR MIN PSBL S-S WX    SPD DR
================================================================================

 1  56  31  44   2  21   0 0.00  0.0    0 18.8 30  30   M    M   0        39  20
 2  52  31  42   0  23   0 0.00  0.0    0  8.6 16 180   M    M   0        20 160
 3  66  29  48   5  17   0 0.00  0.0    0 11.2 24 160   M    M   0        29 170
 4  54  20  37  -6  28   0 0.00  0.0    0 15.2 35  10   M    M   0        42 360
 5  49  16  33 -10  32   0 0.00  0.0    0  8.1 21 200   M    M   2        28 200
 6  37  21  29 -14  36   0 0.00  0.0    0 11.8 22  20   M    M   6        26  10
 7  49  21  35  -8  30   0 0.00  0.0    0  9.9 23 360   M    M   0        28 360
 8  63  22  43   0  22   0 0.00  0.0    0 10.0 21 160   M    M   0        25 170
 9  70  31  51   7  14   0 0.00  0.0    0 11.7 26  10   M    M   0        33  10
10  33  21  27 -17  38   0 0.00  0.0    0 18.1 36 360   M    M   6        43 360
11  42  21  32 -12  33   0 0.00  0.0    0 12.1 24 350   M    M   3        29 350
12  48  16  32 -12  33   0 0.00  0.0    0  9.3 16 100   M    M   1        20  90
13  52  24  38  -6  27   0 0.00  0.0    0  8.3 16 140   M    M   4 18     19 140
14  80  34  57  12   8   0 0.00  0.0    0 10.1 21 170   M    M   2 12     25 190
15  83  60  72  27   0   7 0.00  0.0    0 13.9 26 200   M    M   0        35 200
16  70  40  55  10  10   0    T  0.0    0 17.5 37  20   M    M   7        42  20
17  65  35  50   5  15   0 0.03  0.0    0  9.2 20  30   M    M   2        23  30
18  71  35  53   7  12   0 0.00  0.0    0 16.7 31 180   M    M   1        37 180
19  78  61  70  24   0   5 0.00  0.0    0 17.8 26 210   M    M   2        35 220
20  70  29  50   4  15   0 0.17    M    0 21.3 39 360   M    M   5 13     47 360
21  29  24  27 -19  38   0 0.10    M    0 19.0 32  10   M    M  10 16     37  10
22  36  27  32 -15  33   0 0.17  0.0    0  4.9 14  60   M    M  10 136    16  50
23  40  34  37 -10  28   0 0.19  0.0    0  7.8 15 110   M    M  10 123    19 120
24  67  38  53   6  12   0 0.28  0.0    0  8.8 29 270   M    M   6 13     35 260
================================================================================
SM 1360  721       525  12  0.94     0.0 300.1          M       77
================================================================================
AV 56.7 30.0                              12.5 FASTST   M    M   3    MAX(MPH)
                                 MISC ---->  # 39 360               # 47  360
================================================================================
NOTES:
# LAST OF SEVERAL OCCURRENCES

COLUMN 17 PEAK WIND IN M.P.H.

PRELIMINARY LOCAL CLIMATOLOGICAL DATA (WS FORM: F-6) , PAGE 2

                                          STATION:  FREDERICK MUNICIPAL
                                          MONTH:    FEBRUARY
                                          YEAR:     2018
                                          LATITUDE:   34 21 N
                                          LONGITUDE:  98 59 W

[TEMPERATURE DATA]      [PRECIPITATION DATA]       SYMBOLS USED IN COLUMN 16

AVERAGE MONTHLY: 43.4   TOTAL FOR MONTH:   0.94    1 = FOG OR MIST
DPTR FM NORMAL:  -1.1   DPTR FM NORMAL:   -0.42    2 = FOG REDUCING VISIBILITY
HIGHEST:    83 ON 15    GRTST 24HR  0.28 ON 24-24      TO 1/4 MILE OR LESS
LOWEST:     16 ON 12, 5                            3 = THUNDER
                        SNOW, ICE PELLETS, HAIL    4 = ICE PELLETS
                        TOTAL MONTH:   0.0 INCH    5 = HAIL
                        GRTST 24HR     0.0         6 = FREEZING RAIN OR DRIZZLE
                        GRTST DEPTH:   0           7 = DUSTSTORM OR SANDSTORM:
                                                       VSBY 1/2 MILE OR LESS
                                                   8 = SMOKE OR HAZE
[NO. OF DAYS WITH]      [WEATHER - DAYS WITH]      9 = BLOWING SNOW
                                                   X = TORNADO
MAX 32 OR BELOW:   1    0.01 INCH OR MORE:   6
MAX 90 OR ABOVE:   0    0.10 INCH OR MORE:   5
MIN 32 OR BELOW:  16    0.50 INCH OR MORE:   0
MIN  0 OR BELOW:   0    1.00 INCH OR MORE:   0

[HDD (BASE 65) ]
TOTAL THIS MO.   525    CLEAR  (SCALE 0-3)  15
DPTR FM NORMAL    32    PTCLDY (SCALE 4-7)   6
TOTAL FM JUL 1  2397    CLOUDY (SCALE 8-10)  3
DPTR FM NORMAL   -62

[CDD (BASE 65) ]
TOTAL THIS MO.    12
DPTR FM NORMAL    12    [PRESSURE DATA]
TOTAL FM JAN 1    12    HIGHEST SLP M ON M
DPTR FM NORMAL    12    LOWEST  SLP 29.68 ON 19

[REMARKS]
