000
CXUS52 KFFC 011110
CF6FFC
PRELIMINARY LOCAL CLIMATOLOGICAL DATA (WS FORM: F-6)

                                          STATION:   PEACHTREE CITY
                                          MONTH:     SEPTEMBER
                                          YEAR:      2014
                                          LATITUDE:   33 20 N
                                          LONGITUDE:  84 34 W

  TEMPERATURE IN F:       :PCPN:    SNOW:  WIND      :SUNSHINE: SKY     :PK WND
================================================================================
1   2   3   4   5  6A  6B    7    8   9   10  11  12  13   14  15   16   17  18
                                     12Z  AVG MX 2MIN
DY MAX MIN AVG DEP HDD CDD  WTR  SNW DPTH SPD SPD DIR MIN PSBL S-S WX    SPD DR
================================================================================

 1  92  71  82   5   0  17 0.02    M    M  1.4 14 130   M    M   2 13     18 320
 2  93  68  81   5   0  16 0.00    M    M  3.1 20 350   M    M   1 13     24 320
 3  93  70  82   6   0  17 0.96    M    M  1.7 14 240   M    M   2 138    19 220
 4  86  71  79   3   0  14 0.72  0.0    M  3.1 17 290   M    M   6 13     20 300
 5  90  68  79   3   0  14 0.00  0.0    M  1.7  9  80   M    M   3 1      13  90
 6  92  69  81   6   0  16 0.00  0.0    M  2.5 10 300   M    M   2 13     15 310
 7  91  70  81   6   0  16 0.05  0.0    M  3.0 16  70   M    M   4 13     30  70
 8  88  71  80   5   0  15    T  0.0    M  3.6 14  30   M    M   6 1      17  40
 9  86  70  78   3   0  13 0.00    M    M  3.7 10  80   M    M   6        15 130
10  86  70  78   4   0  13 0.00    M    M  4.4 12 120   M    M   6 18     16 130
11  89  68  79   5   0  14 0.00    M    M  1.7 10 270   M    M   1 1      14 240
12  91  70  81   7   0  16 0.00    M    M  2.1 13 120   M    M   3 13     17 130
13  88  69  79   6   0  14 0.00  0.0    M  5.1 15 330   M    M   2 1      19 330
14  85  67  76   3   0  11 0.03  0.0    M  4.3 13 100   M    M   6 1238   18 110
15  82  67  75   2   0  10 0.02  0.0    M  2.9  9  90   M    M   8 18     11  90
16  85  70  78   6   0  13    T  0.0    M  2.8  9 320   M    M   6 128    12 320
17  87  61  74   2   0   9 0.00  0.0    M  4.5 12 320   M    M   1 1      16 310
18  86  57  72   0   0   7 0.00  0.0    0  1.7 10 350   M    M   1 18     14  10
19  85  66  76   5   0  11 0.00    M    M  4.7 14  80   M    M   4 18     22 130
20  85  61  73   2   0   8 0.00    M    M  4.8 13  70   M    M   5 1      18  90
21  88  56  72   2   0   7 0.00    M    M  2.8 14 320   M    M   1 1      17 260
22  81  57  69  -1   0   4 0.43  0.0    0  5.6 15 340   M    M   3 13     20 340
23  78  54  66  -4   0   1 0.00  0.0    0  5.6 15  90   M    M   1 1      22  80
24  79  55  67  -2   0   2 0.00  0.0    0  5.7 13 110   M    M   2        18  30
25  77  60  69   0   0   4 0.00  0.0    M  3.5 10  80   M    M   8 18     14  50
26  77  61  69   1   0   4    T  0.0    M  6.0 13  80   M    M  10 1      18  70
27  79  65  72   4   0   7    T  0.0    M  4.4 15  90   M    M   8 1      19  90
28  74  66  70   2   0   5 0.02  0.0    M  3.6  9  70   M    M  10 18     13  70
29  72  67  70   3   0   5 0.09  0.0    M  3.1  9  10   M    M  10 1      14  20
30  83  62  73   6   0   8 0.00  0.0    M  1.8  9  90   M    M   6 1      12  90
================================================================================
SM 2548 1957         0 311  2.34     0.0 104.9          M      134
================================================================================
AV 84.9 65.2                               3.5 FASTST   M    M   4    MAX(MPH)
                                 MISC ---->  # 20 350               # 30   70
================================================================================
NOTES:
# LAST OF SEVERAL OCCURRENCES

COLUMN 17 PEAK WIND IN M.P.H.

PRELIMINARY LOCAL CLIMATOLOGICAL DATA (WS FORM: F-6) , PAGE 2

                                          STATION:  PEACHTREE CITY
                                          MONTH:    SEPTEMBER
                                          YEAR:     2014
                                          LATITUDE:   33 20 N
                                          LONGITUDE:  84 34 W

[TEMPERATURE DATA]      [PRECIPITATION DATA]       SYMBOLS USED IN COLUMN 16

AVERAGE MONTHLY: 75.1   TOTAL FOR MONTH:   2.34    1 = FOG OR MIST
DPTR FM NORMAL:   2.9   DPTR FM NORMAL:   -1.50    2 = FOG REDUCING VISIBILITY
HIGHEST:    93 ON  3, 2 GRTST 24HR  1.42 ON  3- 4      TO 1/4 MILE OR LESS
LOWEST:     54 ON 23                               3 = THUNDER
                        SNOW, ICE PELLETS, HAIL    4 = ICE PELLETS
                        TOTAL MONTH:   0.0 INCH    5 = HAIL
                        GRTST 24HR     0.0         6 = FREEZING RAIN OR DRIZZLE
                        GRTST DEPTH:   0           7 = DUSTSTORM OR SANDSTORM:
                                                       VSBY 1/2 MILE OR LESS
                                                   8 = SMOKE OR HAZE
[NO. OF DAYS WITH]      [WEATHER - DAYS WITH]      9 = BLOWING SNOW
                                                   X = TORNADO
MAX 32 OR BELOW:   0    0.01 INCH OR MORE:   9
MAX 90 OR ABOVE:   7    0.10 INCH OR MORE:   3
MIN 32 OR BELOW:   0    0.50 INCH OR MORE:   2
MIN  0 OR BELOW:   0    1.00 INCH OR MORE:   0

[HDD (BASE 65) ]
TOTAL THIS MO.     0    CLEAR  (SCALE 0-3)  13
DPTR FM NORMAL   -13    PTCLDY (SCALE 4-7)  14
TOTAL FM JUL 1     0    CLOUDY (SCALE 8-10)  3
DPTR FM NORMAL   -13

[CDD (BASE 65) ]
TOTAL THIS MO.   311
DPTR FM NORMAL    83    [PRESSURE DATA]
TOTAL FM JAN 1  1703    HIGHEST SLP 30.30 ON 24
DPTR FM NORMAL    95    LOWEST  SLP 29.87 ON 30

[REMARKS]
#FINAL-09-14#
