944
CXUS53 KLMK 270800
CF6FFT
PRELIMINARY LOCAL CLIMATOLOGICAL DATA (WS FORM: F-6)

                                          STATION:   FRANKFORT KY
                                          MONTH:     JULY
                                          YEAR:      2016
                                          LATITUDE:   38 10 N
                                          LONGITUDE:  84 54 W

  TEMPERATURE IN F:       :PCPN:    SNOW:  WIND      :SUNSHINE: SKY     :PK WND
================================================================================
1   2   3   4   5  6A  6B    7    8   9   10  11  12  13   14  15   16   17  18
                                     12Z  AVG MX 2MIN
DY MAX MIN AVG DEP HDD CDD  WTR  SNW DPTH SPD SPD DIR MIN PSBL S-S WX    SPD DR
================================================================================

 1  84  64  74  -2   0   9 0.17    M    M  3.8 16 320   M    M   3 38     23 300
 2  83  60  72  -4   0   7    T    M    M  4.0  9 210   M    M   2        13 360
 3  76  67  72  -4   0   7 0.94    M    M  7.0 14  90   M    M   7 3      18  80
 4  79  71  75  -1   0  10 0.76    M    M  5.8 14 220   M    M   8 138    19 200
 5  87  74  81   5   0  16 0.03    M    M  4.7 10 310   M    M   7 18     15 240
 6  90  72  81   5   0  16 0.01    M    0  9.9 22 230   M    M   4 13     26 210
 7  85  69  77   1   0  12 0.02    M    M  7.6 20 190   M    M   5        23 200
 8  84  72  78   2   0  13 0.35    M    M  6.1 20 250   M    M   5 13     29 250
 9  84  68  76   0   0  11 0.00    M    M  5.9 14 300   M    M   2        20 310
10  86  63  75  -1   0  10 0.00    M    M  1.9  9 340   M    M   0        12 220
11  90  64  77   1   0  12 0.00    M    M  2.4 10 200   M    M   1        14 230
12  82  70  76   0   0  11 0.17    M    M  5.7 20 220   M    M   4 1      24 220
13  91  71  81   5   0  16 0.16    M    M  8.9 17 190   M    M   2 38     26 250
14  88  72  80   4   0  15 0.27    M    M  6.1 24 210   M    M   1 38     32 220
15  90  68  79   3   0  14 0.00    M    M  4.5 20 320   M    M   0 3      27 320
16  87  68  78   2   0  13 0.00    M    M  2.4 10 340   M    M   2        12 340
17  89  65  77   1   0  12 0.00    M    M  4.3 12 180   M    M   0        16 230
18  86  71  79   3   0  14 0.00    M    M  4.9 24 350   M    M   2        33 340
19  92  70  81   5   0  16 0.00    M    M  1.9  9 340   M    M   2        23 220
20  91  71  81   5   0  16 0.39    M    M  3.7 18 240   M    M   2 13     24 240
21  92  68  80   4   0  15 0.00    M    M  2.0  9 230   M    M   1 1      14 220
22  88  73  81   5   0  16 0.00    M    M  4.3 13  70   M    M   0        16 230
23  93  70  82   6   0  17 0.00    M    M  2.1  9 320   M    M   1 1      11 220
24  93  74  84   8   0  19 0.00    M    M  4.0 13 230   M    M   1 18     15 230
25  93  73  83   7   0  18 0.96    M    M  4.4 21 310   M    M   2 13     26 310
26  92  73  83   7   0  18 0.06    M    M  3.2 12  10   M    M   3 13     15  10
================================================================================
SM 2275 1801         0 353  4.29    M    121.5          M       67
================================================================================
AV 87.5 69.3                               4.7 FASTST   M    M   3    MAX(MPH)
                                 MISC ---->  # 24 210               # 33  340
================================================================================
NOTES:
# LAST OF SEVERAL OCCURRENCES

COLUMN 17 PEAK WIND IN M.P.H.

PRELIMINARY LOCAL CLIMATOLOGICAL DATA (WS FORM: F-6) , PAGE 2

                                          STATION:  FRANKFORT KY
                                          MONTH:    JULY
                                          YEAR:     2016
                                          LATITUDE:   38 10 N
                                          LONGITUDE:  84 54 W

[TEMPERATURE DATA]      [PRECIPITATION DATA]       SYMBOLS USED IN COLUMN 16

AVERAGE MONTHLY: 78.4   TOTAL FOR MONTH:   4.29    1 = FOG OR MIST
DPTR FM NORMAL:   2.4   DPTR FM NORMAL:    0.56    2 = FOG REDUCING VISIBILITY
HIGHEST:    93 ON 25,24 GRTST 24HR  1.66 ON  3- 4      TO 1/4 MILE OR LESS
LOWEST:     60 ON  2                               3 = THUNDER
                        SNOW, ICE PELLETS, HAIL    4 = ICE PELLETS
                        TOTAL MONTH:    M          5 = HAIL
                        GRTST 24HR    M  ON   M    6 = FREEZING RAIN OR DRIZZLE
                        GRTST DEPTH:   0           7 = DUSTSTORM OR SANDSTORM:
                                                       VSBY 1/2 MILE OR LESS
                                                   8 = SMOKE OR HAZE
[NO. OF DAYS WITH]      [WEATHER - DAYS WITH]      9 = BLOWING SNOW
                                                   X = TORNADO
MAX 32 OR BELOW:   0    0.01 INCH OR MORE:  13
MAX 90 OR ABOVE:  11    0.10 INCH OR MORE:   9
MIN 32 OR BELOW:   0    0.50 INCH OR MORE:   3
MIN  0 OR BELOW:   0    1.00 INCH OR MORE:   0

[HDD (BASE 65) ]
TOTAL THIS MO.     0    CLEAR  (SCALE 0-3)  19
DPTR FM NORMAL     0    PTCLDY (SCALE 4-7)   7
TOTAL FM JUL 1     0    CLOUDY (SCALE 8-10)  0
DPTR FM NORMAL     0

[CDD (BASE 65) ]
TOTAL THIS MO.   353
DPTR FM NORMAL    67    [PRESSURE DATA]
TOTAL FM JAN 1   785    HIGHEST SLP M ON M
DPTR FM NORMAL   164    LOWEST  SLP 29.80 ON  7

[REMARKS]
