000
CXUS53 KFGF 230915
CF6FGF
PRELIMINARY LOCAL CLIMATOLOGICAL DATA (WS FORM: F-6)

                                          STATION:   GRAND FORKS UNIV. (NWS) ND
                                          MONTH:     OCTOBER
                                          YEAR:      2014
                                          LATITUDE:   47 55 N
                                          LONGITUDE:  97  6 W

  TEMPERATURE IN F:       :PCPN:    SNOW:  WIND      :SUNSHINE: SKY     :PK WND
================================================================================
1   2   3   4   5  6A  6B    7    8   9   10  11  12  13   14  15   16   17  18
                                     12Z  AVG MX 2MIN
DY MAX MIN AVG DEP HDD CDD  WTR  SNW DPTH SPD SPD DIR MIN PSBL S-S WX    SPD DR
================================================================================

 1  66  57  62  11   3   0    T  0.0    0   M   M   M   M    M   M         M  M
 2  67  45  56   5   9   0 0.14  0.0    0   M   M   M   M    M   M         M  M
 3  45  36  41  -9  24   0 0.05    T    0   M   M   M   M    M   M         M  M
 4  46  31  39 -11  26   0 0.00  0.0    0   M   M   M   M    M   M         M  M
 5  54  37  46  -3  19   0 0.00  0.0    0   M   M   M   M    M   M         M  M
 6  58  36  47  -2  18   0 0.00  0.0    0   M   M   M   M    M   M         M  M
 7  55  32  44  -4  21   0 0.00  0.0    0   M   M   M   M    M   M         M  M
 8  52  28  40  -8  25   0 0.00  0.0    0   M   M   M   M    M   M         M  M
 9  51  28  40  -8  25   0 0.00  0.0    0   M   M   M   M    M   M         M  M
10  58  25  42  -5  23   0 0.00  0.0    M   M   M   M   M    M   M         M  M
11  63  34  49   2  16   0 0.00  0.0    0   M   M   M   M    M   M         M  M
12  58  45  52   6  13   0 0.25  0.0    0   M   M   M   M    M   M         M  M
13  64  40  52   6  13   0 0.00  0.0    0   M   M   M   M    M   M         M  M
14  66  34  50   5  15   0 0.00  0.0    0   M   M   M   M    M   M         M  M
15  68  41  55  10  10   0 0.00  0.0    0   M   M   M   M    M   M         M  M
16  64  47  56  12   9   0 0.03  0.0    0   M   M   M   M    M   M         M  M
17  47  41  44   0  21   0 0.02  0.0    0   M   M   M   M    M   M         M  M
18  44  41  43   0  22   0 0.00  0.0    0   M   M   M   M    M   M         M  M
19  66  37  52   9  13   0 0.00  0.0    0   M   M   M   M    M   M         M  M
20  59  36  48   6  17   0 0.00  0.0    0   M   M   M   M    M   M         M  M
21  65  39  52  10  13   0 0.00  0.0    0   M   M   M   M    M   M         M  M
22  64  49  57  16   8   0 0.05  0.0    0   M   M   M   M    M   M         M  M
================================================================================
SM 1280  839       363   0  0.54    T        M          M        M
================================================================================
AV 58.2 38.1                                 M FASTST   M    M   3    MAX(MPH)
                                 MISC ---->     M   M                  M    M
================================================================================
NOTES:
# LAST OF SEVERAL OCCURRENCES

COLUMN 17 PEAK WIND IN M.P.H.

PRELIMINARY LOCAL CLIMATOLOGICAL DATA (WS FORM: F-6) , PAGE 2

                                          STATION:  GRAND FORKS UNIV. (NWS) ND
                                          MONTH:    OCTOBER
                                          YEAR:     2014
                                          LATITUDE:   47 55 N
                                          LONGITUDE:  97  6 W

[TEMPERATURE DATA]      [PRECIPITATION DATA]       SYMBOLS USED IN COLUMN 16

AVERAGE MONTHLY: 48.2   TOTAL FOR MONTH:   0.54    1 = FOG OR MIST
DPTR FM NORMAL:   1.8   DPTR FM NORMAL:   -0.95    2 = FOG REDUCING VISIBILITY
HIGHEST:    68 ON 15    GRTST 24HR  0.25 ON 12-12      TO 1/4 MILE OR LESS
LOWEST:     25 ON 10                               3 = THUNDER
                        SNOW, ICE PELLETS, HAIL    4 = ICE PELLETS
                        TOTAL MONTH:    T          5 = HAIL
                        GRTST 24HR    T  ON  3- 3  6 = FREEZING RAIN OR DRIZZLE
                        GRTST DEPTH:   0           7 = DUSTSTORM OR SANDSTORM:
                                                       VSBY 1/2 MILE OR LESS
                                                   8 = SMOKE OR HAZE
[NO. OF DAYS WITH]      [WEATHER - DAYS WITH]      9 = BLOWING SNOW
                                                   X = TORNADO
MAX 32 OR BELOW:   0    0.01 INCH OR MORE:   6
MAX 90 OR ABOVE:   0    0.10 INCH OR MORE:   2
MIN 32 OR BELOW:   5    0.50 INCH OR MORE:   0
MIN  0 OR BELOW:   0    1.00 INCH OR MORE:   0

[HDD (BASE 65) ]
TOTAL THIS MO.   363    CLEAR  (SCALE 0-3)   0
DPTR FM NORMAL   -49    PTCLDY (SCALE 4-7)   0
TOTAL FM JUL 1   616    CLOUDY (SCALE 8-10)  0
DPTR FM NORMAL  -100

[CDD (BASE 65) ]
TOTAL THIS MO.     0
DPTR FM NORMAL     0    [PRESSURE DATA]
TOTAL FM JAN 1   395    HIGHEST SLP M ON M
DPTR FM NORMAL   -67    LOWEST  SLP M ON M

[REMARKS]
