000
CXUS53 KFGF 230915
CF6FGF
PRELIMINARY LOCAL CLIMATOLOGICAL DATA (WS FORM: F-6)

                                          STATION:   GRAND FORKS UNIV. (NWS) ND
                                          MONTH:     JANUARY
                                          YEAR:      2017
                                          LATITUDE:   47 55 N
                                          LONGITUDE:  97  6 W

  TEMPERATURE IN F:       :PCPN:    SNOW:  WIND      :SUNSHINE: SKY     :PK WND
================================================================================
1   2   3   4   5  6A  6B    7    8   9   10  11  12  13   14  15   16   17  18
                                     12Z  AVG MX 2MIN
DY MAX MIN AVG DEP HDD CDD  WTR  SNW DPTH SPD SPD DIR MIN PSBL S-S WX    SPD DR
================================================================================

 1  22  15  19  11  46   0    T    T   10   M   M   M   M    M   M         M  M
 2  16   6  11   3  54   0 0.37  7.6   16   M   M   M   M    M   M         M  M
 3   6 -10  -2  -9  67   0 0.15  1.8   16   M   M   M   M    M   M         M  M
 4  -4 -19 -11 -18  76   0    T    T   14   M   M   M   M    M   M         M  M
 5  -5 -20 -12 -19  77   0    T  0.1   14   M   M   M   M    M   M         M  M
 6   1 -16  -7 -14  72   0    T    T   14   M   M   M   M    M   M         M  M
 7  -1 -16  -8 -15  73   0 0.00  0.0   14   M   M   M   M    M   M         M  M
 8   7 -15  -4 -11  69   0    T    T   14   M   M   M   M    M   M         M  M
 9   8  -7   1  -6  64   0 0.01  0.4   13   M   M   M   M    M   M         M  M
10   7  -6   1  -6  64   0 0.03  0.8   14   M   M   M   M    M   M         M  M
11   1 -15  -7 -14  72   0 0.01  0.3   14   M   M   M   M    M   M         M  M
12   5 -20  -7 -14  72   0 0.00  0.0   14   M   M   M   M    M   M 9       M  M
13   3 -23 -10 -17  75   0 0.00  0.0   14   M   M   M   M    M   M         M  M
14  11  -5   3  -4  62   0 0.00  0.0   13   M   M   M   M    M   M         M  M
15  17   0   9   2  56   0 0.00  0.0   13   M   M   M   M    M   M         M  M
16  21   3  12   5  53   0 0.00  0.0   12   M   M   M   M    M   M         M  M
17  23   1  12   5  53   0 0.00  0.0   12   M   M   M   M    M   M         M  M
18  31  21  26  19  39   0 0.00  0.0   12   M   M   M   M    M   M         M  M
19  34  21  28  21  37   0    T  0.0   12   M   M   M   M    M   M         M  M
20  36  33  35  28  30   0    T  0.0   12   M   M   M   M    M   M         M  M
21  37  34  36  29  29   0    T  0.0   11   M   M   M   M    M   M         M  M
22  34  32  33  26  32   0    T  0.0    9   M   M   M   M    M   M         M  M
================================================================================
SM  310   -6      1272   0  0.57    11.0     M          M        M
================================================================================
AV 14.1 -0.3                                 M FASTST   M    M   4    MAX(MPH)
                                 MISC ---->     M   M                  M    M
================================================================================
NOTES:
# LAST OF SEVERAL OCCURRENCES

COLUMN 17 PEAK WIND IN M.P.H.

PRELIMINARY LOCAL CLIMATOLOGICAL DATA (WS FORM: F-6) , PAGE 2

                                          STATION:  GRAND FORKS UNIV. (NWS) ND
                                          MONTH:    JANUARY
                                          YEAR:     2017
                                          LATITUDE:   47 55 N
                                          LONGITUDE:  97  6 W

[TEMPERATURE DATA]      [PRECIPITATION DATA]       SYMBOLS USED IN COLUMN 16

AVERAGE MONTHLY:  6.9   TOTAL FOR MONTH:   0.57    1 = FOG OR MIST
DPTR FM NORMAL:  -0.2   DPTR FM NORMAL:    0.04    2 = FOG REDUCING VISIBILITY
HIGHEST:    37 ON 21    GRTST 24HR  0.37 ON  2- 2      TO 1/4 MILE OR LESS
LOWEST:    -23 ON 13                               3 = THUNDER
                        SNOW, ICE PELLETS, HAIL    4 = ICE PELLETS
                        TOTAL MONTH:  11.0 INCHES  5 = HAIL
                        GRTST 24HR   7.6 ON   M    6 = FREEZING RAIN OR DRIZZLE
                        GRTST DEPTH:  16 ON  3, 2  7 = DUSTSTORM OR SANDSTORM:
                                                       VSBY 1/2 MILE OR LESS
                                                   8 = SMOKE OR HAZE
[NO. OF DAYS WITH]      [WEATHER - DAYS WITH]      9 = BLOWING SNOW
                                                   X = TORNADO
MAX 32 OR BELOW:  18    0.01 INCH OR MORE:   5
MAX 90 OR ABOVE:   0    0.10 INCH OR MORE:   2
MIN 32 OR BELOW:  20    0.50 INCH OR MORE:   0
MIN  0 OR BELOW:  13    1.00 INCH OR MORE:   0

[HDD (BASE 65) ]
TOTAL THIS MO.  1272    CLEAR  (SCALE 0-3)   0
DPTR FM NORMAL    -2    PTCLDY (SCALE 4-7)   0
TOTAL FM JUL 1  4319    CLOUDY (SCALE 8-10)  0
DPTR FM NORMAL  -686

[CDD (BASE 65) ]
TOTAL THIS MO.     0
DPTR FM NORMAL     0    [PRESSURE DATA]
TOTAL FM JAN 1     0    HIGHEST SLP M ON M
DPTR FM NORMAL     0    LOWEST  SLP M ON M

[REMARKS]
