000
CXUS53 KMKX 260656
CF6FLD
PRELIMINARY LOCAL CLIMATOLOGICAL DATA (WS FORM: F-6)

                                          STATION:   FOND_DU_LAC WI
                                          MONTH:     MARCH
                                          YEAR:      2015
                                          LATITUDE:   43 46 N
                                          LONGITUDE:  88 29 W

  TEMPERATURE IN F:       :PCPN:    SNOW:  WIND      :SUNSHINE: SKY     :PK WND
================================================================================
1   2   3   4   5  6A  6B    7    8   9   10  11  12  13   14  15   16   17  18
                                     12Z  AVG MX 2MIN
DY MAX MIN AVG DEP HDD CDD  WTR  SNW DPTH SPD SPD DIR MIN PSBL S-S WX    SPD DR
================================================================================

 1  28   9  19  -9  46   0    T    M    M  8.1 17 240   M    M   3 18     22 240
 2  28   9  19  -9  46   0    T    M    0  7.4 15 190   M    M   2        18 180
 3  30  24  27  -1  38   0 0.01    M    0 11.4 20 290   M    M   9 168    26 300
 4  25   3  14 -15  51   0 0.00  0.0    0 13.4 25 290   M    M   1        33 290
 5  15  -4   6 -23  59   0    T    M    0  7.1 16 290   M    M   0        19 290
 6  28   3  16 -14  49   0 0.00  0.0    0 13.6 26 210   M    M   2        36 210
 7  44  17  31   1  34   0 0.00  0.0    0  9.4 22 330   M    M   5        27 300
 8  48  26  37   7  28   0 0.00  0.0    0  9.0 18 240   M    M   1        25 240
 9  54  29  42  11  23   0 0.00  0.0    0  9.9 20 210   M    M   2        26 200
10  57  34  46  15  19   0 0.00  0.0    0 11.2 20 220   M    M   3 128    26 210
11  56  27  42  10  23   0 0.00    M    0  3.3 13 330   M    M   0 18     16 290
12  56  29  43  11  22   0 0.00  0.0    0 11.4 21 180   M    M   0        26 180
13  66  36  51  19  14   0 0.00  0.0    0 11.0 20 210   M    M   0        26 220
14  56  28  42   9  23   0 0.00  0.0    0 10.4 24 320   M    M   1        30 310
15  58  26  42   9  23   0 0.00  0.0    0  9.5 24 190   M    M   0        32 210
16  64  42  53  19  12   0    T  0.0    0  8.6 23 360   M    M   2 1      32 360
17  44  31  38   4  27   0 0.00  0.0    0 14.0 25 350   M    M   1        31 330
18  48  28  38   3  27   0 0.00  0.0    0  6.0 15 280   M    M   0        19 280
19  46  29  38   3  27   0 0.00    M    0  8.6 17 160   M    M   8        22 140
20  57  29  43   7  22   0    T    M    0  9.4 18 250   M    M   7        24 290
21  47  29  38   2  27   0 0.00  0.0    0  9.0 21 330   M    M   3        28 340
22  37  26  32  -4  33   0 0.00  0.0    0  7.7 14 130   M    M   8        17  70
23  38  20  29  -8  36   0 0.00    M    M  8.6 16  70   M    M   6        20  80
24  43  16  30  -7  35   0    T    M    M  8.1 18 140   M    M   1        23 130
25  46  32  39   1  26   0 0.27    M    M 12.5 24 270   M    M   9 16     35 240
================================================================================
SM 1119  578       770   0  0.28     0.0 238.6          M       74
================================================================================
AV 44.8 23.1                               9.5 FASTST   M    M   3    MAX(MPH)
                                 MISC ---->  # 26 210               # 36  210
================================================================================
NOTES:
# LAST OF SEVERAL OCCURRENCES

COLUMN 17 PEAK WIND IN M.P.H.

PRELIMINARY LOCAL CLIMATOLOGICAL DATA (WS FORM: F-6) , PAGE 2

                                          STATION:  FOND_DU_LAC WI
                                          MONTH:    MARCH
                                          YEAR:     2015
                                          LATITUDE:   43 46 N
                                          LONGITUDE:  88 29 W

[TEMPERATURE DATA]      [PRECIPITATION DATA]       SYMBOLS USED IN COLUMN 16

AVERAGE MONTHLY: 33.9   TOTAL FOR MONTH:   0.28    1 = FOG OR MIST
DPTR FM NORMAL:   1.4   DPTR FM NORMAL:   -0.95    2 = FOG REDUCING VISIBILITY
HIGHEST:    66 ON 13    GRTST 24HR  0.27 ON 25-25      TO 1/4 MILE OR LESS
LOWEST:     -4 ON  5                               3 = THUNDER
                        SNOW, ICE PELLETS, HAIL    4 = ICE PELLETS
                        TOTAL MONTH:   0.0 INCH    5 = HAIL
                        GRTST 24HR     0.0         6 = FREEZING RAIN OR DRIZZLE
                        GRTST DEPTH:   0           7 = DUSTSTORM OR SANDSTORM:
                                                       VSBY 1/2 MILE OR LESS
                                                   8 = SMOKE OR HAZE
[NO. OF DAYS WITH]      [WEATHER - DAYS WITH]      9 = BLOWING SNOW
                                                   X = TORNADO
MAX 32 OR BELOW:   6    0.01 INCH OR MORE:   2
MAX 90 OR ABOVE:   0    0.10 INCH OR MORE:   1
MIN 32 OR BELOW:  22    0.50 INCH OR MORE:   0
MIN  0 OR BELOW:   1    1.00 INCH OR MORE:   0

[HDD (BASE 65) ]
TOTAL THIS MO.   770    CLEAR  (SCALE 0-3)  17
DPTR FM NORMAL   -41    PTCLDY (SCALE 4-7)   6
TOTAL FM JUL 1  6631    CLOUDY (SCALE 8-10)  2
DPTR FM NORMAL   410

[CDD (BASE 65) ]
TOTAL THIS MO.     0
DPTR FM NORMAL     0    [PRESSURE DATA]
TOTAL FM JAN 1     0    HIGHEST SLP M ON M
DPTR FM NORMAL     0    LOWEST  SLP 29.63 ON  3

[REMARKS]
