000
CXUS56 KFGZ 250900
CF6FLG
PRELIMINARY LOCAL CLIMATOLOGICAL DATA (WS FORM: F-6)

                                          STATION:   FLAGSTAFF AZ AIRPORT
                                          MONTH:     APRIL
                                          YEAR:      2017
                                          LATITUDE:   35  7 N
                                          LONGITUDE: 111 40 W

  TEMPERATURE IN F:       :PCPN:    SNOW:  WIND      :SUNSHINE: SKY     :PK WND
================================================================================
1   2   3   4   5  6A  6B    7    8   9   10  11  12  13   14  15   16   17  18
                                     12Z  AVG MX 2MIN
DY MAX MIN AVG DEP HDD CDD  WTR  SNW DPTH SPD SPD DIR MIN PSBL S-S WX    SPD DR
================================================================================

 1  46  20  33  -7  32   0 0.00  0.0    2  6.2 22  40   M    M   6 12     29  40
 2  59  24  42   2  23   0 0.00  0.0    0  7.0 18 260   M    M   2 8      30 260
 3  55  28  42   2  23   0 0.17  1.7    0 12.4 33 210   M    M   3 12     41 210
 4  50  25  38  -2  27   0 0.00  0.0    2  5.1 15 250   M    M   0 8      24 330
 5  56  24  40  -1  25   0 0.00  0.0    0  5.9 16  60   M    M   0 8      23  40
 6  65  23  44   3  21   0 0.00  0.0    0  5.0 18 220   M    M   0        26 210
 7  61  31  46   5  19   0 0.00  0.0    0 10.3 26 230   M    M   0        33 230
 8  59  38  49   8  16   0    T  0.0    0 14.8 30 220   M    M   2        40 220
 9  54  25  40  -2  25   0 0.00  0.0    0  6.4 23 250   M    M   0 8      33 250
10  60  19  40  -2  25   0 0.00  0.0    0  3.6 16 210   M    M   0        19 210
11  61  22  42   0  23   0 0.00  0.0    0  7.2 22 230   M    M   0        29 230
12  67  28  48   6  17   0 0.00  0.0    0  4.7 20 210   M    M   0        25 220
13  65  27  46   3  19   0 0.00  0.0    0 12.7 33 220   M    M   0        42 220
14  63  31  47   4  18   0 0.00  0.0    0 10.1 28 220   M    M   0        34 220
15  64  26  45   2  20   0 0.00  0.0    0  4.6 20 220   M    M   0        27 220
16  67  29  48   5  17   0 0.00  0.0    0  5.0 20 220   M    M   0        25 220
17  66  29  48   4  17   0 0.00  0.0    0  9.1 25 210   M    M   0        35 220
18  68  31  50   6  15   0 0.00  0.0    0 11.1 29 230   M    M   0        37 240
19  66  38  52   8  13   0 0.00  0.0    0  8.3 22 210   M    M   0        27 220
20  67  32  50   6  15   0 0.00  0.0    0 10.3 29 230   M    M   0        40 240
21  70  34  52   7  13   0 0.00  0.0    0  4.8 18 220   M    M   0 8      24 230
22  70  27  49   4  16   0 0.00  0.0    0  4.6 16  50   M    M   0        22  70
23  69  28  49   4  16   0 0.00  0.0    0 14.6 35 220   M    M   0        46 230
24  65  36  51   5  14   0 0.00  0.0    0 16.8 38 220   M    M   0        48 220
================================================================================
SM 1493  675       469   0  0.17     1.7 200.6          M       13
================================================================================
AV 62.2 28.1                               8.4 FASTST   M    M   1    MAX(MPH)
                                 MISC ---->  # 38 220               # 48  220
================================================================================
NOTES:
# LAST OF SEVERAL OCCURRENCES

COLUMN 17 PEAK WIND IN M.P.H.

PRELIMINARY LOCAL CLIMATOLOGICAL DATA (WS FORM: F-6) , PAGE 2

                                          STATION:  FLAGSTAFF AZ AIRPORT
                                          MONTH:    APRIL
                                          YEAR:     2017
                                          LATITUDE:   35  7 N
                                          LONGITUDE: 111 40 W

[TEMPERATURE DATA]      [PRECIPITATION DATA]       SYMBOLS USED IN COLUMN 16

AVERAGE MONTHLY: 45.2   TOTAL FOR MONTH:   0.17    1 = FOG OR MIST
DPTR FM NORMAL:   2.6   DPTR FM NORMAL:   -0.81    2 = FOG REDUCING VISIBILITY
HIGHEST:    70 ON 22,21 GRTST 24HR  0.27 ON 31- 1      TO 1/4 MILE OR LESS
LOWEST:     19 ON 10                               3 = THUNDER
                        SNOW, ICE PELLETS, HAIL    4 = ICE PELLETS
                        TOTAL MONTH:   1.7 INCHES  5 = HAIL
                        GRTST 24HR   1.7 ON   M    6 = FREEZING RAIN OR DRIZZLE
                        GRTST DEPTH:   2 ON  4, 1  7 = DUSTSTORM OR SANDSTORM:
                                                       VSBY 1/2 MILE OR LESS
                                                   8 = SMOKE OR HAZE
[NO. OF DAYS WITH]      [WEATHER - DAYS WITH]      9 = BLOWING SNOW
                                                   X = TORNADO
MAX 32 OR BELOW:   0    0.01 INCH OR MORE:   1
MAX 90 OR ABOVE:   0    0.10 INCH OR MORE:   1
MIN 32 OR BELOW:  20    0.50 INCH OR MORE:   0
MIN  0 OR BELOW:   0    1.00 INCH OR MORE:   0

[HDD (BASE 65) ]
TOTAL THIS MO.   469    CLEAR  (SCALE 0-3)  22
DPTR FM NORMAL   -70    PTCLDY (SCALE 4-7)   2
TOTAL FM JUL 1  5660    CLOUDY (SCALE 8-10)  0
DPTR FM NORMAL  -586

[CDD (BASE 65) ]
TOTAL THIS MO.     0
DPTR FM NORMAL     0    [PRESSURE DATA]
TOTAL FM JAN 1     0    HIGHEST SLP M ON M
DPTR FM NORMAL     0    LOWEST  SLP 29.54 ON 24

[REMARKS]
