000
CXUS52 KMFL 251000
CF6FLL
PRELIMINARY LOCAL CLIMATOLOGICAL DATA (WS FORM: F-6)

                                          STATION:   FORT LAUDERDALE
                                          MONTH:     FEBRUARY
                                          YEAR:      2018
                                          LATITUDE:   26  4 N
                                          LONGITUDE:  80  9 W

  TEMPERATURE IN F:       :PCPN:    SNOW:  WIND      :SUNSHINE: SKY     :PK WND
================================================================================
1   2   3   4   5  6A  6B    7    8   9   10  11  12  13   14  15   16   17  18
                                     12Z  AVG MX 2MIN
DY MAX MIN AVG DEP HDD CDD  WTR  SNW DPTH SPD SPD DIR MIN PSBL S-S WX    SPD DR
================================================================================

 1  76  63  70   0   0   5 0.00  0.0    0  9.6 17 100   M    M   6        22  90
 2  81  63  72   2   0   7 0.00  0.0    0  5.3 14 300   M    M   5        20 310
 3  75  67  71   1   0   6 0.23  0.0    0 12.1 23  80   M    M   8 1      27  70
 4  78  69  74   4   0   9 0.02  0.0    0 12.1 22 110   M    M   6        26 110
 5  79  70  75   5   0  10    T  0.0    0  9.2 17  50   M    M   6        22  50
 6  77  70  74   4   0   9 0.00  0.0    0 12.7 17 100   M    M   5        22 100
 7  78  71  75   5   0  10 0.00  0.0    0 12.4 21 110   M    M   6        25 120
 8  79  72  76   6   0  11 0.00  0.0    0  9.5 15  90   M    M   4        20 120
 9  78  71  75   5   0  10 0.05  0.0    0 14.1 20 100   M    M   6 1      26 110
10  80  72  76   5   0  11    T  0.0    0 14.0 22 120   M    M   4        26 120
11  81  73  77   6   0  12 0.00  0.0    0 16.0 24 140   M    M   5        30 140
12  80  73  77   6   0  12 0.00  0.0    0 12.7 21 130   M    M   4        23 140
13  80  73  77   6   0  12 0.00  0.0    0 11.7 17 110   M    M   5        23 110
14  80  72  76   5   0  11    T  0.0    0 11.1 17 140   M    M   4        22 110
15  79  70  75   4   0  10 0.00  0.0    0  8.5 14 100   M    M   2        20 110
16  81  66  74   3   0   9 0.00  0.0    0  6.3 17 130   M    M   1        22 130
17  81  65  73   2   0   8 0.00  0.0    0  6.3 17 120   M    M   2        22 140
18  80  69  75   4   0  10 0.00  0.0    0  9.2 17  90   M    M   4        22  90
19  81  73  77   6   0  12    T  0.0    0 17.9 25 100   M    M   6        30 100
20  82  75  79   8   0  14    T  0.0    0 18.6 23 110   M    M   5        28 110
21  83  75  79   8   0  14 0.00  0.0    0 18.6 24 100   M    M   4        32  90
22  82  73  78   7   0  13    T  0.0    0 16.7 23 110   M    M   6        26  90
23  81  70  76   5   0  11 0.05  0.0    0 15.2 23 100   M    M   6        27 110
24  82  72  77   6   0  12 0.12  0.0    0 15.3 23 110   M    M   3 1      27 110
================================================================================
SM 1914 1687         0 248  0.47     0.0 295.1          M      113
================================================================================
AV 79.8 70.3                              12.3 FASTST   M    M   5    MAX(MPH)
                                 MISC ---->  # 25 100               # 32   90
================================================================================
NOTES:
# LAST OF SEVERAL OCCURRENCES

COLUMN 17 PEAK WIND IN M.P.H.

PRELIMINARY LOCAL CLIMATOLOGICAL DATA (WS FORM: F-6) , PAGE 2

                                          STATION:  FORT LAUDERDALE
                                          MONTH:    FEBRUARY
                                          YEAR:     2018
                                          LATITUDE:   26  4 N
                                          LONGITUDE:  80  9 W

[TEMPERATURE DATA]      [PRECIPITATION DATA]       SYMBOLS USED IN COLUMN 16

AVERAGE MONTHLY: 75.0   TOTAL FOR MONTH:   0.47    1 = FOG OR MIST
DPTR FM NORMAL:   4.4   DPTR FM NORMAL:   -2.12    2 = FOG REDUCING VISIBILITY
HIGHEST:    83 ON 21    GRTST 24HR  0.23 ON  3- 3      TO 1/4 MILE OR LESS
LOWEST:     63 ON  2, 1                            3 = THUNDER
                        SNOW, ICE PELLETS, HAIL    4 = ICE PELLETS
                        TOTAL MONTH:   0.0 INCH    5 = HAIL
                        GRTST 24HR     0.0         6 = FREEZING RAIN OR DRIZZLE
                        GRTST DEPTH:   0           7 = DUSTSTORM OR SANDSTORM:
                                                       VSBY 1/2 MILE OR LESS
                                                   8 = SMOKE OR HAZE
[NO. OF DAYS WITH]      [WEATHER - DAYS WITH]      9 = BLOWING SNOW
                                                   X = TORNADO
MAX 32 OR BELOW:   0    0.01 INCH OR MORE:   5
MAX 90 OR ABOVE:   0    0.10 INCH OR MORE:   2
MIN 32 OR BELOW:   0    0.50 INCH OR MORE:   0
MIN  0 OR BELOW:   0    1.00 INCH OR MORE:   0

[HDD (BASE 65) ]
TOTAL THIS MO.     0    CLEAR  (SCALE 0-3)   3
DPTR FM NORMAL   -24    PTCLDY (SCALE 4-7)  20
TOTAL FM JUL 1   126    CLOUDY (SCALE 8-10)  1
DPTR FM NORMAL    22

[CDD (BASE 65) ]
TOTAL THIS MO.   248
DPTR FM NORMAL    89    [PRESSURE DATA]
TOTAL FM JAN 1   373    HIGHEST SLP M ON M
DPTR FM NORMAL    44    LOWEST  SLP 29.99 ON  4

[REMARKS]
