000
CXUS52 KILM 311000
CF6FLO
PRELIMINARY LOCAL CLIMATOLOGICAL DATA (WS FORM: F-6)

                                          STATION:   FLORENCE SC
                                          MONTH:     AUGUST
                                          YEAR:      2015
                                          LATITUDE:   34 10 N
                                          LONGITUDE:  79 43 W

  TEMPERATURE IN F:       :PCPN:    SNOW:  WIND      :SUNSHINE: SKY     :PK WND
================================================================================
1   2   3   4   5  6A  6B    7    8   9   10  11  12  13   14  15   16   17  18
                                     12Z  AVG MX 2MIN
DY MAX MIN AVG DEP HDD CDD  WTR  SNW DPTH SPD SPD DIR MIN PSBL S-S WX    SPD DR
================================================================================

 1  96  73  85   4   0  20 0.51    M    M  5.4 16 130   M    M   3        21 110
 2  96  74  85   4   0  20 0.00    M    M  5.0 25 130   M    M   1 1      31 130
 3  89  74  82   1   0  17 0.00    M    M  5.9 18 180   M    M   3        23 180
 4  96  75  86   5   0  21    T    M    M  6.7 15  60   M    M   3        22 360
 5  98  70  84   3   0  19 1.59    M    M  6.5 47  80   M    M   0 28     64 140
 6  92  72  82   1   0  17 0.72    M    M  6.1 24 210   M    M   4 12     30 210
 7  86  72  79  -2   0  14 0.04    M    M  7.4 14 310   M    M   7 1      18 320
 8  89  72  81   0   0  16 0.00    M    M  7.3 14  10   M    M   7        19  10
 9  91  70  81   0   0  16 0.00    M    M  4.2 12 100   M    M   0        15 100
10  91  70  81   0   0  16 0.00    M    M  5.6 16 170   M    M   4        20 170
11  90  73  82   2   0  17 0.25    M    M  6.9 23 360   M    M   4 138    29 360
12  91  72  82   2   0  17 0.13    M    M  5.3 14  40   M    M   2 13     19 320
13  91  69  80   0   0  15 0.00    M    M  4.9 12  70   M    M   0        16  80
14  91  69  80   0   0  15 0.00    M    M  5.0 13 110   M    M   1        16  50
15  92  67  80   0   0  15 0.00    M    M  4.0 14 160   M    M   1        17 170
16  92  70  81   1   0  16 0.00    M    M  2.6 12 170   M    M   1        15 180
17  92  70  81   1   0  16 0.00    M    M  3.9 15 200   M    M   0        12 200
18  84  74  79  -1   0  14 0.26    M    M  4.6 16 170   M    M   4 13     21 180
19  93  73  83   3   0  18 0.21    M    M  5.9 20 160   M    M   3 138    27 170
20  91  75  83   3   0  18 0.39    M    M  6.5 20 240   M    M   1 1      24 230
21  93  74  84   4   0  19    T    M    M  4.1 15 240   M    M   2 1      18 240
22  90  74  82   2   0  17 0.00    M    M  4.5 12  40   M    M   3        16  60
23  89  70  80   1   0  15 0.00    M    M  3.5 10  40   M    M   2        12  60
24  92  73  83   4   0  18 0.01    M    M  4.4 20 160   M    M   5 13     24 160
25  92  74  83   4   0  18 1.17    M    M  4.8 17 140   M    M   3 13     24 150
26  89  72  81   2   0  16    T    M    M  5.8 13  90   M    M   3 1      14 100
27  85  70  78  -1   0  13 0.00    M    M  8.5 16  50   M    M   5        19  50
28  86  67  77  -2   0  12 0.00    M    M  7.1 16  40   M    M   0        21  80
29  87  65  76  -3   0  11 0.00    M    M  5.3 15  50   M    M   0 8      23  50
30  81  68  75  -3   0  10 0.24    M    M  4.1 13 100   M    M   6 13     14  90
================================================================================
SM 2715 2141         0 486  5.52    M    161.8          M       78
================================================================================
AV 90.5 71.4                               5.4 FASTST   M    M   3    MAX(MPH)
                                 MISC ---->  # 47  80               # 64  140
================================================================================
NOTES:
# LAST OF SEVERAL OCCURRENCES

COLUMN 17 PEAK WIND IN M.P.H.

PRELIMINARY LOCAL CLIMATOLOGICAL DATA (WS FORM: F-6) , PAGE 2

                                          STATION:  FLORENCE SC
                                          MONTH:    AUGUST
                                          YEAR:     2015
                                          LATITUDE:   34 10 N
                                          LONGITUDE:  79 43 W

[TEMPERATURE DATA]      [PRECIPITATION DATA]       SYMBOLS USED IN COLUMN 16

AVERAGE MONTHLY: 80.9   TOTAL FOR MONTH:   5.52    1 = FOG OR MIST
DPTR FM NORMAL:   0.9   DPTR FM NORMAL:    0.43    2 = FOG REDUCING VISIBILITY
HIGHEST:    98 ON  5    GRTST 24HR  1.60 ON  5- 6      TO 1/4 MILE OR LESS
LOWEST:     65 ON 29                               3 = THUNDER
                        SNOW, ICE PELLETS, HAIL    4 = ICE PELLETS
                        TOTAL MONTH:    M          5 = HAIL
                        GRTST 24HR    M  ON   M    6 = FREEZING RAIN OR DRIZZLE
                        GRTST DEPTH:  M  ON   M    7 = DUSTSTORM OR SANDSTORM:
                                                       VSBY 1/2 MILE OR LESS
                                                   8 = SMOKE OR HAZE
[NO. OF DAYS WITH]      [WEATHER - DAYS WITH]      9 = BLOWING SNOW
                                                   X = TORNADO
MAX 32 OR BELOW:   0    0.01 INCH OR MORE:  12
MAX 90 OR ABOVE:  20    0.10 INCH OR MORE:  10
MIN 32 OR BELOW:   0    0.50 INCH OR MORE:   4
MIN  0 OR BELOW:   0    1.00 INCH OR MORE:   2

[HDD (BASE 65) ]
TOTAL THIS MO.     0    CLEAR  (SCALE 0-3)  17
DPTR FM NORMAL     0    PTCLDY (SCALE 4-7)  13
TOTAL FM JUL 1     0    CLOUDY (SCALE 8-10)  0
DPTR FM NORMAL     0

[CDD (BASE 65) ]
TOTAL THIS MO.   486
DPTR FM NORMAL    35    [PRESSURE DATA]
TOTAL FM JAN 1  2004    HIGHEST SLP 30.06 ON 17
DPTR FM NORMAL   347    LOWEST  SLP  0.00 ON 10

[REMARKS]
