000
CXUS53 KOAX 301000
CF6FNB
PRELIMINARY LOCAL CLIMATOLOGICAL DATA (WS FORM: F-6)

                                          STATION:   FALLS CITY, NEBRASKA
                                          MONTH:     SEPTEMBER
                                          YEAR:      2016
                                          LATITUDE:   40  4 N
                                          LONGITUDE:  95 35 W

  TEMPERATURE IN F:       :PCPN:    SNOW:  WIND      :SUNSHINE: SKY     :PK WND
================================================================================
1   2   3   4   5  6A  6B    7    8   9   10  11  12  13   14  15   16   17  18
                                     12Z  AVG MX 2MIN
DY MAX MIN AVG DEP HDD CDD  WTR  SNW DPTH SPD SPD DIR MIN PSBL S-S WX    SPD DR
================================================================================

 1  80  57  69  -3   0   4 0.00    M    M  4.6 14  70   M    M   0        18  70
 2  78  57  68  -4   0   3 0.00    M    M  5.9 13  90   M    M   2        16 120
 3  79  57  68  -4   0   3 0.00    M    M  8.8 17 150   M    M   1        23 160
 4  83  62  73   2   0   8 0.00    M    M 12.7 25 160   M    M   3        33 160
 5  90  69  80   9   0  15 0.00    M    M 14.0 26 160   M    M   0        33 180
 6  91  75  83  12   0  18 0.00    M    M 11.7 23 180   M    M   1        33 180
 7  87  76  82  12   0  17 0.45    M    M  9.7 21 220   M    M   5 138    26 210
 8  84  72  78   8   0  13 0.00    M    M  5.8 13  30   M    M   6 1      18  30
 9  86  62  74   4   0   9 0.18    M    M  7.9 20 350   M    M   6 13     25 340
10  74  54  64  -5   1   0 0.00    M    M  8.7 18 320   M    M   1        26 320
11  79  52  66  -3   0   1 0.00    M    M  9.9 18 160   M    M   0        24 150
12  87  60  74   6   0   9    T    M    M 11.0 21 170   M    M   M        29 170
13  75  61  68   0   0   3 2.26    M    M  6.6 23 110   M    M  10 13     35 110
14  73  60  67  -1   0   2 0.45    M    M  5.8 12  30   M    M   8 13     16  40
15  85  63  74   7   0   9 0.00    M    M  8.4 21 160   M    M   3 12     26 140
16  74  62  68   1   0   3 0.15    M    M  6.9 30 300   M    M   2 13     52 280
17  83  59  71   5   0   6 0.00    M    M  4.6 13 310   M    M   2 12     17 330
18  83  58  71   5   0   6 0.00    M    M  8.5 17 160   M    M   0        22 180
19  92  66  79  14   0  14 0.00    M    M  8.1 18 210   M    M   0        23 200
20  91  67  79  14   0  14 0.00    M    M  8.6 16 170   M    M   0        22 170
21  91  74  83  18   0  18 0.00    M    M 12.1 21 160   M    M   0        27 190
22  91  72  82  18   0  17 0.00    M    M 10.9 21 190   M    M   0        29 190
23  88  64  76  12   0  11 0.00    M    M  8.8 20 170   M    M   0 1      24 160
24  89  68  79  16   0  14 2.33    M    M 10.9 24 270   M    M   5 138    31 170
25  72  52  62  -1   3   0 0.21    M    M  8.7 20 310   M    M   3 1      25 310
26  75  45  60  -2   5   0 0.00    M    M  8.1 22 300   M    M   0        35 280
27  78  48  63   1   2   0 0.00    M    M  3.8 16 290   M    M   0 8      19 300
28  68  50  59  -3   6   0 0.00    M    M  8.8 18 350   M    M   1 8      26  30
29  73  46  60  -1   5   0 0.00    M    M  5.6 15 360   M    M   0        19  20
================================================================================
SM 2379 1768        22 217  6.03    M    245.9          M       59
================================================================================
AV 82.0 61.0                               8.5 FASTST   M    M   2    MAX(MPH)
                                 MISC ---->  # 30 300               # 52  280
================================================================================
NOTES:
# LAST OF SEVERAL OCCURRENCES

COLUMN 17 PEAK WIND IN M.P.H.

PRELIMINARY LOCAL CLIMATOLOGICAL DATA (WS FORM: F-6) , PAGE 2

                                          STATION:  FALLS CITY, NEBRASKA
                                          MONTH:    SEPTEMBER
                                          YEAR:     2016
                                          LATITUDE:   40  4 N
                                          LONGITUDE:  95 35 W

[TEMPERATURE DATA]      [PRECIPITATION DATA]       SYMBOLS USED IN COLUMN 16

AVERAGE MONTHLY: 71.5   TOTAL FOR MONTH:   6.03    1 = FOG OR MIST
DPTR FM NORMAL:   4.5   DPTR FM NORMAL:    2.59    2 = FOG REDUCING VISIBILITY
HIGHEST:    92 ON 19    GRTST 24HR  2.64 ON 13-14      TO 1/4 MILE OR LESS
LOWEST:     45 ON 26                               3 = THUNDER
                        SNOW, ICE PELLETS, HAIL    4 = ICE PELLETS
                        TOTAL MONTH:    M          5 = HAIL
                        GRTST 24HR    M  ON   M    6 = FREEZING RAIN OR DRIZZLE
                        GRTST DEPTH:  M  ON   M    7 = DUSTSTORM OR SANDSTORM:
                                                       VSBY 1/2 MILE OR LESS
                                                   8 = SMOKE OR HAZE
[NO. OF DAYS WITH]      [WEATHER - DAYS WITH]      9 = BLOWING SNOW
                                                   X = TORNADO
MAX 32 OR BELOW:   0    0.01 INCH OR MORE:   7
MAX 90 OR ABOVE:   6    0.10 INCH OR MORE:   7
MIN 32 OR BELOW:   0    0.50 INCH OR MORE:   2
MIN  0 OR BELOW:   0    1.00 INCH OR MORE:   2

[HDD (BASE 65) ]
TOTAL THIS MO.    22    CLEAR  (SCALE 0-3)  21
DPTR FM NORMAL   -55    PTCLDY (SCALE 4-7)   6
TOTAL FM JUL 1    24    CLOUDY (SCALE 8-10)  1
DPTR FM NORMAL   -59

[CDD (BASE 65) ]
TOTAL THIS MO.   217
DPTR FM NORMAL    82    [PRESSURE DATA]
TOTAL FM JAN 1  1466    HIGHEST SLP M ON M
DPTR FM NORMAL   249    LOWEST  SLP 29.75 ON  5

[REMARKS]
