000
CXUS53 KDTX 290800
CF6FNT
PRELIMINARY LOCAL CLIMATOLOGICAL DATA (WS FORM: F-6)

                                          STATION:   FLINT MI
                                          MONTH:     APRIL
                                          YEAR:      2017
                                          LATITUDE:   42 58 N
                                          LONGITUDE:  83 44 W

  TEMPERATURE IN F:       :PCPN:    SNOW:  WIND      :SUNSHINE: SKY     :PK WND
================================================================================
1   2   3   4   5  6A  6B    7    8   9   10  11  12  13   14  15   16   17  18
                                     12Z  AVG MX 2MIN
DY MAX MIN AVG DEP HDD CDD  WTR  SNW DPTH SPD SPD DIR MIN PSBL S-S WX    SPD DR
================================================================================

 1  57  32  45   4  20   0 0.00  0.0    0  7.0 16 310   M    M   3        20 350
 2  63  31  47   6  18   0    T  0.0    0  5.7 15 210   M    M   2        19 210
 3  54  46  50   8  15   0 0.67  0.0    0  8.5 22 140   M    M   8 1      29 140
 4  56  43  50   8  15   0 0.13  0.0    0 11.5 24 300   M    M  10 1      29 310
 5  46  33  40  -2  25   0 0.68  0.0    0 10.1 24  30   M    M   6 1      33  70
 6  40  33  37  -6  28   0 1.26  1.4    0 19.4 33 360   M    M  10 1      46  20
 7  51  33  42  -1  23   0 0.02  0.1    1 14.4 24 340   M    M   3 1      32 350
 8  60  28  44   0  21   0 0.00  0.0    0  7.4 16 230   M    M   0        22 210
 9  75  50  63  19   2   0 0.00  0.0    0 12.8 23 220   M    M   1        36 230
10  77  48  63  19   2   0 0.02  0.0    0 12.9 28 230   M    M   4 3      40 220
11  55  43  49   4  16   0 0.00  0.0    0 11.1 23 280   M    M  10 12     28 280
12  57  41  49   4  16   0 0.00  0.0    0  9.3 20 300   M    M   7        28 320
13  47  37  42  -4  23   0 0.05  0.0    0  7.2 14 100   M    M   9        22 110
14  65  37  51   5  14   0 0.00  0.0    0  8.9 17 160   M    M   3        24 180
15  82  49  66  20   0   1 0.17  0.0    0 12.7 28 240   M    M   5 1      38 250
16  71  50  61  14   4   0    T  0.0    0 15.0 26 280   M    M   5        32 280
17  65  36  51   4  14   0 0.00  0.0    0  7.1 21  20   M    M   4        25  30
18  66  33  50   2  15   0 0.00  0.0    0 12.5 20 140   M    M   2        27 150
19  72  47  60  12   5   0 0.08  0.0    0 12.4 22  80   M    M   7 1      27 160
20  62  45  54   6  11   0 0.87  0.0    0  9.9 30 310   M    M   8 13     38 300
21  54  40  47  -2  18   0    T  0.0    0 14.1 23 280   M    M  10        29 290
22  60  36  48  -1  17   0 0.00  0.0    0  6.1 17  10   M    M   0        21  20
23  69  30  50   1  15   0 0.00  0.0    0  6.3 16 290   M    M   0        19 280
24  70  37  54   4  11   0 0.00  0.0    0  8.1 18 130   M    M   0        23 150
25  73  47  60  10   5   0 0.00  0.0    0  9.2 18 130   M    M   5        24 140
26  78  55  67  17   0   2 0.09  0.0    0 14.1 28 160   M    M   2 3      37 170
27  71  48  60   9   5   0 0.03  0.0    0 14.4 31 200   M    M   5        42 200
28  65  45  55   4  10   0    T  0.0    0 10.7 24 270   M    M   7        34 260
================================================================================
SM 1761 1133       368   3  4.07     1.5 298.8          M      136
================================================================================
AV 62.9 40.5                              10.7 FASTST   M    M   5    MAX(MPH)
                                 MISC ---->  # 33 360               # 46   20
================================================================================
NOTES:
# LAST OF SEVERAL OCCURRENCES

COLUMN 17 PEAK WIND IN M.P.H.

PRELIMINARY LOCAL CLIMATOLOGICAL DATA (WS FORM: F-6) , PAGE 2

                                          STATION:  FLINT MI
                                          MONTH:    APRIL
                                          YEAR:     2017
                                          LATITUDE:   42 58 N
                                          LONGITUDE:  83 44 W

[TEMPERATURE DATA]      [PRECIPITATION DATA]       SYMBOLS USED IN COLUMN 16

AVERAGE MONTHLY: 51.7   TOTAL FOR MONTH:   4.07    1 = FOG OR MIST
DPTR FM NORMAL:   5.6   DPTR FM NORMAL:    1.38    2 = FOG REDUCING VISIBILITY
HIGHEST:    82 ON 15    GRTST 24HR  1.59 ON  5- 6      TO 1/4 MILE OR LESS
LOWEST:     28 ON  8                               3 = THUNDER
                        SNOW, ICE PELLETS, HAIL    4 = ICE PELLETS
                        TOTAL MONTH:   1.5 INCHES  5 = HAIL
                        GRTST 24HR   1.4 ON   M    6 = FREEZING RAIN OR DRIZZLE
                        GRTST DEPTH:   1 ON  7     7 = DUSTSTORM OR SANDSTORM:
                                                       VSBY 1/2 MILE OR LESS
                                                   8 = SMOKE OR HAZE
[NO. OF DAYS WITH]      [WEATHER - DAYS WITH]      9 = BLOWING SNOW
                                                   X = TORNADO
MAX 32 OR BELOW:   0    0.01 INCH OR MORE:  12
MAX 90 OR ABOVE:   0    0.10 INCH OR MORE:   6
MIN 32 OR BELOW:   4    0.50 INCH OR MORE:   4
MIN  0 OR BELOW:   0    1.00 INCH OR MORE:   1

[HDD (BASE 65) ]
TOTAL THIS MO.   368    CLEAR  (SCALE 0-3)  11
DPTR FM NORMAL  -167    PTCLDY (SCALE 4-7)  11
TOTAL FM JUL 1  5475    CLOUDY (SCALE 8-10)  6
DPTR FM NORMAL -1105

[CDD (BASE 65) ]
TOTAL THIS MO.     3
DPTR FM NORMAL     3    [PRESSURE DATA]
TOTAL FM JAN 1     3    HIGHEST SLP M ON M
DPTR FM NORMAL     3    LOWEST  SLP 29.27 ON  4

[REMARKS]
