000
CXUS53 KDTX 290800
CF6FNT
PRELIMINARY LOCAL CLIMATOLOGICAL DATA (WS FORM: F-6)

                                          STATION:   FLINT MI
                                          MONTH:     AUGUST
                                          YEAR:      2016
                                          LATITUDE:   42 58 N
                                          LONGITUDE:  83 44 W

  TEMPERATURE IN F:       :PCPN:    SNOW:  WIND      :SUNSHINE: SKY     :PK WND
================================================================================
1   2   3   4   5  6A  6B    7    8   9   10  11  12  13   14  15   16   17  18
                                     12Z  AVG MX 2MIN
DY MAX MIN AVG DEP HDD CDD  WTR  SNW DPTH SPD SPD DIR MIN PSBL S-S WX    SPD DR
================================================================================

 1  88  64  76   6   0  11 0.00  0.0    0  4.8 16  50   M    M   5        18  50
 2  92  65  79   9   0  14 0.00  0.0    0  2.5 12  60   M    M   3        15  10
 3  93  62  78   8   0  13 0.00  0.0    0  3.8  9 170   M    M   0        13 160
 4  95  64  80  10   0  15 0.00  0.0    0  4.9 17 150   M    M   0        20 150
 5  93  68  81  11   0  16 0.00  0.0    0 10.8 21 290   M    M   2        26 270
 6  89  63  76   6   0  11 0.00  0.0    0  6.9 14 330   M    M   3        18 290
 7  85  57  71   1   0   6 0.00  0.0    0  5.7 15 360   M    M   0        20 360
 8  88  53  71   1   0   6 0.00  0.0    0  4.8 14  90   M    M   0 1      19  90
 9  93  57  75   5   0  10 0.00  0.0    0  4.6 16 150   M    M   1        19 160
10  95  64  80  10   0  15 0.00  0.0    0  3.9 16 280   M    M   1 1      21 290
11  97  70  84  14   0  19 0.00  0.0    0  8.0 17 240   M    M   3        26 260
12  96  77  87  18   0  22 0.17  0.0    0  5.9 18 270   M    M   6 138    22 280
13  91  75  83  14   0  18 0.54  0.0    0 10.4 21 260   M    M   8 13     28 260
14  85  69  77   8   0  12 0.01  0.0    0  5.1 12 270   M    M   3        17 300
15  85  66  76   7   0  11 0.18  0.0    0  3.4 10 150   M    M   2 1      13 190
16  86  72  79  10   0  14 2.11  0.0    0  9.1 25 110   M    M   7 18     32 120
17  89  63  76   7   0  11 0.46  0.0    0  6.5 36 280   M    M   3 138    46 290
18  88  64  76   7   0  11 0.00  0.0    0  3.8  9 250   M    M   1 1      12 200
19  88  69  79  10   0  14 0.05  0.0    0  6.6 29 290   M    M   2 3      42 280
20  87  69  78   9   0  13 0.09  0.0    0  8.9 23 270   M    M   4        29 260
21  78  61  70   2   0   5 0.01  0.0    0 10.8 23 280   M    M   4        28 330
22  79  55  67  -1   0   2 0.00  0.0    0  4.4 13 220   M    M   3 18     16 220
23  83  55  69   1   0   4 0.00  0.0    0  6.3 16 200   M    M   0        22 200
24  85  61  73   5   0   8 0.10  0.0    0  8.1 24 170   M    M   3        34 160
25  84  66  75   7   0  10 0.31  0.0    0  6.8 21 300   M    M   3 18     23 310
26  84  63  74   6   0   9 0.00  0.0    0  4.9 13 280   M    M   0        30 250
27  81  63  72   5   0   7 0.32  0.0    0  6.3 17 310   M    M   5 13     22 170
28  86  64  75   8   0  10 0.00  0.0    0  6.6 15 300   M    M   3 1      27 330
================================================================================
SM 2463 1799         0 317  4.35     0.0 174.6          M       75
================================================================================
AV 88.0 64.2                               6.2 FASTST   M    M   3    MAX(MPH)
                                 MISC ---->  # 36 280               # 46  290
================================================================================
NOTES:
# LAST OF SEVERAL OCCURRENCES

COLUMN 17 PEAK WIND IN M.P.H.

PRELIMINARY LOCAL CLIMATOLOGICAL DATA (WS FORM: F-6) , PAGE 2

                                          STATION:  FLINT MI
                                          MONTH:    AUGUST
                                          YEAR:     2016
                                          LATITUDE:   42 58 N
                                          LONGITUDE:  83 44 W

[TEMPERATURE DATA]      [PRECIPITATION DATA]       SYMBOLS USED IN COLUMN 16

AVERAGE MONTHLY: 76.1   TOTAL FOR MONTH:   4.35    1 = FOG OR MIST
DPTR FM NORMAL:   7.1   DPTR FM NORMAL:    1.50    2 = FOG REDUCING VISIBILITY
HIGHEST:    97 ON 11    GRTST 24HR  2.29 ON 15-16      TO 1/4 MILE OR LESS
LOWEST:     53 ON  8                               3 = THUNDER
                        SNOW, ICE PELLETS, HAIL    4 = ICE PELLETS
                        TOTAL MONTH:   0.0 INCH    5 = HAIL
                        GRTST 24HR     0.0         6 = FREEZING RAIN OR DRIZZLE
                        GRTST DEPTH:   0           7 = DUSTSTORM OR SANDSTORM:
                                                       VSBY 1/2 MILE OR LESS
                                                   8 = SMOKE OR HAZE
[NO. OF DAYS WITH]      [WEATHER - DAYS WITH]      9 = BLOWING SNOW
                                                   X = TORNADO
MAX 32 OR BELOW:   0    0.01 INCH OR MORE:  12
MAX 90 OR ABOVE:   9    0.10 INCH OR MORE:   8
MIN 32 OR BELOW:   0    0.50 INCH OR MORE:   2
MIN  0 OR BELOW:   0    1.00 INCH OR MORE:   1

[HDD (BASE 65) ]
TOTAL THIS MO.     0    CLEAR  (SCALE 0-3)  19
DPTR FM NORMAL   -27    PTCLDY (SCALE 4-7)   9
TOTAL FM JUL 1     0    CLOUDY (SCALE 8-10)  0
DPTR FM NORMAL   -42

[CDD (BASE 65) ]
TOTAL THIS MO.   317
DPTR FM NORMAL   180    [PRESSURE DATA]
TOTAL FM JAN 1   923    HIGHEST SLP M ON M
DPTR FM NORMAL   455    LOWEST  SLP 29.57 ON 20

[REMARKS]
