000
CXUS54 KTSA 010840
CF6FSM
PRELIMINARY LOCAL CLIMATOLOGICAL DATA (WS FORM: F-6)

                                          STATION:   FORT SMITH ARKANSAS
                                          MONTH:     JULY
                                          YEAR:      2015
                                          LATITUDE:   35 19 N
                                          LONGITUDE:  94 22 W

  TEMPERATURE IN F:       :PCPN:    SNOW:  WIND      :SUNSHINE: SKY     :PK WND
================================================================================
1   2   3   4   5  6A  6B    7    8   9   10  11  12  13   14  15   16   17  18
                                     12Z  AVG MX 2MIN
DY MAX MIN AVG DEP HDD CDD  WTR  SNW DPTH SPD SPD DIR MIN PSBL S-S WX    SPD DR
================================================================================

 1  94  75  85   4   0  20 0.00  0.0    0  8.5 17 210   M    M   0        23 240
 2  90  74  82   1   0  17 0.40  0.0    0 10.8 22 230   M    M   4 38     29 230
 3  89  69  79  -2   0  14 1.30  0.0    0  7.2 35 300   M    M   6 13     47 260
 4  90  70  80  -1   0  15 0.00  0.0    0  3.0  8 230   M    M   3 12     12 210
 5  91  71  81  -1   0  16 0.56  0.0    0  6.6 32  40   M    M   3 13     40 330
 6  88  72  80  -2   0  15 0.00  0.0    0  7.6 20 200   M    M   4 3      26 220
 7  88  73  81  -1   0  16 0.88  0.0    0  7.2 21 310   M    M   7 13     31 290
 8  86  72  79  -3   0  14 0.87  0.0    0  6.4 22 220   M    M   5 13     30 200
 9  90  72  81  -1   0  16 0.00  0.0    0  5.8 18 210   M    M   3 1      25 200
10  93  73  83   1   0  18 0.00  0.0    0  5.8 15 220   M    M   1 1      22 190
11  94  74  84   2   0  19 0.00  0.0    0  5.7 14 240   M    M   1        18 210
12  95  73  84   2   0  19 0.00  0.0    0  5.3 16 220   M    M   0 18     20 230
13  98  75  87   5   0  22 0.00  0.0    0  4.9 14 220   M    M   0        18 180
14  99  76  88   6   0  23 0.00  0.0    0  4.5 14 200   M    M   0        22 220
15  99  79  89   7   0  24 0.00  0.0    0  4.6 13 240   M    M   3        17 230
16  96  75  86   4   0  21 0.00  0.0    0  6.2 15 240   M    M   1        19 210
17  97  74  86   4   0  21 0.00  0.0    0  6.1 14 200   M    M   0        20 190
18  98  75  87   4   0  22 0.00  0.0    0  6.0 16 210   M    M   1        19 210
19  99  76  88   5   0  23 0.00  0.0    0  5.0 13 250   M    M   0 8      17 240
20 100  75  88   5   0  23 0.00  0.0    0  5.7 17 280   M    M   1 3      21 280
21  89  72  81  -2   0  16 4.38  0.0    0  7.3 35  50   M    M   3 13     44  50
22  91  75  83   0   0  18 0.40  0.0    0  3.7  9  80   M    M   4 1      12  80
23  96  78  87   4   0  22 0.00  0.0    0  4.3 14 260   M    M   1        16 250
24  99  78  89   6   0  24 0.00  0.0    0  4.2 13 290   M    M   0 18     16 250
25  98  79  89   6   0  24 0.00  0.0    0  3.2 10 150   M    M   1        14 140
26  97  78  88   5   0  23 0.00  0.0    0  4.2 12  80   M    M   0 1      13  80
27  98  79  89   6   0  24 0.00  0.0    0  5.3 14  70   M    M   2        16  80
28  99  77  88   5   0  23 0.00  0.0    0  3.5 10  70   M    M   1        14  80
29  98  78  88   5   0  23 0.00  0.0    0  3.5 12  60   M    M   0 8      15  20
30  94  77  86   3   0  21    T  0.0    0  7.4 16  30   M    M   1        19  10
31  93  72  83   0   0  18 0.00  0.0    0  5.0 10 110   M    M   1        13 110
================================================================================
SM 2926 2316         0 614  8.79     0.0 174.5          M       57
================================================================================
AV 94.4 74.7                               5.6 FASTST   M    M   2    MAX(MPH)
                                 MISC ---->  # 35 300               # 47  260
================================================================================
NOTES:
# LAST OF SEVERAL OCCURRENCES

COLUMN 17 PEAK WIND IN M.P.H.

PRELIMINARY LOCAL CLIMATOLOGICAL DATA (WS FORM: F-6) , PAGE 2

                                          STATION:  FORT SMITH ARKANSAS
                                          MONTH:    JULY
                                          YEAR:     2015
                                          LATITUDE:   35 19 N
                                          LONGITUDE:  94 22 W

[TEMPERATURE DATA]      [PRECIPITATION DATA]       SYMBOLS USED IN COLUMN 16

AVERAGE MONTHLY: 84.5   TOTAL FOR MONTH:   8.79    1 = FOG OR MIST
DPTR FM NORMAL:   2.2   DPTR FM NORMAL:    5.49    2 = FOG REDUCING VISIBILITY
HIGHEST:   100 ON 20    GRTST 24HR  4.38 ON 21-21      TO 1/4 MILE OR LESS
LOWEST:     69 ON  3                               3 = THUNDER
                        SNOW, ICE PELLETS, HAIL    4 = ICE PELLETS
                        TOTAL MONTH:   0.0 INCH    5 = HAIL
                        GRTST 24HR     0.0         6 = FREEZING RAIN OR DRIZZLE
                        GRTST DEPTH:   0           7 = DUSTSTORM OR SANDSTORM:
                                                       VSBY 1/2 MILE OR LESS
                                                   8 = SMOKE OR HAZE
[NO. OF DAYS WITH]      [WEATHER - DAYS WITH]      9 = BLOWING SNOW
                                                   X = TORNADO
MAX 32 OR BELOW:   0    0.01 INCH OR MORE:   7
MAX 90 OR ABOVE:  26    0.10 INCH OR MORE:   7
MIN 32 OR BELOW:   0    0.50 INCH OR MORE:   5
MIN  0 OR BELOW:   0    1.00 INCH OR MORE:   2

[HDD (BASE 65) ]
TOTAL THIS MO.     0    CLEAR  (SCALE 0-3)  23
DPTR FM NORMAL     0    PTCLDY (SCALE 4-7)   8
TOTAL FM JUL 1     0    CLOUDY (SCALE 8-10)  0
DPTR FM NORMAL     0

[CDD (BASE 65) ]
TOTAL THIS MO.   614
DPTR FM NORMAL    78    [PRESSURE DATA]
TOTAL FM JAN 1  1337    HIGHEST SLP 30.13 ON 31
DPTR FM NORMAL   172    LOWEST  SLP 29.73 ON 14

[REMARKS]
#FINAL-07-15#
