000
CXUS54 KMAF 241100
CF6FST
PRELIMINARY LOCAL CLIMATOLOGICAL DATA (WS FORM: F-6)

                                          STATION:   Fort Stockton
                                          MONTH:     OCTOBER
                                          YEAR:      2014
                                          LATITUDE:   30 55 N
                                          LONGITUDE: 102 55 W

  TEMPERATURE IN F:       :PCPN:    SNOW:  WIND      :SUNSHINE: SKY     :PK WND
================================================================================
1   2   3   4   5  6A  6B    7    8   9   10  11  12  13   14  15   16   17  18
                                     12Z  AVG MX 2MIN
DY MAX MIN AVG DEP HDD CDD  WTR  SNW DPTH SPD SPD DIR MIN PSBL S-S WX    SPD DR
================================================================================

 1  92  65  79   7   0  14 0.00  0.0    0  7.6 14 160   M    M   0        18 160
 2  86  64  75   3   0  10 0.00  0.0    0  9.1 22 330   M    M   0        28 320
 3  86  57  72   0   0   7 0.00  0.0    0  7.0 13  60   M    M   0        17  80
 4  89  53  71   0   0   6 0.00  0.0    0  7.6 18 160   M    M   0        24 160
 5  91  62  77   6   0  12 0.00  0.0    0 12.0 26 300   M    M   0        33 290
 6  91  60  76   5   0  11 0.00  0.0    0  7.3 15 180   M    M   0        19 180
 7  95  64  80  10   0  15 0.00  0.0    0  8.7 16 220   M    M   0        19 220
 8  94  60  77   7   0  12    T  0.0    0 12.8 24 150   M    M   0        32 150
 9  93  67  80  10   0  15    T  0.0    0 14.7 24 140   M    M   2        32 140
10  86  63  75   5   0  10 0.00  0.0    0 12.0 23  40   M    M   1        28  40
11  71  53  62  -7   3   0 0.00  0.0    0  7.8 16 340   M    M   4        19 330
12  90  54  72   3   0   7 0.00  0.0    0 12.8 25 250   M    M   2        35 240
13  72  51  62  -7   3   0 0.00  0.0    0 12.4 26 350   M    M   1        33 330
14  78  47  63  -5   2   0 0.00  0.0    0  5.9 13 160   M    M   0        15 160
15  86  48  67  -1   0   2 0.00  0.0    0  7.4 14 160   M    M   0        18 140
16  93  58  76   8   0  11 0.00  0.0    0 12.2 21 320   M    M   0        30 280
17  92  60  76   9   0  11 0.00  0.0    0  8.0 15 220   M    M   0        17 240
18  81  52  67   0   0   2 0.00  0.0    0  8.0 18 120   M    M   0        24  80
19  81  57  69   2   0   4 0.00  0.0    0 10.0 23 160   M    M   2        31 160
20  73  63  68   2   0   3    T  0.0    0  7.2 17 110   M    M   5 3      21 120
21  69  59  64  -2   1   0    T  0.0    0  9.0 18 150   M    M   7 3      23 140
22  73  58  66   0   0   1 0.00  0.0    0 11.3 21 160   M    M   4        27 150
23  82  56  69   4   0   4 0.00  0.0    0  7.6 14 230   M    M   0        18 130
================================================================================
SM 1944 1331         9 157    T      0.0 218.4          M       28
================================================================================
AV 84.5 57.9                               9.5 FASTST   M    M   1    MAX(MPH)
                                 MISC ---->  # 26 300               # 35  240
================================================================================
NOTES:
# LAST OF SEVERAL OCCURRENCES

COLUMN 17 PEAK WIND IN M.P.H.

PRELIMINARY LOCAL CLIMATOLOGICAL DATA (WS FORM: F-6) , PAGE 2

                                          STATION:  Fort Stockton
                                          MONTH:    OCTOBER
                                          YEAR:     2014
                                          LATITUDE:   30 55 N
                                          LONGITUDE: 102 55 W

[TEMPERATURE DATA]      [PRECIPITATION DATA]       SYMBOLS USED IN COLUMN 16

AVERAGE MONTHLY: 71.2   TOTAL FOR MONTH:      T    1 = FOG OR MIST
DPTR FM NORMAL:   2.3   DPTR FM NORMAL:   -1.52    2 = FOG REDUCING VISIBILITY
HIGHEST:    95 ON  7    GRTST 24HR    T  ON 21-21      TO 1/4 MILE OR LESS
LOWEST:     47 ON 14                               3 = THUNDER
                        SNOW, ICE PELLETS, HAIL    4 = ICE PELLETS
                        TOTAL MONTH:   0.0 INCH    5 = HAIL
                        GRTST 24HR     0.0         6 = FREEZING RAIN OR DRIZZLE
                        GRTST DEPTH:   0           7 = DUSTSTORM OR SANDSTORM:
                                                       VSBY 1/2 MILE OR LESS
                                                   8 = SMOKE OR HAZE
[NO. OF DAYS WITH]      [WEATHER - DAYS WITH]      9 = BLOWING SNOW
                                                   X = TORNADO
MAX 32 OR BELOW:   0    0.01 INCH OR MORE:   0
MAX 90 OR ABOVE:   9    0.10 INCH OR MORE:   0
MIN 32 OR BELOW:   0    0.50 INCH OR MORE:   0
MIN  0 OR BELOW:   0    1.00 INCH OR MORE:   0

[HDD (BASE 65) ]
TOTAL THIS MO.     9    CLEAR  (SCALE 0-3)  19
DPTR FM NORMAL   -21    PTCLDY (SCALE 4-7)   4
TOTAL FM JUL 1    25    CLOUDY (SCALE 8-10)  0
DPTR FM NORMAL    -8

[CDD (BASE 65) ]
TOTAL THIS MO.   157
DPTR FM NORMAL    37    [PRESSURE DATA]
TOTAL FM JAN 1  2698    HIGHEST SLP M ON M
DPTR FM NORMAL   183    LOWEST  SLP 29.56 ON 12

[REMARKS]
