913
CXUS56 KSGX 221445
CF6FUL
PRELIMINARY LOCAL CLIMATOLOGICAL DATA (WS FORM: F-6)

                                          STATION:   FULLERTON AIRPORT CA
                                          MONTH:     MAY
                                          YEAR:      2015
                                          LATITUDE:   33 52 N
                                          LONGITUDE: 117 58 W

  TEMPERATURE IN F:       :PCPN:    SNOW:  WIND      :SUNSHINE: SKY     :PK WND
================================================================================
1   2   3   4   5  6A  6B    7    8   9   10  11  12  13   14  15   16   17  18
                                     12Z  AVG MX 2MIN
DY MAX MIN AVG DEP HDD CDD  WTR  SNW DPTH SPD SPD DIR MIN PSBL S-S WX    SPD DR
================================================================================

 1  94  60  77  12   0  12 0.00  0.0    0  3.2 12 290   M    M   0 8      17 270
 2  86  60  73   8   0   8 0.00  0.0    0  4.4 12 170   M    M   1        18 280
 3  74  60  67   2   0   2 0.00  0.0    0  4.0 13 290   M    M   4        18 270
 4  73  57  65   0   0   0 0.00  0.0    0  3.6 12 230   M    M   4        18 300
 5  69  59  64  -1   1   0 0.00  0.0    0  4.3 12 170   M    M   7        17 210
 6  70  59  65  -1   0   0 0.00  0.0    0  3.4 12 200   M    M   9        17 200
 7  69  53  61  -5   4   0 0.21  0.0    0  6.8 18 220   M    M   9        25 210
 8  64  51  58  -8   7   0 0.11  0.0    0  5.0 12 200   M    M   7 1      15 220
 9  67  57  62  -4   3   0 0.00  0.0    0  2.5 12 210   M    M   9        14 200
10  79  52  66   0   0   1 0.00  0.0    0  3.0 12 200   M    M   0        18 200
11  79  58  69   3   0   4 0.00  0.0    0  3.8 10 200   M    M   1 18     15 200
12  72  59  66   0   0   1 0.00  0.0    0  6.4 13 210   M    M   5        18 150
13  70  57  64  -2   1   0 0.00  0.0    0  5.7 12 230   M    M   5        17 220
14  68  57  63  -3   2   0 0.26  0.0    0  5.3 15 220   M    M   7 1      22 220
15  70  54  62  -4   3   0 0.22  0.0    0  3.5 12 300   M    M   5 1      19 270
16  70  55  63  -3   2   0 0.00  0.0    0  5.0 14 170   M    M   4        17 170
17  73  57  65  -1   0   0 0.00  0.0    0  4.7 13 190   M    M   5        18 190
18  73  60  67   0   0   2 0.00  0.0    0  5.3 15 210   M    M   6        19 200
19  72  54  63  -4   2   0 0.00  0.0    0  4.0 13 210   M    M   2        19 240
20  73  58  66  -1   0   1 0.00  0.0    0  3.9 12 190   M    M   3        17 210
21  71  60  66  -1   0   1 0.00  0.0    0  5.5 15 200   M    M   7        21 220
================================================================================
SM 1536 1197        25  32  0.80     0.0  93.3          M      100
================================================================================
AV 73.1 57.0                               4.4 FASTST   M    M   5    MAX(MPH)
                                 MISC ---->  # 18 220               # 25  210
================================================================================
NOTES:
# LAST OF SEVERAL OCCURRENCES

COLUMN 17 PEAK WIND IN M.P.H.

PRELIMINARY LOCAL CLIMATOLOGICAL DATA (WS FORM: F-6) , PAGE 2

                                          STATION:  FULLERTON AIRPORT CA
                                          MONTH:    MAY
                                          YEAR:     2015
                                          LATITUDE:   33 52 N
                                          LONGITUDE: 117 58 W

[TEMPERATURE DATA]      [PRECIPITATION DATA]       SYMBOLS USED IN COLUMN 16

AVERAGE MONTHLY: 65.1   TOTAL FOR MONTH:   0.80    1 = FOG OR MIST
DPTR FM NORMAL:  -0.9   DPTR FM NORMAL:    0.57    2 = FOG REDUCING VISIBILITY
HIGHEST:    94 ON  1    GRTST 24HR  0.48 ON 14-15      TO 1/4 MILE OR LESS
LOWEST:     51 ON  8                               3 = THUNDER
                        SNOW, ICE PELLETS, HAIL    4 = ICE PELLETS
                        TOTAL MONTH:   0.0 INCH    5 = HAIL
                        GRTST 24HR     0.0         6 = FREEZING RAIN OR DRIZZLE
                        GRTST DEPTH:   0           7 = DUSTSTORM OR SANDSTORM:
                                                       VSBY 1/2 MILE OR LESS
                                                   8 = SMOKE OR HAZE
[NO. OF DAYS WITH]      [WEATHER - DAYS WITH]      9 = BLOWING SNOW
                                                   X = TORNADO
MAX 32 OR BELOW:   0    0.01 INCH OR MORE:   4
MAX 90 OR ABOVE:   1    0.10 INCH OR MORE:   4
MIN 32 OR BELOW:   0    0.50 INCH OR MORE:   0
MIN  0 OR BELOW:   0    1.00 INCH OR MORE:   0

[HDD (BASE 65) ]
TOTAL THIS MO.    25    CLEAR  (SCALE 0-3)   5
DPTR FM NORMAL    -1    PTCLDY (SCALE 4-7)  13
TOTAL FM JUL 1   452    CLOUDY (SCALE 8-10)  3
DPTR FM NORMAL  -768

[CDD (BASE 65) ]
TOTAL THIS MO.    32
DPTR FM NORMAL   -10    [PRESSURE DATA]
TOTAL FM JAN 1   320    HIGHEST SLP M ON M
DPTR FM NORMAL   226    LOWEST  SLP 29.78 ON M

[REMARKS]
