000
CXUS53 KUNR 300945
CF6GCC
PRELIMINARY LOCAL CLIMATOLOGICAL DATA (WS FORM: F-6)

                                          STATION:   GILLETTE AIRPORT WY
                                          MONTH:     JULY
                                          YEAR:      2015
                                          LATITUDE:   44 20 N
                                          LONGITUDE: 105 32 W

  TEMPERATURE IN F:       :PCPN:    SNOW:  WIND      :SUNSHINE: SKY     :PK WND
================================================================================
1   2   3   4   5  6A  6B    7    8   9   10  11  12  13   14  15   16   17  18
                                     12Z  AVG MX 2MIN
DY MAX MIN AVG DEP HDD CDD  WTR  SNW DPTH SPD SPD DIR MIN PSBL S-S WX    SPD DR
================================================================================

 1  86  56  71   3   0   6 0.00    M    M  5.4 24  20   M    M   2        31  10
 2  79  56  68   0   0   3    T    M    M  7.2 18  20   M    M   3        24  10
 3  88  55  72   3   0   7 0.00    M    M  8.9 21 160   M    M   1        26 160
 4  93  61  77   8   0  12 0.00    M    M  7.0 16 190   M    M   0        21 190
 5  76  56  66  -3   0   1 0.05    M    M 13.5 26 340   M    M   6 18     34 340
 6  69  49  59 -11   6   0 0.00    M    M  5.7 14  10   M    M   7 18     17 330
 7  79  49  64  -6   1   0 0.01    M    M  8.7 21 170   M    M   3 18     24 170
 8  75  47  61  -9   4   0 0.00    M    M  6.6 20 170   M    M   4 1      24 170
 9  81  52  67  -3   0   2 0.00    M    M 14.8 24 170   M    M   0        30 170
10  89  58  74   3   0   9 0.00    M    M 15.0 25 200   M    M   0        31 190
11  90  58  74   3   0   9 0.00    M    M 14.7 25 230   M    M   0        34 250
12  93  55  74   3   0   9    T    M    M 12.0 31 280   M    M   2 3      39 290
13  91  56  74   3   0   9 0.00    M    M  5.2 17 310   M    M   0 3      25 330
14  89  55  72   0   0   7 0.05    M    M  7.0 43 300   M    M   0 38     54 290
15  83  58  71  -1   0   6 0.05    M    M  9.0 26 350   M    M   2 3      33 350
16  86  56  71  -1   0   6 0.00    M    M  8.5 28 350   M    M   2        34 350
17  76  51  64  -8   1   0 0.00    M    M  7.3 17 360   M    M   3 3      22  10
18  74  50  62 -10   3   0 0.00    M    M  7.6 18 300   M    M   2        24 310
19  84  49  67  -5   0   2 0.01    M    M  7.0 36 300   M    M   2 3      42 300
20  85  54  70  -2   0   5 0.00    M    M  5.7 21 170   M    M   3        26 160
21  83  58  71  -1   0   6 0.13    M    M 11.6 24 210   M    M   1 3      31 210
22  92  57  75   3   0  10    T    M    M  9.3 28 160   M    M   1        33 160
23  92  57  75   3   0  10 0.08    M    M  9.4 24 260   M    M   1        33 260
24  91  54  73   0   0   8 0.00    M    M  5.9 23  10   M    M   1 18     28  10
25  88  55  72  -1   0   7 0.63    M    M  5.8 38 260   M    M   1 13     47 260
26  94  62  78   5   0  13 0.00    M    M  8.9 24 180   M    M   0        29 170
27  91  49  70  -2   0   5 0.03    M    M 12.1 45 310   M    M   0 3      58 300
28  72  44  58 -14   7   0 0.00    M    M 13.5 32 310   M    M   0        40 320
29  81  50  66  -6   0   1 0.00    M    M  7.1 15 240   M    M   0        22 250
================================================================================
SM 2450 1567        22 153  1.04    M    260.4          M       47
================================================================================
AV 84.5 54.0                               9.0 FASTST   M    M   2    MAX(MPH)
                                 MISC ---->  # 45 310               # 58  300
================================================================================
NOTES:
# LAST OF SEVERAL OCCURRENCES

COLUMN 17 PEAK WIND IN M.P.H.

PRELIMINARY LOCAL CLIMATOLOGICAL DATA (WS FORM: F-6) , PAGE 2

                                          STATION:  GILLETTE AIRPORT WY
                                          MONTH:    JULY
                                          YEAR:     2015
                                          LATITUDE:   44 20 N
                                          LONGITUDE: 105 32 W

[TEMPERATURE DATA]      [PRECIPITATION DATA]       SYMBOLS USED IN COLUMN 16

AVERAGE MONTHLY: 69.3   TOTAL FOR MONTH:   1.04    1 = FOG OR MIST
DPTR FM NORMAL:  -1.8   DPTR FM NORMAL:   -0.52    2 = FOG REDUCING VISIBILITY
HIGHEST:    94 ON 26    GRTST 24HR  0.63 ON 25-25      TO 1/4 MILE OR LESS
LOWEST:     44 ON 28                               3 = THUNDER
                        SNOW, ICE PELLETS, HAIL    4 = ICE PELLETS
                        TOTAL MONTH:    M          5 = HAIL
                        GRTST 24HR    M  ON   M    6 = FREEZING RAIN OR DRIZZLE
                        GRTST DEPTH:  M  ON   M    7 = DUSTSTORM OR SANDSTORM:
                                                       VSBY 1/2 MILE OR LESS
                                                   8 = SMOKE OR HAZE
[NO. OF DAYS WITH]      [WEATHER - DAYS WITH]      9 = BLOWING SNOW
                                                   X = TORNADO
MAX 32 OR BELOW:   0    0.01 INCH OR MORE:   9
MAX 90 OR ABOVE:   9    0.10 INCH OR MORE:   2
MIN 32 OR BELOW:   0    0.50 INCH OR MORE:   1
MIN  0 OR BELOW:   0    1.00 INCH OR MORE:   0

[HDD (BASE 65) ]
TOTAL THIS MO.    22    CLEAR  (SCALE 0-3)  24
DPTR FM NORMAL     8    PTCLDY (SCALE 4-7)   5
TOTAL FM JUL 1    22    CLOUDY (SCALE 8-10)  0
DPTR FM NORMAL     8

[CDD (BASE 65) ]
TOTAL THIS MO.   153
DPTR FM NORMAL   -47    [PRESSURE DATA]
TOTAL FM JAN 1   227    HIGHEST SLP M ON M
DPTR FM NORMAL   -41    LOWEST  SLP 29.28 ON 27

[REMARKS]
