000
CXUS53 KUNR 210945
CF6GCC
PRELIMINARY LOCAL CLIMATOLOGICAL DATA (WS FORM: F-6)

                                          STATION:   GILLETTE AIRPORT WY
                                          MONTH:     OCTOBER
                                          YEAR:      2014
                                          LATITUDE:   44 20 N
                                          LONGITUDE: 105 32 W

  TEMPERATURE IN F:       :PCPN:    SNOW:  WIND      :SUNSHINE: SKY     :PK WND
================================================================================
1   2   3   4   5  6A  6B    7    8   9   10  11  12  13   14  15   16   17  18
                                     12Z  AVG MX 2MIN
DY MAX MIN AVG DEP HDD CDD  WTR  SNW DPTH SPD SPD DIR MIN PSBL S-S WX    SPD DR
================================================================================

 1  52  39  46  -5  19   0 0.01    M    M 11.9 21 330   M    M   8        25 340
 2  59  28  44  -6  21   0 0.04    M    M 13.0 29 340   M    M   4 1      38 330
 3  52  22  37 -13  28   0 0.00    M    M 10.3 30 310   M    M   0        37 310
 4  67  30  49  -1  16   0 0.01    M    M 11.7 29 310   M    M   5        37 310
 5  65  41  53   4  12   0    T    M    M 15.3 31 320   M    M   5        40 310
 6  71  45  58   9   7   0 0.00    M    M 15.5 35 320   M    M   3        44 330
 7  61  41  51   3  14   0 0.00    M    M  6.4 15 170   M    M   7 8      17 170
 8  76  43  60  12   5   0 0.00    M    M  8.7 20 350   M    M   3 8      24 340
 9  67  34  51   3  14   0 0.04    M    M  7.3 25 180   M    M   3 18     30 180
10  64  41  53   6  12   0 0.00    M    M 16.1 24 170   M    M   1        30 160
11  73  46  60  13   5   0    T    M    M  3.9 35 150   M    M   1        42 150
12  52  37  45  -1  20   0 0.49    M    M 15.6 36 340   M    M   9 13     45 320
13  58  35  47   1  18   0 0.00    M    M  8.9 17 250   M    M   0        20 250
14  75  42  59  13   6   0 0.00    M    M 10.6 18 200   M    M   0        23 210
15  78  48  63  17   2   0 0.00    M    M 19.2 32 230   M    M   0        41 220
16  60  34  47   2  18   0 0.00    M    M 13.7 31 320   M    M   0        38 290
17  61  29  45   0  20   0 0.00    M    M  5.5 18 170   M    M   0        23 170
18  73  38  56  12   9   0 0.00    M    M  7.5 23 170   M    M   0        27 170
19  73  34  54  10  11   0 0.00    M    M  4.6 20 180   M    M   0        23 170
20  79  45  62  18   3   0 0.00    M    M 13.6 21 170   M    M   0        25 210
================================================================================
SM 1316  752       260   0  0.59    M    219.3          M       49
================================================================================
AV 65.8 37.6                              11.0 FASTST   M    M   2    MAX(MPH)
                                 MISC ---->  # 36 340               # 45  320
================================================================================
NOTES:
# LAST OF SEVERAL OCCURRENCES

COLUMN 17 PEAK WIND IN M.P.H.

PRELIMINARY LOCAL CLIMATOLOGICAL DATA (WS FORM: F-6) , PAGE 2

                                          STATION:  GILLETTE AIRPORT WY
                                          MONTH:    OCTOBER
                                          YEAR:     2014
                                          LATITUDE:   44 20 N
                                          LONGITUDE: 105 32 W

[TEMPERATURE DATA]      [PRECIPITATION DATA]       SYMBOLS USED IN COLUMN 16

AVERAGE MONTHLY: 51.7   TOTAL FOR MONTH:   0.59    1 = FOG OR MIST
DPTR FM NORMAL:   4.5   DPTR FM NORMAL:   -0.37    2 = FOG REDUCING VISIBILITY
HIGHEST:    79 ON 20    GRTST 24HR  0.49 ON 12-12      TO 1/4 MILE OR LESS
LOWEST:     22 ON  3                               3 = THUNDER
                        SNOW, ICE PELLETS, HAIL    4 = ICE PELLETS
                        TOTAL MONTH:    M          5 = HAIL
                        GRTST 24HR    M  ON   M    6 = FREEZING RAIN OR DRIZZLE
                        GRTST DEPTH:  M  ON   M    7 = DUSTSTORM OR SANDSTORM:
                                                       VSBY 1/2 MILE OR LESS
                                                   8 = SMOKE OR HAZE
[NO. OF DAYS WITH]      [WEATHER - DAYS WITH]      9 = BLOWING SNOW
                                                   X = TORNADO
MAX 32 OR BELOW:   0    0.01 INCH OR MORE:   5
MAX 90 OR ABOVE:   0    0.10 INCH OR MORE:   1
MIN 32 OR BELOW:   4    0.50 INCH OR MORE:   0
MIN  0 OR BELOW:   0    1.00 INCH OR MORE:   0

[HDD (BASE 65) ]
TOTAL THIS MO.   260    CLEAR  (SCALE 0-3)  14
DPTR FM NORMAL   -98    PTCLDY (SCALE 4-7)   5
TOTAL FM JUL 1   536    CLOUDY (SCALE 8-10)  1
DPTR FM NORMAL  -117

[CDD (BASE 65) ]
TOTAL THIS MO.     0
DPTR FM NORMAL     0    [PRESSURE DATA]
TOTAL FM JAN 1   412    HIGHEST SLP M ON M
DPTR FM NORMAL   -88    LOWEST  SLP 29.53 ON 11

[REMARKS]
