000
CXUS53 KDDC 241200
CF6GCK
PRELIMINARY LOCAL CLIMATOLOGICAL DATA (WS FORM: F-6)

                                          STATION:   GARDEN CITY REGIONAL ARPT KS
                                          MONTH:     FEBRUARY
                                          YEAR:      2018
                                          LATITUDE:   37 55 N
                                          LONGITUDE: 100 43 W

  TEMPERATURE IN F:       :PCPN:    SNOW:  WIND      :SUNSHINE: SKY     :PK WND
================================================================================
1   2   3   4   5  6A  6B    7    8   9   10  11  12  13   14  15   16   17  18
                                     12Z  AVG MX 2MIN
DY MAX MIN AVG DEP HDD CDD  WTR  SNW DPTH SPD SPD DIR MIN PSBL S-S WX    SPD DR
================================================================================

 1  36  15  26  -6  39   0 0.00  0.0    0  9.9 16  30   M    M   7        20 360
 2  52  12  32   0  33   0 0.00  0.0    0 15.6 35 210   M    M   0        46 210
 3  66  23  45  13  20   0    T    M    M  9.6 30  10   M    M   3        39  10
 4  38  11  25  -7  40   0    T    M    M 15.0 32  30   M    M   5 1      42  30
 5  60  11  36   4  29   0 0.00    M    M 20.1 37  10   M    M   1        46  10
 6  22   6  14 -19  51   0 0.00  0.0    0  8.2 17 130   M    M   7        22 130
 7  43   3  23 -10  42   0 0.00    M    M  8.8 17 180   M    M   0        22 150
 8  65  16  41   8  24   0 0.00    M    M  9.3 23 210   M    M   0        28 200
 9  38  12  25  -8  40   0    T    M    M 18.4 35  40   M    M   7 18     47  40
10  15   6  11 -23  54   0    T    M    M 13.8 21  20   M    M  10 18     25  10
11  40   3  22 -12  43   0    T    M    M  8.6 15 330   M    M   2 1      19 140
12  41  13  27  -7  38   0 0.00    M    M 17.7 31 140   M    M   1        42 150
13  63  21  42   8  23   0 0.00    M    M 13.7 25 220   M    M   0        33 210
14  71  31  51  17  14   0 0.00    M    M  7.5 13 200   M    M   0        19 200
15  65  34  50  15  15   0 0.00    M    M 15.2 33  30   M    M   0        44  30
16  40  15  28  -7  37   0 0.00    M    M 13.5 30  10   M    M   2        43 360
17  56  24  40   5  25   0 0.00    M    M 14.1 35 360   M    M   0        49 360
18  77  31  54  18  11   0 0.00  0.0    0 21.9 37 200   M    M   0        48 200
19  57  19  38   2  27   0 0.00    M    M 15.8 31  10   M    M   6        38  10
20  29   9  19 -17  46   0    T    M    M 17.2 29 350   M    M   4 16     37 350
21  25   7  16 -20  49   0 0.00  0.0    0  9.0 15  20   M    M   9        19  20
22  35  19  27 -10  38   0 0.00  0.0    0  9.3 20 140   M    M   9 1      29 140
23  30  26  28  -9  37   0 0.00  0.0    0 10.7 17 100   M    M  10 12     27  90
================================================================================
SM 1064  367       775   0    T      0.0 302.9          M       83
================================================================================
AV 46.3 16.0                              13.2 FASTST   M    M   4    MAX(MPH)
                                 MISC ---->  # 37  10               # 49  360
================================================================================
NOTES:
# LAST OF SEVERAL OCCURRENCES

COLUMN 17 PEAK WIND IN M.P.H.

PRELIMINARY LOCAL CLIMATOLOGICAL DATA (WS FORM: F-6) , PAGE 2

                                          STATION:  GARDEN CITY REGIONAL ARPT KS
                                          MONTH:    FEBRUARY
                                          YEAR:     2018
                                          LATITUDE:   37 55 N
                                          LONGITUDE: 100 43 W

[TEMPERATURE DATA]      [PRECIPITATION DATA]       SYMBOLS USED IN COLUMN 16

AVERAGE MONTHLY: 31.1   TOTAL FOR MONTH:      T    1 = FOG OR MIST
DPTR FM NORMAL:  -3.0   DPTR FM NORMAL:   -0.43    2 = FOG REDUCING VISIBILITY
HIGHEST:    77 ON 18    GRTST 24HR    T  ON 20-20      TO 1/4 MILE OR LESS
LOWEST:      3 ON 11, 7                            3 = THUNDER
                        SNOW, ICE PELLETS, HAIL    4 = ICE PELLETS
                        TOTAL MONTH:   0.0 INCH    5 = HAIL
                        GRTST 24HR     0.0         6 = FREEZING RAIN OR DRIZZLE
                        GRTST DEPTH:   0           7 = DUSTSTORM OR SANDSTORM:
                                                       VSBY 1/2 MILE OR LESS
                                                   8 = SMOKE OR HAZE
[NO. OF DAYS WITH]      [WEATHER - DAYS WITH]      9 = BLOWING SNOW
                                                   X = TORNADO
MAX 32 OR BELOW:   5    0.01 INCH OR MORE:   0
MAX 90 OR ABOVE:   0    0.10 INCH OR MORE:   0
MIN 32 OR BELOW:  22    0.50 INCH OR MORE:   0
MIN  0 OR BELOW:   0    1.00 INCH OR MORE:   0

[HDD (BASE 65) ]
TOTAL THIS MO.   775    CLEAR  (SCALE 0-3)  13
DPTR FM NORMAL    64    PTCLDY (SCALE 4-7)   6
TOTAL FM JUL 1  3756    CLOUDY (SCALE 8-10)  4
DPTR FM NORMAL  -135

[CDD (BASE 65) ]
TOTAL THIS MO.     0
DPTR FM NORMAL     0    [PRESSURE DATA]
TOTAL FM JAN 1     0    HIGHEST SLP M ON M
DPTR FM NORMAL     0    LOWEST  SLP 29.43 ON 18

[REMARKS]
