000
CXUS53 KDDC 201200
CF6GCK
PRELIMINARY LOCAL CLIMATOLOGICAL DATA (WS FORM: F-6)

                                          STATION:   GARDEN CITY REGIONAL ARPT KS
                                          MONTH:     OCTOBER
                                          YEAR:      2014
                                          LATITUDE:   37 55 N
                                          LONGITUDE: 100 43 W

  TEMPERATURE IN F:       :PCPN:    SNOW:  WIND      :SUNSHINE: SKY     :PK WND
================================================================================
1   2   3   4   5  6A  6B    7    8   9   10  11  12  13   14  15   16   17  18
                                     12Z  AVG MX 2MIN
DY MAX MIN AVG DEP HDD CDD  WTR  SNW DPTH SPD SPD DIR MIN PSBL S-S WX    SPD DR
================================================================================

 1  81  51  66   4   0   1    T    M    M  8.8 33 330   M    M   0        43 330
 2  68  44  56  -5   9   0 0.09    M    M 17.6 31 350   M    M   4 138    40  10
 3  61  39  50 -11  15   0 0.00    M    M 14.6 40 360   M    M   1 8      53 360
 4  77  36  57  -3   8   0 0.00    M    M  6.4 15 350   M    M   0 8      20 330
 5  78  42  60   0   5   0 0.00    M    M  7.9 35  30   M    M   1 8      42  30
 6  82  44  63   4   2   0 0.00    M    M  9.4 20 250   M    M   1        27 240
 7  85  45  65   6   0   0 0.00    M    M  8.8 17  40   M    M   0 8      21  50
 8  81  53  67   8   0   2 0.00    M    M 11.2 18 120   M    M   2        24 130
 9  64  51  58   0   7   0 0.73    M    M 13.1 25  50   M    M   6 13     30  50
10  52  41  47 -11  18   0 0.79    M    M 17.3 31  40   M    M  10 1      38  30
11  62  38  50  -7  15   0 0.00    M    M  7.0 15 190   M    M   2 1      19 170
12  65  45  55  -2  10   0 0.08  0.0    0 14.4 30 350   M    M   3 1      38 350
13  63  43  53  -4  12   0 0.05    M    M 23.7 40 350   M    M   3        50 360
14  70  35  53  -3  12   0 0.00    M    M  7.9 15 350   M    M   0 8      20 350
15  81  38  60   4   5   0 0.00    M    M 10.4 22 190   M    M   0        28 180
16  82  45  64   9   1   0    T    M    M 12.5 30  10   M    M   0        39  20
17  70  42  56   1   9   0 0.00    M    M  9.1 18  30   M    M   0 8      23  30
18  65  43  54  -1  11   0 0.00    M    M  8.5 18 150   M    M   0        22 150
19  76  45  61   7   4   0 0.00    M    M 11.0 25 210   M    M   0        31 210
================================================================================
SM 1363  820       143   3  1.74     0.0 219.6          M       33
================================================================================
AV 71.7 43.2                              11.6 FASTST   M    M   2    MAX(MPH)
                                 MISC ---->  # 40 360               # 53  360
================================================================================
NOTES:
# LAST OF SEVERAL OCCURRENCES

COLUMN 17 PEAK WIND IN M.P.H.

PRELIMINARY LOCAL CLIMATOLOGICAL DATA (WS FORM: F-6) , PAGE 2

                                          STATION:  GARDEN CITY REGIONAL ARPT KS
                                          MONTH:    OCTOBER
                                          YEAR:     2014
                                          LATITUDE:   37 55 N
                                          LONGITUDE: 100 43 W

[TEMPERATURE DATA]      [PRECIPITATION DATA]       SYMBOLS USED IN COLUMN 16

AVERAGE MONTHLY: 57.4   TOTAL FOR MONTH:   1.74    1 = FOG OR MIST
DPTR FM NORMAL:  -0.4   DPTR FM NORMAL:    0.87    2 = FOG REDUCING VISIBILITY
HIGHEST:    85 ON  7    GRTST 24HR  1.48 ON  9-10      TO 1/4 MILE OR LESS
LOWEST:     35 ON 14                               3 = THUNDER
                        SNOW, ICE PELLETS, HAIL    4 = ICE PELLETS
                        TOTAL MONTH:   0.0 INCH    5 = HAIL
                        GRTST 24HR     0.0         6 = FREEZING RAIN OR DRIZZLE
                        GRTST DEPTH:   0           7 = DUSTSTORM OR SANDSTORM:
                                                       VSBY 1/2 MILE OR LESS
                                                   8 = SMOKE OR HAZE
[NO. OF DAYS WITH]      [WEATHER - DAYS WITH]      9 = BLOWING SNOW
                                                   X = TORNADO
MAX 32 OR BELOW:   0    0.01 INCH OR MORE:   5
MAX 90 OR ABOVE:   0    0.10 INCH OR MORE:   2
MIN 32 OR BELOW:   0    0.50 INCH OR MORE:   2
MIN  0 OR BELOW:   0    1.00 INCH OR MORE:   0

[HDD (BASE 65) ]
TOTAL THIS MO.   143    CLEAR  (SCALE 0-3)  16
DPTR FM NORMAL   -13    PTCLDY (SCALE 4-7)   2
TOTAL FM JUL 1   209    CLOUDY (SCALE 8-10)  1
DPTR FM NORMAL   -19

[CDD (BASE 65) ]
TOTAL THIS MO.     3
DPTR FM NORMAL   -15    [PRESSURE DATA]
TOTAL FM JAN 1  1335    HIGHEST SLP M ON M
DPTR FM NORMAL    39    LOWEST  SLP 29.52 ON 12

[REMARKS]
