000
CXUS54 KMAF 221100
CF6GDP
PRELIMINARY LOCAL CLIMATOLOGICAL DATA (WS FORM: F-6)

                                          STATION:   Guadalupe Pass
                                          MONTH:     SEPTEMBER
                                          YEAR:      2014
                                          LATITUDE:   31 49 N
                                          LONGITUDE: 104 48 W

  TEMPERATURE IN F:       :PCPN:    SNOW:  WIND      :SUNSHINE: SKY     :PK WND
================================================================================
1   2   3   4   5  6A  6B    7    8   9   10  11  12  13   14  15   16   17  18
                                     12Z  AVG MX 2MIN
DY MAX MIN AVG DEP HDD CDD  WTR  SNW DPTH SPD SPD DIR MIN PSBL S-S WX    SPD DR
================================================================================

 1  97  69  83  10   0  18 0.00  0.0    0 14.5 29 260   M    M   0        35 240
 2  99  71  85  12   0  20 0.00  0.0    0 13.1 26  80   M    M   0        32  80
 3  91  67  79   6   0  14 0.00  0.0    0 13.3 37  80   M    M   0        44  80
 4  85  60  73   1   0   8 0.00  0.0    0 14.1 31  80   M    M   4        35  80
 5  78  62  70  -2   0   5 0.63  0.0    0 15.8 31  40   M    M   9 1      35  20
 6  70  58  64  -8   1   0 0.05  0.0    0 27.9 39  50   M    M   9 128    42  50
 7  66  56  61 -11   4   0 0.04  0.0    0 23.4 37  50   M    M  10 12     40  50
 8  83  60  72   0   0   7    T  0.0    0  9.9 22 240   M    M   5 12     29 240
 9  86  64  75   4   0  10 0.00  0.0    0 24.7 38 250   M    M   2        45 250
10  88  63  76   5   0  11 0.00  0.0    0 16.4 45 250   M    M   1        52 250
11  73  62  68  -3   0   3 0.17  0.0    0 24.2 37  50   M    M   8 12     41  60
12  62  46  54 -16  11   0 0.78    M    0 35.4 55  60   M    M   9 12     61  50
13  53  44  49 -21  16   0 0.01    M    0 30.8 53  50   M    M  10 12     58  60
14  63  52  58 -12   7   0 0.01  0.0    0 12.8 24  40   M    M   9 12     26  70
15  70  56  63  -7   2   0    T  0.0    0 15.6 28  50   M    M   6 12     30  60
16  72  61  67  -3   0   2 0.28  0.0    0 25.0 33  50   M    M   6 12     35  50
17  81  61  71   2   0   6 0.60  0.0    0 15.9 32  40   M    M   4 128    34  40
18  74  59  67  -2   0   2 1.32  0.0    0 16.6 41 230   M    M   8 12     47 230
19  78  62  70   1   0   5 0.88  0.0    0 12.9 28 250   M    M   7 12     33 260
20  75  62  69   1   0   4    T  0.0    0 15.1 24  40   M    M   5 12      M  M
21  75  60  68   0   0   3 0.70  0.0    0 21.4 30  60   M    M   7 12     40  40
================================================================================
SM 1619 1255        41 118  5.47     0.0 398.8          M      119
================================================================================
AV 77.1 59.8                              19.0 FASTST   M    M   6    MAX(MPH)
                                 MISC ---->  # 55  60               # 61   50
================================================================================
NOTES:
# LAST OF SEVERAL OCCURRENCES

COLUMN 17 PEAK WIND IN M.P.H.

PRELIMINARY LOCAL CLIMATOLOGICAL DATA (WS FORM: F-6) , PAGE 2

                                          STATION:  Guadalupe Pass
                                          MONTH:    SEPTEMBER
                                          YEAR:     2014
                                          LATITUDE:   31 49 N
                                          LONGITUDE: 104 48 W

[TEMPERATURE DATA]      [PRECIPITATION DATA]       SYMBOLS USED IN COLUMN 16

AVERAGE MONTHLY: 68.4   TOTAL FOR MONTH:   5.47    1 = FOG OR MIST
DPTR FM NORMAL:  -2.3   DPTR FM NORMAL:    4.07    2 = FOG REDUCING VISIBILITY
HIGHEST:    99 ON  2    GRTST 24HR  1.91 ON 17-18      TO 1/4 MILE OR LESS
LOWEST:     44 ON 13                               3 = THUNDER
                        SNOW, ICE PELLETS, HAIL    4 = ICE PELLETS
                        TOTAL MONTH:   0.0 INCH    5 = HAIL
                        GRTST 24HR     0.0         6 = FREEZING RAIN OR DRIZZLE
                        GRTST DEPTH:   0           7 = DUSTSTORM OR SANDSTORM:
                                                       VSBY 1/2 MILE OR LESS
                                                   8 = SMOKE OR HAZE
[NO. OF DAYS WITH]      [WEATHER - DAYS WITH]      9 = BLOWING SNOW
                                                   X = TORNADO
MAX 32 OR BELOW:   0    0.01 INCH OR MORE:  12
MAX 90 OR ABOVE:   3    0.10 INCH OR MORE:   8
MIN 32 OR BELOW:   0    0.50 INCH OR MORE:   6
MIN  0 OR BELOW:   0    1.00 INCH OR MORE:   1

[HDD (BASE 65) ]
TOTAL THIS MO.    41    CLEAR  (SCALE 0-3)   5
DPTR FM NORMAL    30    PTCLDY (SCALE 4-7)  10
TOTAL FM JUL 1    43    CLOUDY (SCALE 8-10)  6
DPTR FM NORMAL    29

[CDD (BASE 65) ]
TOTAL THIS MO.   118
DPTR FM NORMAL   -14    [PRESSURE DATA]
TOTAL FM JAN 1  1545    HIGHEST SLP M ON M
DPTR FM NORMAL   184    LOWEST  SLP 29.67 ON  1

[REMARKS]
