000
CXUS51 KPHI 280800
CF6GED
PRELIMINARY LOCAL CLIMATOLOGICAL DATA (WS FORM: F-6)

                                          STATION:   GEORGETOWN DE
                                          MONTH:     JUNE
                                          YEAR:      2017
                                          LATITUDE:   38 41 N
                                          LONGITUDE:  75 22 W

  TEMPERATURE IN F:       :PCPN:    SNOW:  WIND      :SUNSHINE: SKY     :PK WND
================================================================================
1   2   3   4   5  6A  6B    7    8   9   10  11  12  13   14  15   16   17  18
                                     12Z  AVG MX 2MIN
DY MAX MIN AVG DEP HDD CDD  WTR  SNW DPTH SPD SPD DIR MIN PSBL S-S WX    SPD DR
================================================================================

 1  84  61  73   5   0   8 0.00    M    M  5.5 15 280   M    M   2 12     24 290
 2  82  59  71   2   0   6 0.00    M    M  4.3 17 300   M    M   2        27 270
 3  79  53  66  -3   0   1 0.00    M    M  3.6 17  30   M    M   2        23  30
 4  87  53  70   1   0   5 0.00    M    M  7.9 16 200   M    M   0 1      21 200
 5  75  63  69  -1   0   4 0.19    M    M  6.6 14 210   M    M   6 1      21 230
 6  75  59  67  -3   0   2 0.02    M    M  6.6 17  80   M    M   8 12     20  70
 7  67  52  60 -10   5   0 0.00    M    M  7.9 17  40   M    M   7 18     22  20
 8  67  49  58 -13   7   0 0.00    M    M  5.5 16  60   M    M   0        20  60
 9  83  48  66  -5   0   1 0.00    M    M  5.9 15 260   M    M   1        23 290
10  88  61  75   4   0  10 0.00    M    M  7.9 18 210   M    M   0        22 240
11  94  66  80   8   0  15 0.00    M    M  6.4 16 230   M    M   0        23 250
12  95  73  84  12   0  19 0.00    M    M  5.1 13 240   M    M   1 8      18 220
13  95  73  84  12   0  19 0.00    M    M  7.6 16 220   M    M   1        21 240
14  85  64  75   3   0  10 0.00    M    M  9.4 22  50   M    M   1        28  40
15  80  60  70  -3   0   5 0.00    M    M  8.1 17 130   M    M   5        22 130
16  88  68  78   5   0  13 0.00    M    M  4.2 14  50   M    M   6 1      18  60
17  93  72  83  10   0  18 0.00    M    M  9.0 20 210   M    M   5 18     25 180
18  92  75  84  10   0  19 0.00    M    M 12.0 23 190   M    M   4        31 190
19  93  72  83   9   0  18 1.29    M    M 14.5 30 210   M    M   3 13     43 260
20  84  70  77   3   0  12 0.02    M    M  7.2 14 200   M    M   3        17 290
21  91  70  81   7   0  16 0.06    M    M  9.0 16 220   M    M   3 13     24 260
22  89  71  80   6   0  15 0.00    M    M  3.5 12 230   M    M   2 12     15 240
23  89  73  81   6   0  16 0.14    M    M 12.5 24 230   M    M   2 1      32 240
24  88  69  79   4   0  14 0.05    M    M 10.6 26 210   M    M   2 1      36 210
25  87  65  76   1   0  11    T    M    M  3.0 12 290   M    M   3        17 290
26  84  66  75   0   0  10 0.00    M    M  4.9 14 220   M    M   3        21 230
27  83  64  74  -1   0   9 0.04    M    M  4.9 13 220   M    M   2 3      21 290
================================================================================
SM 2297 1729        12 276  1.81    M    193.6          M       74
================================================================================
AV 85.1 64.0                               7.2 FASTST   M    M   3    MAX(MPH)
                                 MISC ---->  # 30 210               # 43  260
================================================================================
NOTES:
# LAST OF SEVERAL OCCURRENCES

COLUMN 17 PEAK WIND IN M.P.H.

PRELIMINARY LOCAL CLIMATOLOGICAL DATA (WS FORM: F-6) , PAGE 2

                                          STATION:  GEORGETOWN DE
                                          MONTH:    JUNE
                                          YEAR:     2017
                                          LATITUDE:   38 41 N
                                          LONGITUDE:  75 22 W

[TEMPERATURE DATA]      [PRECIPITATION DATA]       SYMBOLS USED IN COLUMN 16

AVERAGE MONTHLY: 74.6   TOTAL FOR MONTH:   1.81    1 = FOG OR MIST
DPTR FM NORMAL:   2.3   DPTR FM NORMAL:   -2.32    2 = FOG REDUCING VISIBILITY
HIGHEST:    95 ON 13,12 GRTST 24HR  1.29 ON 19-19      TO 1/4 MILE OR LESS
LOWEST:     48 ON  9                               3 = THUNDER
                        SNOW, ICE PELLETS, HAIL    4 = ICE PELLETS
                        TOTAL MONTH:    M          5 = HAIL
                        GRTST 24HR    M  ON   M    6 = FREEZING RAIN OR DRIZZLE
                        GRTST DEPTH:  M  ON   M    7 = DUSTSTORM OR SANDSTORM:
                                                       VSBY 1/2 MILE OR LESS
                                                   8 = SMOKE OR HAZE
[NO. OF DAYS WITH]      [WEATHER - DAYS WITH]      9 = BLOWING SNOW
                                                   X = TORNADO
MAX 32 OR BELOW:   0    0.01 INCH OR MORE:   8
MAX 90 OR ABOVE:   7    0.10 INCH OR MORE:   3
MIN 32 OR BELOW:   0    0.50 INCH OR MORE:   1
MIN  0 OR BELOW:   0    1.00 INCH OR MORE:   1

[HDD (BASE 65) ]
TOTAL THIS MO.    12    CLEAR  (SCALE 0-3)  19
DPTR FM NORMAL     2    PTCLDY (SCALE 4-7)   7
TOTAL FM JUL 1  3590    CLOUDY (SCALE 8-10)  1
DPTR FM NORMAL  -813

[CDD (BASE 65) ]
TOTAL THIS MO.   276
DPTR FM NORMAL    69    [PRESSURE DATA]
TOTAL FM JAN 1   422    HIGHEST SLP M ON M
DPTR FM NORMAL   121    LOWEST  SLP 29.57 ON 24

[REMARKS]
