000
CXUS51 KPHI 260800
CF6GED
PRELIMINARY LOCAL CLIMATOLOGICAL DATA (WS FORM: F-6)

                                          STATION:   GEORGETOWN DE
                                          MONTH:     MARCH
                                          YEAR:      2017
                                          LATITUDE:   38 41 N
                                          LONGITUDE:  75 22 W

  TEMPERATURE IN F:       :PCPN:    SNOW:  WIND      :SUNSHINE: SKY     :PK WND
================================================================================
1   2   3   4   5  6A  6B    7    8   9   10  11  12  13   14  15   16   17  18
                                     12Z  AVG MX 2MIN
DY MAX MIN AVG DEP HDD CDD  WTR  SNW DPTH SPD SPD DIR MIN PSBL S-S WX    SPD DR
================================================================================

 1  79  57  68  28   0   3 0.07    M    M 17.1 38 230   M    M   5 1      50 220
 2  62  41  52  11  13   0 0.00    M    M 14.1 26 280   M    M   1        40 300
 3  45  32  39  -2  26   0 0.00    M    M  9.9 22 280   M    M   3        32 300
 4  41  21  31 -10  34   0 0.00    M    M  8.1 21 290   M    M   2        30 300
 5  40  19  30 -11  35   0 0.00    M    M  6.5 14 360   M    M   0        22 360
 6  57  21  39  -3  26   0 0.00    M    M  6.0 15 170   M    M   3        19 160
 7  71  46  59  17   6   0    T    M    M 13.7 30 210   M    M   6        43 220
 8  63  45  54  12  11   0 0.10    M    M 12.1 28 210   M    M   5        36 210
 9  70  42  56  14   9   0 0.00    M    M  9.8 23 230   M    M   0        34 230
10  54  31  43   0  22   0 0.03    M    M  9.2 23 310   M    M   5 18     34 320
11  37  24  31 -12  34   0 0.00    M    M  9.5 21 290   M    M   1        33 300
12  39  22  31 -12  34   0 0.00    M    M  5.7 18 270   M    M   0        35 280
13  39  22  31 -13  34   0 0.25    M    M  8.7 21  40   M    M   4 1      26  30
14  46  30  38  -6  27   0 2.45    M    M 16.2 30  20   M    M  10 1      46  10
15  32  23  28 -16  37   0    T    M    M 15.7 28 280   M    M   5        42 280
16  42  27  35 -10  30   0 0.00    M    M 10.2 22 280   M    M   0        32 290
17  50  25  38  -7  27   0 0.00    M    M  6.5 20 230   M    M   2        27 220
18  55  41  48   3  17   0 0.05    M    M  7.7 18  30   M    M   9 1      24  60
19  52  36  44  -2  21   0 0.40    M    M 10.5 22  40   M    M   6 1      30  30
20  56  34  45  -1  20   0 0.00    M    M  5.8 13 270   M    M   2        21 290
21  60  45  53   7  12   0    T    M    M  3.2 10 290   M    M   6        15 260
22  53  30  42  -4  23   0 0.00    M    M  9.8 26 360   M    M   3        40 360
23  46  26  36 -11  29   0 0.00    M    M  6.5 15  10   M    M   0        23 360
24  63  29  46  -1  19   0 0.00    M    M 11.1 28 220   M    M   1        36 220
25  78  46  62  15   3   0 0.00    M    M  9.6 22  60   M    M   1        27  60
================================================================================
SM 1330  815       549   3  3.35    M    243.2          M       80
================================================================================
AV 53.2 32.6                               9.7 FASTST   M    M   3    MAX(MPH)
                                 MISC ---->  # 38 230               # 50  220
================================================================================
NOTES:
# LAST OF SEVERAL OCCURRENCES

COLUMN 17 PEAK WIND IN M.P.H.

PRELIMINARY LOCAL CLIMATOLOGICAL DATA (WS FORM: F-6) , PAGE 2

                                          STATION:  GEORGETOWN DE
                                          MONTH:    MARCH
                                          YEAR:     2017
                                          LATITUDE:   38 41 N
                                          LONGITUDE:  75 22 W

[TEMPERATURE DATA]      [PRECIPITATION DATA]       SYMBOLS USED IN COLUMN 16

AVERAGE MONTHLY: 42.9   TOTAL FOR MONTH:   3.35    1 = FOG OR MIST
DPTR FM NORMAL:  -0.8   DPTR FM NORMAL:    0.22    2 = FOG REDUCING VISIBILITY
HIGHEST:    79 ON  1    GRTST 24HR  2.45 ON 14-14      TO 1/4 MILE OR LESS
LOWEST:     19 ON  5                               3 = THUNDER
                        SNOW, ICE PELLETS, HAIL    4 = ICE PELLETS
                        TOTAL MONTH:    M          5 = HAIL
                        GRTST 24HR    M  ON   M    6 = FREEZING RAIN OR DRIZZLE
                        GRTST DEPTH:  M  ON   M    7 = DUSTSTORM OR SANDSTORM:
                                                       VSBY 1/2 MILE OR LESS
                                                   8 = SMOKE OR HAZE
[NO. OF DAYS WITH]      [WEATHER - DAYS WITH]      9 = BLOWING SNOW
                                                   X = TORNADO
MAX 32 OR BELOW:   1    0.01 INCH OR MORE:   7
MAX 90 OR ABOVE:   0    0.10 INCH OR MORE:   4
MIN 32 OR BELOW:  15    0.50 INCH OR MORE:   1
MIN  0 OR BELOW:   0    1.00 INCH OR MORE:   1

[HDD (BASE 65) ]
TOTAL THIS MO.   549    CLEAR  (SCALE 0-3)  15
DPTR FM NORMAL    16    PTCLDY (SCALE 4-7)   8
TOTAL FM JUL 1  3234    CLOUDY (SCALE 8-10)  2
DPTR FM NORMAL  -579

[CDD (BASE 65) ]
TOTAL THIS MO.     3
DPTR FM NORMAL     3    [PRESSURE DATA]
TOTAL FM JAN 1     3    HIGHEST SLP M ON M
DPTR FM NORMAL     3    LOWEST  SLP 29.09 ON 14

[REMARKS]
