000
CXUS55 KALY 220710
CF6GFL
PRELIMINARY LOCAL CLIMATOLOGICAL DATA (WS FORM: F-6)

                                          STATION:   GLENS FALLS NY
                                          MONTH:     FEBRUARY
                                          YEAR:      2018
                                          LATITUDE:   43 20 N
                                          LONGITUDE:  73 37 W

  TEMPERATURE IN F:       :PCPN:    SNOW:  WIND      :SUNSHINE: SKY     :PK WND
================================================================================
1   2   3   4   5  6A  6B    7    8   9   10  11  12  13   14  15   16   17  18
                                     12Z  AVG MX 2MIN
DY MAX MIN AVG DEP HDD CDD  WTR  SNW DPTH SPD SPD DIR MIN PSBL S-S WX    SPD DR
================================================================================

 1  37  26  32  14  33   0    T    M    M  5.9 17 200   M    M   7 18     22 190
 2  33   2  18   0  47   0 0.02    M    M 11.4 24 360   M    M   5 1      32 320
 3  24  -2  11  -8  54   0 0.00    M    M  5.2 17 230   M    M   6 18     24 210
 4  31  20  26   7  39   0 0.67    M    M  6.4 20 190   M    M  10 128    27 180
 5  33   3  18  -1  47   0    T    M    M  6.3 16 360   M    M   4 18     20 360
 6  28   4  16  -3  49   0 0.00    M    M  5.4 14 210   M    M   6 8      21 190
 7  21   0  11  -8  54   0 0.70    M    M  3.2 15 340   M    M   7 12     19 350
 8  23   2  13  -7  52   0    T    M    M  3.8 15 330   M    M   3 18     19 320
 9  20  -7   7 -13  58   0 0.05    M    M  3.0 14 200   M    M   7 18     17 190
10  38  19  29   9  36   0 0.02    M    M  2.8 15  50   M    M  10 12     17  40
11  31  25  28   8  37   0 0.02    M    M  3.6 12  70   M    M  10 126    13  70
12  39  21  30  10  35   0 0.00    M    M  9.1 23 300   M    M   2 12     27 290
13  26  -1  13  -8  52   0 0.00    M    M  2.4 14 310   M    M   0        17 310
14  39  12  26   5  39   0 0.00    M    M  3.1 13 210   M    M   8        15 220
15  47  17  32  11  33   0    T    M    M  0.7  7 150   M    M   5 128    10 210
16  44  25  35  13  30   0 0.04    M    M  5.2 21 340   M    M   8 12     29 340
17  33   5  19  -3  46   0 0.01    M    M  5.1 21 190   M    M   3 18     29 190
18  39  17  28   6  37   0 0.04    M    M  2.3 12 300   M    M   8 128    15 300
19  42  12  27   5  38   0 0.07    M    M  6.4 21 190   M    M   4 1      30 190
20  52  35  44  21  21   0 0.04    M    M  5.6 13 200   M    M   8 128    18 200
21  66  33  50  27  15   0 0.00    M    M  7.9 24 290   M    M   7 12     29 290
================================================================================
SM  746  268       852   0  1.68    M    104.8          M      128
================================================================================
AV 35.5 12.8                               5.0 FASTST   M    M   6    MAX(MPH)
                                 MISC ---->  # 24 360               # 32  320
================================================================================
NOTES:
# LAST OF SEVERAL OCCURRENCES

COLUMN 17 PEAK WIND IN M.P.H.

PRELIMINARY LOCAL CLIMATOLOGICAL DATA (WS FORM: F-6) , PAGE 2

                                          STATION:  GLENS FALLS NY
                                          MONTH:    FEBRUARY
                                          YEAR:     2018
                                          LATITUDE:   43 20 N
                                          LONGITUDE:  73 37 W

[TEMPERATURE DATA]      [PRECIPITATION DATA]       SYMBOLS USED IN COLUMN 16

AVERAGE MONTHLY: 24.1   TOTAL FOR MONTH:   1.68    1 = FOG OR MIST
DPTR FM NORMAL:   3.8   DPTR FM NORMAL:    0.15    2 = FOG REDUCING VISIBILITY
HIGHEST:    66 ON 21    GRTST 24HR  0.70 ON  7- 7      TO 1/4 MILE OR LESS
LOWEST:     -7 ON  9                               3 = THUNDER
                        SNOW, ICE PELLETS, HAIL    4 = ICE PELLETS
                        TOTAL MONTH:    M          5 = HAIL
                        GRTST 24HR    M  ON   M    6 = FREEZING RAIN OR DRIZZLE
                        GRTST DEPTH:  M  ON   M    7 = DUSTSTORM OR SANDSTORM:
                                                       VSBY 1/2 MILE OR LESS
                                                   8 = SMOKE OR HAZE
[NO. OF DAYS WITH]      [WEATHER - DAYS WITH]      9 = BLOWING SNOW
                                                   X = TORNADO
MAX 32 OR BELOW:   8    0.01 INCH OR MORE:  11
MAX 90 OR ABOVE:   0    0.10 INCH OR MORE:   2
MIN 32 OR BELOW:  19    0.50 INCH OR MORE:   2
MIN  0 OR BELOW:   4    1.00 INCH OR MORE:   0

[HDD (BASE 65) ]
TOTAL THIS MO.   852    CLEAR  (SCALE 0-3)   4
DPTR FM NORMAL   -85    PTCLDY (SCALE 4-7)  13
TOTAL FM JUL 1  5081    CLOUDY (SCALE 8-10)  4
DPTR FM NORMAL  -252

[CDD (BASE 65) ]
TOTAL THIS MO.     0
DPTR FM NORMAL     0    [PRESSURE DATA]
TOTAL FM JAN 1     0    HIGHEST SLP M ON M
DPTR FM NORMAL     0    LOWEST  SLP 29.57 ON 16

[REMARKS]
