000
CXUS55 KALY 290710
CF6GFL
PRELIMINARY LOCAL CLIMATOLOGICAL DATA (WS FORM: F-6)

                                          STATION:   GLENS FALLS NY
                                          MONTH:     AUGUST
                                          YEAR:      2016
                                          LATITUDE:   43 20 N
                                          LONGITUDE:  73 37 W

  TEMPERATURE IN F:       :PCPN:    SNOW:  WIND      :SUNSHINE: SKY     :PK WND
================================================================================
1   2   3   4   5  6A  6B    7    8   9   10  11  12  13   14  15   16   17  18
                                     12Z  AVG MX 2MIN
DY MAX MIN AVG DEP HDD CDD  WTR  SNW DPTH SPD SPD DIR MIN PSBL S-S WX    SPD DR
================================================================================

 1  79  66  73   4   0   8 0.45    M    M  4.3 13  20   M    M   9 13     15  20
 2  76  60  68  -1   0   3 0.63    M    M  3.4 10  30   M    M   6 1238   14  20
 3  82  58  70   1   0   5 0.00    M    M  3.1 12 210   M    M   2 1      14 160
 4  83  57  70   1   0   5 0.00    M    M  4.0 14 160   M    M   0 128    19 160
 5  86  60  73   5   0   8 0.00    M    M  7.4 16 200   M    M   0 1      23 160
 6  89  66  78  10   0  13 0.01    M    M  7.1 16 240   M    M   4        24 210
 7  84  58  71   3   0   6 0.00    M    M  4.4 15 330   M    M   4 1      20 350
 8  83  55  69   1   0   4 0.00    M    M  2.3 12 170   M    M   1 12     14 160
 9  85  54  70   2   0   5 0.00    M    M  2.9 13 180   M    M   0 12     17 220
10  82  63  73   5   0   8 0.24    M    M  3.0 10 150   M    M   8 12     13 180
11  90  67  79  11   0  14 0.00    M    M  4.9 16 170   M    M   5 12     20 170
12  92  73  83  15   0  18 0.01    M    M  7.4 23 220   M    M   3 138    31 220
13  88  72  80  12   0  15    M    M    M   M   M   M   M    M   8 13      M  M
14  88  68  78  10   0  13 0.00    M    M  7.0 14 240   M    M   2 1      18 240
15  78  63  71   4   0   6 0.00    M    M  3.0 12 350   M    M   0 18     16 350
16  79  60  70   3   0   5 0.19    M    M  3.1 17 190   M    M   6 1      24 200
17  79  62  71   4   0   6 0.00    M    M  5.9 21 300   M    M   5 1      27 300
18  82  60  71   4   0   6 0.20    M    M  3.0 22  20   M    M   4 1238   28 320
19  82  59  71   4   0   6 0.00    M    M  3.5 10  90   M    M   1 12     13  90
20  86  55  71   4   0   6 0.00    M    M  3.5 14 200   M    M   0 1      17 190
21  84  65  75   9   0  10 0.34    M    M  5.8 17 170   M    M   8 1      26 160
22  72  50  61  -5   4   0 0.00    M    M  7.7 21 320   M    M   2 12     27 300
23  79  47  63  -3   2   0 0.00    M    M  4.3 14 200   M    M   1 1      19 200
24  82  54  68   2   0   3 0.00    M    M  4.3 15 160   M    M   0 1      19 160
25  77  61  69   3   0   4    T  0.0    M  5.0 15 210   M    M   6 12     19 210
26  88  61  75  10   0  10 0.07    M    M  4.6 13 340   M    M   4 1      16 350
27  85  58  72   7   0   7 0.00    M    M  1.1  7 130   M    M   1 1      10  50
28  86  59  73   8   0   8 0.00    M    M  5.8 16 160   M    M   2 1      20 180
================================================================================
SM 2326 1691         6 202  2.14     0.0 121.7          M       92
================================================================================
AV 83.1 60.4                               4.5 FASTST   M    M   3    MAX(MPH)
                                 MISC ---->  # 23 220               # 31  220
================================================================================
NOTES:
# LAST OF SEVERAL OCCURRENCES

COLUMN 17 PEAK WIND IN M.P.H.

PRELIMINARY LOCAL CLIMATOLOGICAL DATA (WS FORM: F-6) , PAGE 2

                                          STATION:  GLENS FALLS NY
                                          MONTH:    AUGUST
                                          YEAR:     2016
                                          LATITUDE:   43 20 N
                                          LONGITUDE:  73 37 W

[TEMPERATURE DATA]      [PRECIPITATION DATA]       SYMBOLS USED IN COLUMN 16

AVERAGE MONTHLY: 71.7   TOTAL FOR MONTH:   2.14    1 = FOG OR MIST
DPTR FM NORMAL:   4.5   DPTR FM NORMAL:   -1.24    2 = FOG REDUCING VISIBILITY
HIGHEST:    92 ON 12    GRTST 24HR  1.05 ON  1- 2      TO 1/4 MILE OR LESS
LOWEST:     47 ON 23                               3 = THUNDER
                        SNOW, ICE PELLETS, HAIL    4 = ICE PELLETS
                        TOTAL MONTH:   0.0 INCH    5 = HAIL
                        GRTST 24HR     0.0         6 = FREEZING RAIN OR DRIZZLE
                        GRTST DEPTH:  M  ON   M    7 = DUSTSTORM OR SANDSTORM:
                                                       VSBY 1/2 MILE OR LESS
                                                   8 = SMOKE OR HAZE
[NO. OF DAYS WITH]      [WEATHER - DAYS WITH]      9 = BLOWING SNOW
                                                   X = TORNADO
MAX 32 OR BELOW:   0    0.01 INCH OR MORE:   9
MAX 90 OR ABOVE:   2    0.10 INCH OR MORE:   6
MIN 32 OR BELOW:   0    0.50 INCH OR MORE:   1
MIN  0 OR BELOW:   0    1.00 INCH OR MORE:   0

[HDD (BASE 65) ]
TOTAL THIS MO.     6    CLEAR  (SCALE 0-3)  14
DPTR FM NORMAL   -30    PTCLDY (SCALE 4-7)  12
TOTAL FM JUL 1     6    CLOUDY (SCALE 8-10)  2
DPTR FM NORMAL   -51

[CDD (BASE 65) ]
TOTAL THIS MO.   202
DPTR FM NORMAL   104    [PRESSURE DATA]
TOTAL FM JAN 1   576    HIGHEST SLP M ON M
DPTR FM NORMAL   258    LOWEST  SLP 29.68 ON  6

[REMARKS]
