671
CXUS55 KALY 230710
CF6GFL
PRELIMINARY LOCAL CLIMATOLOGICAL DATA (WS FORM: F-6)

                                          STATION:   GLENS FALLS NY
                                          MONTH:     APRIL
                                          YEAR:      2017
                                          LATITUDE:   43 20 N
                                          LONGITUDE:  73 37 W

  TEMPERATURE IN F:       :PCPN:    SNOW:  WIND      :SUNSHINE: SKY     :PK WND
================================================================================
1   2   3   4   5  6A  6B    7    8   9   10  11  12  13   14  15   16   17  18
                                     12Z  AVG MX 2MIN
DY MAX MIN AVG DEP HDD CDD  WTR  SNW DPTH SPD SPD DIR MIN PSBL S-S WX    SPD DR
================================================================================

 1  42  33  38   0  27   0 0.09    M    M  7.6 14 340   M    M   9 1      18 340
 2  58  29  44   5  21   0 0.00    M    M  4.0 18 330   M    M   5 12     24 320
 3  58  26  42   3  23   0 0.00    M    M  3.1  9  40   M    M   1        11  60
 4  46  39  43   3  22   0 1.36    M    M  2.4 13 140   M    M   9 1      17 140
 5  52  40  46   6  19   0 0.00    M    M  5.0 12 150   M    M  10 1      15 190
 6  45  40  43   2  22   0 0.73    M    M  5.8 18  30   M    M  10 1      23  20
 7  44  37  41   0  24   0 0.05    M    M 10.5 26 290   M    M  10        35 300
 8  49  34  42   0  23   0 0.00    M    M 10.4 22 320   M    M   6        30 340
 9  68  25  47   5  18   0 0.00    M    M  4.1 15 140   M    M   0        20 140
10  79  38  59  17   6   0 0.00    M    M  7.1 18 200   M    M   0        25 160
11  85  44  65  22   0   0 0.04    M    M  5.8 29 300   M    M   3        43 280
12  60  47  54  11  11   0 0.01    M    M  7.3 22 290   M    M   7 1      30 300
13  61  31  46   2  19   0    T    M    M  8.7 23 330   M    M   4        30 340
14  62  28  45   1  20   0 0.00    M    M  2.7 14 100   M    M   0        19  60
15  71  28  50   5  15   0 0.02    M    M  6.7 20 220   M    M   3 1      26 220
16  85  49  67  22   0   2 0.01    M    M  9.3 25 260   M    M   2        38 270
17  68  44  56  11   9   0 0.00    M    M 10.3 21 290   M    M   4        27 300
18  55  32  44  -2  21   0 0.00    M    M  6.6 15  60   M    M   2        20  40
19  54  34  44  -2  21   0 0.09    M    M 10.7 24 200   M    M  10 1      32 190
20  58  45  52   5  13   0 0.06    M    M  5.8 14  30   M    M  10 18     19  10
21  52  45  49   2  16   0 0.50    M    M  2.2  9 310   M    M  10 1      11 300
22  55  40  48   1  17   0    T    M    0  5.1 16 320   M    M   9 1      21 360
================================================================================
SM 1307  808       367   2  2.96    M    141.2          M      124
================================================================================
AV 59.4 36.7                               6.4 FASTST   M    M   6    MAX(MPH)
                                 MISC ---->  # 29 300               # 43  280
================================================================================
NOTES:
# LAST OF SEVERAL OCCURRENCES

COLUMN 17 PEAK WIND IN M.P.H.

PRELIMINARY LOCAL CLIMATOLOGICAL DATA (WS FORM: F-6) , PAGE 2

                                          STATION:  GLENS FALLS NY
                                          MONTH:    APRIL
                                          YEAR:     2017
                                          LATITUDE:   43 20 N
                                          LONGITUDE:  73 37 W

[TEMPERATURE DATA]      [PRECIPITATION DATA]       SYMBOLS USED IN COLUMN 16

AVERAGE MONTHLY: 48.1   TOTAL FOR MONTH:   2.96    1 = FOG OR MIST
DPTR FM NORMAL:   5.1   DPTR FM NORMAL:    0.81    2 = FOG REDUCING VISIBILITY
HIGHEST:    85 ON 16,11 GRTST 24HR  1.36 ON  4- 4      TO 1/4 MILE OR LESS
LOWEST:     25 ON  9                               3 = THUNDER
                        SNOW, ICE PELLETS, HAIL    4 = ICE PELLETS
                        TOTAL MONTH:    M          5 = HAIL
                        GRTST 24HR    M  ON   M    6 = FREEZING RAIN OR DRIZZLE
                        GRTST DEPTH:   0           7 = DUSTSTORM OR SANDSTORM:
                                                       VSBY 1/2 MILE OR LESS
                                                   8 = SMOKE OR HAZE
[NO. OF DAYS WITH]      [WEATHER - DAYS WITH]      9 = BLOWING SNOW
                                                   X = TORNADO
MAX 32 OR BELOW:   0    0.01 INCH OR MORE:  11
MAX 90 OR ABOVE:   0    0.10 INCH OR MORE:   3
MIN 32 OR BELOW:   7    0.50 INCH OR MORE:   3
MIN  0 OR BELOW:   0    1.00 INCH OR MORE:   1

[HDD (BASE 65) ]
TOTAL THIS MO.   367    CLEAR  (SCALE 0-3)   8
DPTR FM NORMAL  -117    PTCLDY (SCALE 4-7)   5
TOTAL FM JUL 1  5957    CLOUDY (SCALE 8-10)  9
DPTR FM NORMAL -1190

[CDD (BASE 65) ]
TOTAL THIS MO.     2
DPTR FM NORMAL     2    [PRESSURE DATA]
TOTAL FM JAN 1     2    HIGHEST SLP M ON M
DPTR FM NORMAL     2    LOWEST  SLP 29.14 ON  6

[REMARKS]
