860
CXUS55 KGGW 300800
CF6GGW
PRELIMINARY LOCAL CLIMATOLOGICAL DATA (WS FORM: F-6)

                                          STATION:   GLASGOW MT
                                          MONTH:     MAY
                                          YEAR:      2016
                                          LATITUDE:   48 13 N
                                          LONGITUDE: 106 37 W

  TEMPERATURE IN F:       :PCPN:    SNOW:  WIND      :SUNSHINE: SKY     :PK WND
================================================================================
1   2   3   4   5  6A  6B    7    8   9   10  11  12  13   14  15   16   17  18
                                     12Z  AVG MX 2MIN
DY MAX MIN AVG DEP HDD CDD  WTR  SNW DPTH SPD SPD DIR MIN PSBL S-S WX    SPD DR
================================================================================

 1  67  34  51   1  14   0 0.00  0.0    0  5.0 13 280   M    M   0        19 260
 2  77  40  59   8   6   0 0.00  0.0    0  9.4 21 320   M    M   0 8      27 320
 3  81  40  61  10   4   0 0.00  0.0    0  5.5 12 300   M    M   0        14 330
 4  85  49  67  16   0   2 0.00  0.0    0 11.0 18 160   M    M   0        24 170
 5  87  51  69  17   0   4 0.00  0.0    0  9.6 25  10   M    M   0 8      33  10
 6  72  45  59   7   6   0 0.01  0.0    0 12.3 29  10   M    M   2 8      40  10
 7  73  41  57   5   8   0 0.00  0.0    0  5.9 15 170   M    M   0 8      20 190
 8  79  45  62   9   3   0 0.00  0.0    0 15.8 24 160   M    M   0 8      32 150
 9  67  44  56   3   9   0 1.31  0.0    0 19.6 36 340   M    M   4 1      44 350
10  50  41  46  -7  19   0 2.08  0.0    0 26.1 37 350   M    M  10 1      48 360
11  54  36  45  -9  20   0 0.03  0.0    0 20.1 35 330   M    M   8 1      44 340
12  53  32  43 -11  22   0 0.07  0.0    0  6.7 20 330   M    M   5 1      24 330
13  51  30  41 -13  24   0 0.00  0.0    0  9.1 21 330   M    M   4        26 340
14  59  32  46  -8  19   0 0.00  0.0    0  5.9 10 340   M    M   1        15 300
15  65  36  51  -4  14   0 0.00  0.0    0  4.5 13  40   M    M   0        17 150
16  71  41  56   1   9   0 0.00  0.0    0  8.1 18 130   M    M   0 8      25 130
17  74  44  59   4   6   0 0.00  0.0    0 13.2 23 170   M    M   0        33 150
18  79  46  63   7   2   0 0.00  0.0    0  8.0 18 130   M    M   1        21 130
19  82  51  67  11   0   2 0.00  0.0    0 12.7 22 160   M    M   2        28 150
20  80  53  67  11   0   2 0.00  0.0    0 16.7 28 110   M    M   1        38 110
21  84  48  66   9   0   1 0.32  0.0    0 19.5 41 250   M    M   2 13     58 240
22  71  47  59   2   6   0 0.00  0.0    0  8.9 29 260   M    M   2        36 260
23  63  45  54  -3  11   0 0.03  0.0    0 13.3 32 260   M    M   7        41 270
24  64  44  54  -4  11   0 0.00  0.0    0 10.0 18 260   M    M   6        23 290
25  67  42  55  -3  10   0 0.00  0.0    0  6.1 18 320   M    M   3        22 350
26  64  43  54  -4  11   0 0.23  0.0    0  9.6 21  50   M    M   8 18     25  50
27  70  47  59   1   6   0 0.00  0.0    0  7.1 21  70   M    M   5        26  60
28  67  49  58  -1   7   0 0.18  0.0    0  8.9 17 280   M    M   5 1      22 280
29  75  44  60   1   5   0 0.00  0.0    0  7.1 17 250   M    M   0        25 270
================================================================================
SM 2031 1240       252  11  4.26     0.0 315.7          M       76
================================================================================
AV 70.0 42.8                              10.9 FASTST   M    M   3    MAX(MPH)
                                 MISC ---->  # 41 250               # 58  240
================================================================================
NOTES:
# LAST OF SEVERAL OCCURRENCES

COLUMN 17 PEAK WIND IN M.P.H.

PRELIMINARY LOCAL CLIMATOLOGICAL DATA (WS FORM: F-6) , PAGE 2

                                          STATION:  GLASGOW MT
                                          MONTH:    MAY
                                          YEAR:     2016
                                          LATITUDE:   48 13 N
                                          LONGITUDE: 106 37 W

[TEMPERATURE DATA]      [PRECIPITATION DATA]       SYMBOLS USED IN COLUMN 16

AVERAGE MONTHLY: 56.4   TOTAL FOR MONTH:   4.26    1 = FOG OR MIST
DPTR FM NORMAL:   1.6   DPTR FM NORMAL:    2.51    2 = FOG REDUCING VISIBILITY
HIGHEST:    87 ON  5    GRTST 24HR  3.07 ON  9-10      TO 1/4 MILE OR LESS
LOWEST:     30 ON 13                               3 = THUNDER
                        SNOW, ICE PELLETS, HAIL    4 = ICE PELLETS
                        TOTAL MONTH:   0.0 INCH    5 = HAIL
                        GRTST 24HR     0.0         6 = FREEZING RAIN OR DRIZZLE
                        GRTST DEPTH:   0           7 = DUSTSTORM OR SANDSTORM:
                                                       VSBY 1/2 MILE OR LESS
                                                   8 = SMOKE OR HAZE
[NO. OF DAYS WITH]      [WEATHER - DAYS WITH]      9 = BLOWING SNOW
                                                   X = TORNADO
MAX 32 OR BELOW:   0    0.01 INCH OR MORE:   9
MAX 90 OR ABOVE:   0    0.10 INCH OR MORE:   5
MIN 32 OR BELOW:   3    0.50 INCH OR MORE:   2
MIN  0 OR BELOW:   0    1.00 INCH OR MORE:   2

[HDD (BASE 65) ]
TOTAL THIS MO.   252    CLEAR  (SCALE 0-3)  19
DPTR FM NORMAL   -59    PTCLDY (SCALE 4-7)   9
TOTAL FM JUL 1  7040    CLOUDY (SCALE 8-10)  1
DPTR FM NORMAL -1278

[CDD (BASE 65) ]
TOTAL THIS MO.    11
DPTR FM NORMAL     2    [PRESSURE DATA]
TOTAL FM JAN 1    11    HIGHEST SLP M ON M
DPTR FM NORMAL     1    LOWEST  SLP 29.45 ON 21

[REMARKS]
