000
CXUS55 KGJT 241000
CF6GJT
PRELIMINARY LOCAL CLIMATOLOGICAL DATA (WS FORM: F-6)

                                          STATION:   GRAND JUNCTION CO
                                          MONTH:     DECEMBER
                                          YEAR:      2014
                                          LATITUDE:   39  7 N
                                          LONGITUDE: 108 32 W

  TEMPERATURE IN F:       :PCPN:    SNOW:  WIND      :SUNSHINE: SKY     :PK WND
================================================================================
1   2   3   4   5  6A  6B    7    8   9   10  11  12  13   14  15   16   17  18
                                     12Z  AVG MX 2MIN
DY MAX MIN AVG DEP HDD CDD  WTR  SNW DPTH SPD SPD DIR MIN PSBL S-S WX    SPD DR
================================================================================

 1  55  28  42  10  23   0 0.00  0.0    0  4.8 13 130   M    M   3        15 300
 2  51  24  38   6  27   0 0.00  0.0    0  3.8 16 110   M    M   0        19 120
 3  47  34  41  10  24   0    T  0.0    0  4.1 10 330   M    M  10        11 140
 4  47  37  42  11  23   0 0.03  0.0    0  1.8  9 140   M    M   9        11 130
 5  53  35  44  13  21   0 0.02  0.0    0  3.4  8 100   M    M   5 1       9 120
 6  49  34  42  12  23   0 0.00  0.0    0  2.7 12 140   M    M   3        12 110
 7  52  26  39   9  26   0 0.00  0.0    0  4.1 10 110   M    M   3        14 270
 8  49  27  38   8  27   0 0.00  0.0    0  4.3 14  90   M    M   0        17 100
 9  51  19  35   5  30   0 0.00  0.0    0  4.9 13 160   M    M   0        16 130
10  49  18  34   5  31   0 0.00  0.0    0  4.6 17 140   M    M   0        19 140
11  48  18  33   4  32   0 0.00  0.0    0  3.0 12 100   M    M   0        15 110
12  52  23  38   9  27   0 0.00  0.0    0  3.6 18 120   M    M   0        22 120
13  47  32  40  11  25   0 0.31    T    0  6.9 22 340   M    M   9 1      27 320
14  40  31  36   8  29   0 0.03    T    0  7.5 14 330   M    M  10 1      17 330
15  41  23  32   4  33   0 0.00  0.0    0  1.7  8 360   M    M   2         9 350
16  42  27  35   7  30   0 0.00  0.0    0  3.5 17  70   M    M   7        20  70
17  38  30  34   6  31   0 0.03    T    0  2.5  9 330   M    M  10 1      12 340
18  39  29  34   6  31   0 0.10    T    0  5.1 10 350   M    M   9 1      12 350
19  39  27  33   5  32   0 0.03  0.5    0  3.5  8 130   M    M   6 1       9 130
20  39  27  33   5  32   0 0.00  0.0    0  3.9 15 130   M    M   7        18 120
21  35  31  33   6  32   0 0.04    T    0  1.9  8 130   M    M  10 1      10  30
22  42  31  37  10  28   0 0.17  0.2    0  6.1 28 320   M    M   8 158    40 340
23  38  21  30   3  35   0    T    T    0  3.9 23 360   M    M   5        25 340
================================================================================
SM 1043  632       652   0  0.76     0.7  91.6          M      116
================================================================================
AV 45.3 27.5                               4.0 FASTST   M    M   5    MAX(MPH)
                                 MISC ---->  # 28 320               # 40  340
================================================================================
NOTES:
# LAST OF SEVERAL OCCURRENCES

COLUMN 17 PEAK WIND IN M.P.H.

PRELIMINARY LOCAL CLIMATOLOGICAL DATA (WS FORM: F-6) , PAGE 2

                                          STATION:  GRAND JUNCTION CO
                                          MONTH:    DECEMBER
                                          YEAR:     2014
                                          LATITUDE:   39  7 N
                                          LONGITUDE: 108 32 W

[TEMPERATURE DATA]      [PRECIPITATION DATA]       SYMBOLS USED IN COLUMN 16

AVERAGE MONTHLY: 36.4   TOTAL FOR MONTH:   0.76    1 = FOG OR MIST
DPTR FM NORMAL:   7.3   DPTR FM NORMAL:    0.32    2 = FOG REDUCING VISIBILITY
HIGHEST:    55 ON  1    GRTST 24HR  0.34 ON 13-14      TO 1/4 MILE OR LESS
LOWEST:     18 ON 11,10                            3 = THUNDER
                        SNOW, ICE PELLETS, HAIL    4 = ICE PELLETS
                        TOTAL MONTH:   0.7 INCH    5 = HAIL
                        GRTST 24HR   0.5 ON 19-19  6 = FREEZING RAIN OR DRIZZLE
                        GRTST DEPTH:   0           7 = DUSTSTORM OR SANDSTORM:
                                                       VSBY 1/2 MILE OR LESS
                                                   8 = SMOKE OR HAZE
[NO. OF DAYS WITH]      [WEATHER - DAYS WITH]      9 = BLOWING SNOW
                                                   X = TORNADO
MAX 32 OR BELOW:   0    0.01 INCH OR MORE:   9
MAX 90 OR ABOVE:   0    0.10 INCH OR MORE:   3
MIN 32 OR BELOW:  19    0.50 INCH OR MORE:   0
MIN  0 OR BELOW:   0    1.00 INCH OR MORE:   0

[HDD (BASE 65) ]
TOTAL THIS MO.   652    CLEAR  (SCALE 0-3)   9
DPTR FM NORMAL  -174    PTCLDY (SCALE 4-7)   7
TOTAL FM JUL 1  1876    CLOUDY (SCALE 8-10)  7
DPTR FM NORMAL  -178

[CDD (BASE 65) ]
TOTAL THIS MO.     0
DPTR FM NORMAL     0    [PRESSURE DATA]
TOTAL FM JAN 1  1046    HIGHEST SLP M ON M
DPTR FM NORMAL   -79    LOWEST  SLP 29.61 ON 22

[REMARKS]
